--
--


SELECT pg_catalog.set_config('search_path', '', false);



--
-- Name: assets; Type: TABLE; Schema: public; Owner: wsp
--

CREATE TABLE public.assets (
    id bigint NOT NULL,
    user_id integer,
    original_filename character varying(255) NOT NULL,
    filename character varying(255) NOT NULL,
    created_at timestamp(0) without time zone,
    updated_at timestamp(0) without time zone
);


ALTER TABLE public.assets OWNER TO wsp;

--
-- Name: assets_id_seq; Type: SEQUENCE; Schema: public; Owner: wsp
--

CREATE SEQUENCE public.assets_id_seq
    START WITH 1
    INCREMENT BY 1
    NO MINVALUE
    NO MAXVALUE
    CACHE 1;


ALTER TABLE public.assets_id_seq OWNER TO wsp;

--
-- Name: assets_id_seq; Type: SEQUENCE OWNED BY; Schema: public; Owner: wsp
--

ALTER SEQUENCE public.assets_id_seq OWNED BY public.assets.id;


--
-- Name: audit01; Type: TABLE; Schema: public; Owner: wsp
--

CREATE TABLE public.audit01 (
    id bigint NOT NULL,
    audit_id bigint NOT NULL,
    audit01_umum_i integer,
    audit01_umum_i_comment text,
    audit01_umum_ii integer,
    audit01_umum_ii_comment text,
    audit01_umum_iii integer,
    audit01_umum_iii_comment text,
    audit01_umum_iv integer,
    audit01_umum_iv_comment text,
    audit01_modul1_1 integer,
    audit01_modul1_1_comment text,
    audit01_modul1_2 integer,
    audit01_modul1_2_comment text,
    audit01_modul1_3 integer,
    audit01_modul1_3_comment text,
    audit01_modul1_4 integer,
    audit01_modul1_4_comment text,
    audit01_modul1_5 integer,
    audit01_modul1_5_comment text,
    audit01_modul1_6 integer,
    audit01_modul1_6_comment text,
    audit01_modul1_7 integer,
    audit01_modul1_7_comment text,
    audit01_modul1_8 integer,
    audit01_modul1_8_comment text,
    audit01_modul1_9 integer,
    audit01_modul1_9_comment text,
    audit01_modul1_10 integer,
    audit01_modul1_10_comment text,
    audit01_modul1_11 integer,
    audit01_modul1_11_comment text,
    audit01_modul1_12 integer,
    audit01_modul1_12_comment text,
    audit01_modul1_13 integer,
    audit01_modul1_13_comment text,
    audit01_modul1_14 integer,
    audit01_modul1_14_comment text,
    audit01_modul1_15 integer,
    audit01_modul1_15_comment text,
    audit01_modul2_1 integer,
    audit01_modul2_1_comment text,
    audit01_modul2_2 integer,
    audit01_modul2_2_comment text,
    audit01_modul2_3 integer,
    audit01_modul2_3_comment text,
    audit01_modul2_4 integer,
    audit01_modul2_4_comment text,
    audit01_modul2_5 integer,
    audit01_modul2_5_comment text,
    audit01_modul2_6 integer,
    audit01_modul2_6_comment text,
    audit01_modul2_7 integer,
    audit01_modul2_7_comment text,
    audit01_modul2_8 integer,
    audit01_modul2_8_comment text,
    audit01_modul2_9 integer,
    audit01_modul2_9_comment text,
    audit01_modul3_1 integer,
    audit01_modul3_1_comment text,
    audit01_modul3_2 integer,
    audit01_modul3_2_comment text,
    audit01_modul3_3 integer,
    audit01_modul3_3_comment text,
    audit01_modul3_4 integer,
    audit01_modul3_4_comment text,
    audit01_modul3_5 integer,
    audit01_modul3_5_comment text,
    audit01_modul3_6 integer,
    audit01_modul3_6_comment text,
    audit01_modul3_7 integer,
    audit01_modul3_7_comment text,
    audit01_modul4_1 integer,
    audit01_modul4_1_comment text,
    audit01_modul4_2 integer,
    audit01_modul4_2_comment text,
    audit01_modul5_1 integer,
    audit01_modul5_1_comment text,
    audit01_modul5_2 integer,
    audit01_modul5_2_comment text,
    audit01_modul5_3 integer,
    audit01_modul5_3_comment text,
    audit01_modul5_4 integer,
    audit01_modul5_4_comment text,
    audit01_modul6_1 integer,
    audit01_modul6_1_comment text,
    audit01_modul6_2 integer,
    audit01_modul6_2_comment text,
    audit01_modul7_1 integer,
    audit01_modul7_1_comment text,
    audit01_modul7_2 integer,
    audit01_modul7_2_comment text,
    audit01_modul7_3 integer,
    audit01_modul7_3_comment text,
    audit01_modul7_4 integer,
    audit01_modul7_4_comment text,
    audit01_modul7_5 integer,
    audit01_modul7_5_comment text,
    audit01_modul7_6 integer,
    audit01_modul7_6_comment text,
    audit01_modul7_7 integer,
    audit01_modul7_7_comment text,
    audit01_modul8_1 integer,
    audit01_modul8_1_comment text,
    audit01_modul8_2 integer,
    audit01_modul8_2_comment text,
    audit01_modul8_3 integer,
    audit01_modul8_3_comment text,
    audit01_modul8_4 integer,
    audit01_modul8_4_comment text,
    audit01_modul8_5 integer,
    audit01_modul8_5_comment text,
    audit01_modul9_1 integer,
    audit01_modul9_1_comment text,
    audit01_modul9_2 integer,
    audit01_modul9_2_comment text,
    audit01_modul9_3 integer,
    audit01_modul9_3_comment text,
    audit01_modul9_4 integer,
    audit01_modul9_4_comment text,
    audit01_modul9_5 integer,
    audit01_modul9_5_comment text,
    audit01_modul9_6 integer,
    audit01_modul9_6_comment text,
    audit01_modul9_7 integer,
    audit01_modul9_7_comment text,
    audit01_modul9_8 integer,
    audit01_modul9_8_comment text,
    audit01_modul10_1 integer,
    audit01_modul10_1_comment text,
    audit01_modul10_2 integer,
    audit01_modul10_2_comment text,
    audit01_modul10_3 integer,
    audit01_modul10_3_comment text,
    audit01_modul10_4 integer,
    audit01_modul10_4_comment text,
    audit01_modul11_1 integer,
    audit01_modul11_1_comment text,
    audit01_modul11_2 integer,
    audit01_modul11_2_comment text,
    created_at timestamp(0) without time zone,
    updated_at timestamp(0) without time zone
);


ALTER TABLE public.audit01 OWNER TO wsp;

--
-- Name: audit01_id_seq; Type: SEQUENCE; Schema: public; Owner: wsp
--

CREATE SEQUENCE public.audit01_id_seq
    START WITH 1
    INCREMENT BY 1
    NO MINVALUE
    NO MAXVALUE
    CACHE 1;


ALTER TABLE public.audit01_id_seq OWNER TO wsp;

--
-- Name: audit01_id_seq; Type: SEQUENCE OWNED BY; Schema: public; Owner: wsp
--

ALTER SEQUENCE public.audit01_id_seq OWNED BY public.audit01.id;


--
-- Name: audit02; Type: TABLE; Schema: public; Owner: wsp
--

CREATE TABLE public.audit02 (
    id bigint NOT NULL,
    audit_id bigint NOT NULL,
    audit02_umum_i integer,
    audit02_umum_i_comment text,
    audit02_umum_ii integer,
    audit02_umum_ii_comment text,
    audit02_umum_iii integer,
    audit02_umum_iii_comment text,
    audit02_modul1_1a integer,
    audit02_modul1_1a_comment text,
    audit02_modul1_1b integer,
    audit02_modul1_1b_comment text,
    audit02_modul1_2a integer,
    audit02_modul1_2a_comment text,
    audit02_modul1_3a integer,
    audit02_modul1_3a_comment text,
    audit02_modul1_4a integer,
    audit02_modul1_4a_comment text,
    audit02_modul1_5a integer,
    audit02_modul1_5a_comment text,
    audit02_modul1_6a integer,
    audit02_modul1_6a_comment text,
    audit02_modul1_8a integer,
    audit02_modul1_8a_comment text,
    audit02_modul1_9a integer,
    audit02_modul1_9a_comment text,
    audit02_modul1_9b integer,
    audit02_modul1_9b_comment text,
    audit02_modul1_7c integer,
    audit02_modul1_7c_comment text,
    audit02_modul1_10a integer,
    audit02_modul1_10a_comment text,
    audit02_modul1_11 integer,
    audit02_modul1_11_comment text,
    audit02_modul1_12a integer,
    audit02_modul1_12a_comment text,
    audit02_modul1_13a integer,
    audit02_modul1_13a_comment text,
    audit02_modul1_14a integer,
    audit02_modul1_14a_comment text,
    audit02_modul2_1a integer,
    audit02_modul2_1a_comment text,
    audit02_modul2_2a integer,
    audit02_modul2_2a_comment text,
    audit02_modul2_3a integer,
    audit02_modul2_3a_comment text,
    audit02_modul2_4a integer,
    audit02_modul2_4a_comment text,
    audit02_modul2_5a integer,
    audit02_modul2_5a_comment text,
    audit02_modul2_5b integer,
    audit02_modul2_5b_comment text,
    audit02_modul2_6a integer,
    audit02_modul2_6a_comment text,
    audit02_modul2_7a integer,
    audit02_modul2_7a_comment text,
    audit02_modul2_8a integer,
    audit02_modul2_8a_comment text,
    audit02_modul2_9a integer,
    audit02_modul2_9a_comment text,
    audit02_modul3_1a integer,
    audit02_modul3_1a_comment text,
    audit02_modul3_1b integer,
    audit02_modul3_1b_comment text,
    audit02_modul3_1c integer,
    audit02_modul3_1c_comment text,
    audit02_modul3_2a integer,
    audit02_modul3_2a_comment text,
    audit02_modul3_3a6a integer,
    audit02_modul3_3a6a_comment text,
    audit02_modul3_7a integer,
    audit02_modul3_7a_comment text,
    audit02_modul4_1a integer,
    audit02_modul4_1a_comment text,
    audit02_modul4_1b integer,
    audit02_modul4_1b_comment text,
    audit02_modul4_2a integer,
    audit02_modul4_2a_comment text,
    audit02_modul4_2b integer,
    audit02_modul4_2b_comment text,
    audit02_modul4_2c integer,
    audit02_modul4_2c_comment text,
    audit02_modul5_1a integer,
    audit02_modul5_1a_comment text,
    audit02_modul5_1b integer,
    audit02_modul5_1b_comment text,
    audit02_modul5_2a integer,
    audit02_modul5_2a_comment text,
    audit02_modul5_2b integer,
    audit02_modul5_2b_comment text,
    audit02_modul5_3a integer,
    audit02_modul5_3a_comment text,
    audit02_modul5_4a integer,
    audit02_modul5_4a_comment text,
    audit02_modul6_a integer,
    audit02_modul6_a_comment text,
    audit02_modul6_1a integer,
    audit02_modul6_1a_comment text,
    audit02_modul6_1b integer,
    audit02_modul6_1b_comment text,
    audit02_modul6_2a integer,
    audit02_modul6_2a_comment text,
    audit02_modul6_2b integer,
    audit02_modul6_2b_comment text,
    audit02_modul6_2c integer,
    audit02_modul6_2c_comment text,
    audit02_modul6_2d integer,
    audit02_modul6_2d_comment text,
    audit02_modul7_a integer,
    audit02_modul7_a_comment text,
    audit02_modul7_1a integer,
    audit02_modul7_1a_comment text,
    audit02_modul7_2a integer,
    audit02_modul7_2a_comment text,
    audit02_modul7_2b integer,
    audit02_modul7_2b_comment text,
    audit02_modul7_2c integer,
    audit02_modul7_2c_comment text,
    audit02_modul7_2d integer,
    audit02_modul7_2d_comment text,
    audit02_modul7_2e integer,
    audit02_modul7_2e_comment text,
    audit02_modul7_2f integer,
    audit02_modul7_2f_comment text,
    audit02_modul7_3a integer,
    audit02_modul7_3a_comment text,
    audit02_modul7_3b integer,
    audit02_modul7_3b_comment text,
    audit02_modul7_4a integer,
    audit02_modul7_4a_comment text,
    audit02_modul7_4b integer,
    audit02_modul7_4b_comment text,
    audit02_modul7_5a integer,
    audit02_modul7_5a_comment text,
    audit02_modul7_5b integer,
    audit02_modul7_5b_comment text,
    audit02_modul7_6a integer,
    audit02_modul7_6a_comment text,
    audit02_modul7_7a integer,
    audit02_modul7_7a_comment text,
    audit02_modul7_7b integer,
    audit02_modul7_7b_comment text,
    audit02_modul7_7c integer,
    audit02_modul7_7c_comment text,
    audit02_modul8_a integer,
    audit02_modul8_a_comment text,
    audit02_modul8_1a integer,
    audit02_modul8_1a_comment text,
    audit02_modul8_1b integer,
    audit02_modul8_1b_comment text,
    audit02_modul8_1c integer,
    audit02_modul8_1c_comment text,
    audit02_modul8_2a integer,
    audit02_modul8_2a_comment text,
    audit02_modul8_2b integer,
    audit02_modul8_2b_comment text,
    audit02_modul8_4a integer,
    audit02_modul8_4a_comment text,
    audit02_modul8_5a integer,
    audit02_modul8_5a_comment text,
    audit02_modul9_1a integer,
    audit02_modul9_1a_comment text,
    audit02_modul9_2a integer,
    audit02_modul9_2a_comment text,
    audit02_modul9_2b integer,
    audit02_modul9_2b_comment text,
    audit02_modul9_3a integer,
    audit02_modul9_3a_comment text,
    audit02_modul9_4a integer,
    audit02_modul9_4a_comment text,
    audit02_modul9_4b integer,
    audit02_modul9_4b_comment text,
    audit02_modul9_5a integer,
    audit02_modul9_5a_comment text,
    audit02_modul9_6a integer,
    audit02_modul9_6a_comment text,
    audit02_modul9_7a integer,
    audit02_modul9_7a_comment text,
    audit02_modul9_7b integer,
    audit02_modul9_7b_comment text,
    audit02_modul9_8a integer,
    audit02_modul9_8a_comment text,
    audit02_modul10_1a integer,
    audit02_modul10_1a_comment text,
    audit02_modul10_2a integer,
    audit02_modul10_2a_comment text,
    audit02_modul10_3a integer,
    audit02_modul10_3a_comment text,
    audit02_modul10_3b integer,
    audit02_modul10_3b_comment text,
    audit02_modul10_4a integer,
    audit02_modul10_4a_comment text,
    audit02_modul10_4b integer,
    audit02_modul10_4b_comment text,
    audit02_modul11_1a integer,
    audit02_modul11_1a_comment text,
    audit02_modul11_2a integer,
    audit02_modul11_2a_comment text,
    audit02_modul11_2b integer,
    audit02_modul11_2b_comment text,
    audit02_modul11_2c integer,
    audit02_modul11_2c_comment text,
    audit02_modul11_2d integer,
    audit02_modul11_2d_comment text,
    audit02_modul11_2e integer,
    audit02_modul11_2e_comment text,
    audit02_modul11_2f integer,
    audit02_modul11_2f_comment text,
    audit02_modul11_2g integer,
    audit02_modul11_2g_comment text,
    audit02_modul11_2h integer,
    audit02_modul11_2h_comment text,
    created_at timestamp(0) without time zone,
    updated_at timestamp(0) without time zone
);


ALTER TABLE public.audit02 OWNER TO wsp;

--
-- Name: audit02_id_seq; Type: SEQUENCE; Schema: public; Owner: wsp
--

CREATE SEQUENCE public.audit02_id_seq
    START WITH 1
    INCREMENT BY 1
    NO MINVALUE
    NO MAXVALUE
    CACHE 1;


ALTER TABLE public.audit02_id_seq OWNER TO wsp;

--
-- Name: audit02_id_seq; Type: SEQUENCE OWNED BY; Schema: public; Owner: wsp
--

ALTER SEQUENCE public.audit02_id_seq OWNED BY public.audit02.id;


--
-- Name: audit03; Type: TABLE; Schema: public; Owner: wsp
--

CREATE TABLE public.audit03 (
    id bigint NOT NULL,
    audit_id bigint NOT NULL,
    audit03_umum_spamjp_ap_i character varying(255),
    audit03_umum_spamjp_ma_i character varying(255),
    audit03_umum_spamjp_sb_i character varying(255),
    audit03_umum_spamjp_ah_i character varying(255),
    audit03_umum_temuan_i integer,
    audit03_umum_comment_i text,
    audit03_umum_spamjp_ap_ii character varying(255),
    audit03_umum_spamjp_ma_ii character varying(255),
    audit03_umum_spamjp_sb_ii character varying(255),
    audit03_umum_spamjp_ah_ii character varying(255),
    audit03_umum_temuan_ii integer,
    audit03_umum_comment_ii text,
    audit03_umum_spamjp_ap_iii character varying(255),
    audit03_umum_spamjp_ma_iii character varying(255),
    audit03_umum_spamjp_sb_iii character varying(255),
    audit03_umum_spamjp_ah_iii character varying(255),
    audit03_umum_temuan_iii integer,
    audit03_umum_comment_iii text,
    audit03_umum_spamjp_ap_iv character varying(255),
    audit03_umum_spamjp_ma_iv character varying(255),
    audit03_umum_spamjp_sb_iv character varying(255),
    audit03_umum_spamjp_ah_iv character varying(255),
    audit03_umum_temuan_iv integer,
    audit03_umum_comment_iv text,
    audit03_umum_spamjp_ap_v character varying(255),
    audit03_umum_spamjp_ma_v character varying(255),
    audit03_umum_spamjp_sb_v character varying(255),
    audit03_umum_spamjp_ah_v character varying(255),
    audit03_umum_temuan_v integer,
    audit03_umum_comment_v text,
    audit03_umum_spamjp_ap_vi character varying(255),
    audit03_umum_spamjp_ma_vi character varying(255),
    audit03_umum_spamjp_sb_vi character varying(255),
    audit03_umum_spamjp_ah_vi character varying(255),
    audit03_umum_temuan_vi integer,
    audit03_umum_comment_vi text,
    audit03_umum_spamjp_ap_vii character varying(255),
    audit03_umum_spamjp_ma_vii character varying(255),
    audit03_umum_spamjp_sb_vii character varying(255),
    audit03_umum_spamjp_ah_vii character varying(255),
    audit03_umum_temuan_vii integer,
    audit03_umum_comment_vii text,
    audit03_umum_spamjp_ap_viii character varying(255),
    audit03_umum_spamjp_ma_viii character varying(255),
    audit03_umum_spamjp_sb_viii character varying(255),
    audit03_umum_spamjp_ah_viii character varying(255),
    audit03_umum_temuan_viii integer,
    audit03_umum_comment_viii text,
    audit03_umum_spamjp_ap_ix character varying(255),
    audit03_umum_spamjp_ma_ix character varying(255),
    audit03_umum_spamjp_sb_ix character varying(255),
    audit03_umum_spamjp_ah_ix character varying(255),
    audit03_umum_temuan_ix integer,
    audit03_umum_comment_ix text,
    audit03_umum_spamjp_ap_x character varying(255),
    audit03_umum_spamjp_ma_x character varying(255),
    audit03_umum_spamjp_sb_x character varying(255),
    audit03_umum_spamjp_ah_x character varying(255),
    audit03_umum_temuan_x integer,
    audit03_umum_comment_x text,
    audit03_umum_spamjp_ap_xi character varying(255),
    audit03_umum_spamjp_ma_xi character varying(255),
    audit03_umum_spamjp_sb_xi character varying(255),
    audit03_umum_spamjp_ah_xi character varying(255),
    audit03_umum_temuan_xi integer,
    audit03_umum_comment_xi text,
    audit03_umum_spamjp_ap_xii character varying(255),
    audit03_umum_spamjp_ma_xii character varying(255),
    audit03_umum_spamjp_sb_xii character varying(255),
    audit03_umum_spamjp_ah_xii character varying(255),
    audit03_umum_temuan_xii integer,
    audit03_umum_comment_xii text,
    audit03_umum_spamjp_ap_xiii character varying(255),
    audit03_umum_spamjp_ma_xiii character varying(255),
    audit03_umum_spamjp_sb_xiii character varying(255),
    audit03_umum_spamjp_ah_xiii character varying(255),
    audit03_umum_temuan_xiii integer,
    audit03_umum_comment_xiii text,
    audit03_umum_spamjp_ap_xiv character varying(255),
    audit03_umum_spamjp_ma_xiv character varying(255),
    audit03_umum_spamjp_sb_xiv character varying(255),
    audit03_umum_spamjp_ah_xiv character varying(255),
    audit03_umum_temuan_xiv integer,
    audit03_umum_comment_xiv text,
    audit03_umum_spamjp_ap_xv character varying(255),
    audit03_umum_spamjp_ma_xv character varying(255),
    audit03_umum_spamjp_sb_xv character varying(255),
    audit03_umum_spamjp_ah_xv character varying(255),
    audit03_umum_temuan_xv integer,
    audit03_umum_comment_xv text,
    audit03_umum_spamjp_ap_xvi character varying(255),
    audit03_umum_spamjp_ma_xvi character varying(255),
    audit03_umum_spamjp_sb_xvi character varying(255),
    audit03_umum_spamjp_ah_xvi character varying(255),
    audit03_umum_temuan_xvi integer,
    audit03_umum_comment_xvi text,
    audit03_umum_spamjp_ap_xvii character varying(255),
    audit03_umum_spamjp_ma_xvii character varying(255),
    audit03_umum_spamjp_sb_xvii character varying(255),
    audit03_umum_spamjp_ah_xvii character varying(255),
    audit03_umum_temuan_xvii integer,
    audit03_umum_comment_xvii text,
    audit03_umum_spamjp_ap_xviii character varying(255),
    audit03_umum_spamjp_ma_xviii character varying(255),
    audit03_umum_spamjp_sb_xviii character varying(255),
    audit03_umum_spamjp_ah_xviii character varying(255),
    audit03_umum_temuan_xviii integer,
    audit03_umum_comment_xviii text,
    audit03_umum_spamjp_ap_xix character varying(255),
    audit03_umum_spamjp_ma_xix character varying(255),
    audit03_umum_spamjp_sb_xix character varying(255),
    audit03_umum_spamjp_ah_xix character varying(255),
    audit03_umum_temuan_xix integer,
    audit03_umum_comment_xix text,
    audit03_aspek1_spamjp_ap_1 character varying(255),
    audit03_aspek1_spamjp_ma_1 character varying(255),
    audit03_aspek1_spamjp_sb_1 character varying(255),
    audit03_aspek1_spamjp_ah_1 character varying(255),
    audit03_aspek1_temuan_1 integer,
    audit03_aspek1_comment_1 text,
    audit03_aspek_spamjp_ap_2 character varying(255),
    audit03_aspek_spamjp_ma_2 character varying(255),
    audit03_aspek_spamjp_sb_2 character varying(255),
    audit03_aspek_spamjp_ah_2 character varying(255),
    audit03_aspek_temuan_2 integer,
    audit03_aspek_comment_2 text,
    audit03_aspek_spamjp_ap_2a character varying(255),
    audit03_aspek_spamjp_ma_2a character varying(255),
    audit03_aspek_spamjp_sb_2a character varying(255),
    audit03_aspek_spamjp_ah_2a character varying(255),
    audit03_aspek_comment_2a text,
    audit03_aspek_spamjp_ap_3 character varying(255),
    audit03_aspek_spamjp_ma_3 character varying(255),
    audit03_aspek_spamjp_sb_3 character varying(255),
    audit03_aspek_spamjp_ah_3 character varying(255),
    audit03_aspek_temuan_3 integer,
    audit03_aspek_comment_3 text,
    audit03_aspek_spamjp_ap_2b character varying(255),
    audit03_aspek_spamjp_ma_2b character varying(255),
    audit03_aspek_spamjp_sb_2b character varying(255),
    audit03_aspek_spamjp_ah_2b character varying(255),
    audit03_aspek_comment_2b text,
    audit03_aspek_spamjp_ap_2c character varying(255),
    audit03_aspek_spamjp_ma_2c character varying(255),
    audit03_aspek_spamjp_sb_2c character varying(255),
    audit03_aspek_spamjp_ah_2c character varying(255),
    audit03_aspek_comment_2c text,
    audit03_aspek_spamjp_ap_4 character varying(255),
    audit03_aspek_spamjp_ma_4 character varying(255),
    audit03_aspek_spamjp_sb_4 character varying(255),
    audit03_aspek_spamjp_ah_4 character varying(255),
    audit03_aspek_temuan_4 integer,
    audit03_aspek_comment_4 text,
    audit03_aspek_spamjp_ap_2d character varying(255),
    audit03_aspek_spamjp_ma_2d character varying(255),
    audit03_aspek_spamjp_sb_2d character varying(255),
    audit03_aspek_spamjp_ah_2d character varying(255),
    audit03_aspek_comment_2d text,
    audit03_aspek_spamjp_ap_2e character varying(255),
    audit03_aspek_spamjp_ma_2e character varying(255),
    audit03_aspek_spamjp_sb_2e character varying(255),
    audit03_aspek_spamjp_ah_2e character varying(255),
    audit03_aspek_comment_2e text,
    audit03_aspek_spamjp_ap_5 character varying(255),
    audit03_aspek_spamjp_ma_5 character varying(255),
    audit03_aspek_spamjp_sb_5 character varying(255),
    audit03_aspek_spamjp_ah_5 character varying(255),
    audit03_aspek_temuan_5 integer,
    audit03_aspek_comment_5 text,
    audit03_aspek_spamjp_ap_6 character varying(255),
    audit03_aspek_spamjp_ma_6 character varying(255),
    audit03_aspek_spamjp_sb_6 character varying(255),
    audit03_aspek_spamjp_ah_6 character varying(255),
    audit03_aspek_temuan_6 integer,
    audit03_aspek_comment_6 text,
    audit03_aspek_spamjp_ap_3a character varying(255),
    audit03_aspek_spamjp_ma_3a character varying(255),
    audit03_aspek_spamjp_sb_3a character varying(255),
    audit03_aspek_spamjp_ah_3a character varying(255),
    audit03_aspek_comment_3a text,
    audit03_aspek_spamjp_ap_7 character varying(255),
    audit03_aspek_spamjp_ma_7 character varying(255),
    audit03_aspek_spamjp_sb_7 character varying(255),
    audit03_aspek_spamjp_ah_7 character varying(255),
    audit03_aspek_temuan_7 integer,
    audit03_aspek_comment_7 text,
    audit03_aspek_spamjp_ap_3b character varying(255),
    audit03_aspek_spamjp_ma_3b character varying(255),
    audit03_aspek_spamjp_sb_3b character varying(255),
    audit03_aspek_spamjp_ah_3b character varying(255),
    audit03_aspek_comment_3b text,
    audit03_aspek_spamjp_ap_4a character varying(255),
    audit03_aspek_spamjp_ma_4a character varying(255),
    audit03_aspek_spamjp_sb_4a character varying(255),
    audit03_aspek_spamjp_ah_4a character varying(255),
    audit03_aspek_comment_4a text,
    audit03_aspek_spamjp_ap_8 character varying(255),
    audit03_aspek_spamjp_ma_8 character varying(255),
    audit03_aspek_spamjp_sb_8 character varying(255),
    audit03_aspek_spamjp_ah_8 character varying(255),
    audit03_aspek_temuan_8 integer,
    audit03_aspek_comment_8 text,
    audit03_aspek_spamjp_ap_4b character varying(255),
    audit03_aspek_spamjp_ma_4b character varying(255),
    audit03_aspek_spamjp_sb_4b character varying(255),
    audit03_aspek_spamjp_ah_4b character varying(255),
    audit03_aspek_comment_4b text,
    audit03_aspek_spamjp_ap_9 character varying(255),
    audit03_aspek_spamjp_ma_9 character varying(255),
    audit03_aspek_spamjp_sb_9 character varying(255),
    audit03_aspek_spamjp_ah_9 character varying(255),
    audit03_aspek_temuan_9 integer,
    audit03_aspek_comment_9 text,
    audit03_aspek_spamjp_ap_4c character varying(255),
    audit03_aspek_spamjp_ma_4c character varying(255),
    audit03_aspek_spamjp_sb_4c character varying(255),
    audit03_aspek_spamjp_ah_4c character varying(255),
    audit03_aspek_comment_4c text,
    audit03_aspek_spamjp_ap_10 character varying(255),
    audit03_aspek_spamjp_ma_10 character varying(255),
    audit03_aspek_spamjp_sb_10 character varying(255),
    audit03_aspek_spamjp_ah_10 character varying(255),
    audit03_aspek_temuan_10 integer,
    audit03_aspek_comment_10 text,
    audit03_aspek_spamjp_ap_11 character varying(255),
    audit03_aspek_spamjp_ma_11 character varying(255),
    audit03_aspek_spamjp_sb_11 character varying(255),
    audit03_aspek_spamjp_ah_11 character varying(255),
    audit03_aspek_temuan_11 integer,
    audit03_aspek_comment_11 text,
    audit03_aspek_spamjp_ap_12 character varying(255),
    audit03_aspek_spamjp_ma_12 character varying(255),
    audit03_aspek_spamjp_sb_12 character varying(255),
    audit03_aspek_spamjp_ah_12 character varying(255),
    audit03_aspek_temuan_12 integer,
    audit03_aspek_comment_12 text,
    audit03_aspek_spamjp_ap_13 character varying(255),
    audit03_aspek_spamjp_ma_13 character varying(255),
    audit03_aspek_spamjp_sb_13 character varying(255),
    audit03_aspek_spamjp_ah_13 character varying(255),
    audit03_aspek_temuan_13 integer,
    audit03_aspek_comment_13 text,
    audit03_aspek_spamjp_ap_4d character varying(255),
    audit03_aspek_spamjp_ma_4d character varying(255),
    audit03_aspek_spamjp_sb_4d character varying(255),
    audit03_aspek_spamjp_ah_4d character varying(255),
    audit03_aspek_comment_4d text,
    audit03_aspek_spamjp_ap_14 character varying(255),
    audit03_aspek_spamjp_ma_14 character varying(255),
    audit03_aspek_spamjp_sb_14 character varying(255),
    audit03_aspek_spamjp_ah_14 character varying(255),
    audit03_aspek_temuan_14 integer,
    audit03_aspek_comment_14 text,
    audit03_aspek_spamjp_ap_4f character varying(255),
    audit03_aspek_spamjp_ma_4f character varying(255),
    audit03_aspek_spamjp_sb_4f character varying(255),
    audit03_aspek_spamjp_ah_4f character varying(255),
    audit03_aspek_comment_4f text,
    audit03_aspek_spamjp_ap_15 character varying(255),
    audit03_aspek_spamjp_ma_15 character varying(255),
    audit03_aspek_spamjp_sb_15 character varying(255),
    audit03_aspek_spamjp_ah_15 character varying(255),
    audit03_aspek_temuan_15 integer,
    audit03_aspek_comment_15 text,
    audit03_aspek_spamjp_ap_4e character varying(255),
    audit03_aspek_spamjp_ma_4e character varying(255),
    audit03_aspek_spamjp_sb_4e character varying(255),
    audit03_aspek_spamjp_ah_4e character varying(255),
    audit03_aspek_comment_4e text,
    audit03_aspek_spamjp_ap_16 character varying(255),
    audit03_aspek_spamjp_ma_16 character varying(255),
    audit03_aspek_spamjp_sb_16 character varying(255),
    audit03_aspek_spamjp_ah_16 character varying(255),
    audit03_aspek_temuan_16 integer,
    audit03_aspek_comment_16 text,
    audit03_aspek_spamjp_ap_17 character varying(255),
    audit03_aspek_spamjp_ma_17 character varying(255),
    audit03_aspek_spamjp_sb_17 character varying(255),
    audit03_aspek_spamjp_ah_17 character varying(255),
    audit03_aspek_temuan_17 integer,
    audit03_aspek_comment_17 text,
    audit03_aspek_spamjp_ap_18 character varying(255),
    audit03_aspek_spamjp_ma_18 character varying(255),
    audit03_aspek_spamjp_sb_18 character varying(255),
    audit03_aspek_spamjp_ah_18 character varying(255),
    audit03_aspek_temuan_18 integer,
    audit03_aspek_comment_18 text,
    audit03_aspek_spamjp_ap_19 character varying(255),
    audit03_aspek_spamjp_ma_19 character varying(255),
    audit03_aspek_spamjp_sb_19 character varying(255),
    audit03_aspek_spamjp_ah_19 character varying(255),
    audit03_aspek_temuan_19 integer,
    audit03_aspek_comment_19 text,
    audit03_aspek_spamjp_ap_20 character varying(255),
    audit03_aspek_spamjp_ma_20 character varying(255),
    audit03_aspek_spamjp_sb_20 character varying(255),
    audit03_aspek_spamjp_ah_20 character varying(255),
    audit03_aspek_temuan_20 integer,
    audit03_aspek_comment_20 text,
    audit03_aspek_spamjp_ap_4g character varying(255),
    audit03_aspek_spamjp_ma_4g character varying(255),
    audit03_aspek_spamjp_sb_4g character varying(255),
    audit03_aspek_spamjp_ah_4g character varying(255),
    audit03_aspek_comment_4g text,
    audit03_aspek_spamjp_ap_21 character varying(255),
    audit03_aspek_spamjp_ma_21 character varying(255),
    audit03_aspek_spamjp_sb_21 character varying(255),
    audit03_aspek_spamjp_ah_21 character varying(255),
    audit03_aspek_temuan_21 integer,
    audit03_aspek_comment_21 text,
    audit03_aspek_spamjp_ap_22 character varying(255),
    audit03_aspek_spamjp_ma_22 character varying(255),
    audit03_aspek_spamjp_sb_22 character varying(255),
    audit03_aspek_spamjp_ah_22 character varying(255),
    audit03_aspek_temuan_22 integer,
    audit03_aspek_comment_22 text,
    audit03_aspek_spamjp_ap_23 character varying(255),
    audit03_aspek_spamjp_ma_23 character varying(255),
    audit03_aspek_spamjp_sb_23 character varying(255),
    audit03_aspek_spamjp_ah_23 character varying(255),
    audit03_aspek_temuan_23 integer,
    audit03_aspek_comment_23 text,
    audit03_aspek_spamjp_ap_24 character varying(255),
    audit03_aspek_spamjp_ma_24 character varying(255),
    audit03_aspek_spamjp_sb_24 character varying(255),
    audit03_aspek_spamjp_ah_24 character varying(255),
    audit03_aspek_temuan_24 integer,
    audit03_aspek_comment_24 text,
    audit03_aspek_spamjp_ap_25 character varying(255),
    audit03_aspek_spamjp_ma_25 character varying(255),
    audit03_aspek_spamjp_sb_25 character varying(255),
    audit03_aspek_spamjp_ah_25 character varying(255),
    audit03_aspek_temuan_25 integer,
    audit03_aspek_comment_25 text,
    audit03_aspek_spamjp_ap_26 character varying(255),
    audit03_aspek_spamjp_ma_26 character varying(255),
    audit03_aspek_spamjp_sb_26 character varying(255),
    audit03_aspek_spamjp_ah_26 character varying(255),
    audit03_aspek_temuan_26 integer,
    audit03_aspek_comment_26 text,
    audit03_aspek_spamjp_ap_27 character varying(255),
    audit03_aspek_spamjp_ma_27 character varying(255),
    audit03_aspek_spamjp_sb_27 character varying(255),
    audit03_aspek_spamjp_ah_27 character varying(255),
    audit03_aspek_temuan_27 integer,
    audit03_aspek_comment_27 text,
    audit03_aspek_spamjp_ap_28 character varying(255),
    audit03_aspek_spamjp_ma_28 character varying(255),
    audit03_aspek_spamjp_sb_28 character varying(255),
    audit03_aspek_spamjp_ah_28 character varying(255),
    audit03_aspek_temuan_28 integer,
    audit03_aspek_comment_28 text,
    audit03_aspek_spamjp_ap_29 character varying(255),
    audit03_aspek_spamjp_ma_29 character varying(255),
    audit03_aspek_spamjp_sb_29 character varying(255),
    audit03_aspek_spamjp_ah_29 character varying(255),
    audit03_aspek_temuan_29 integer,
    audit03_aspek_comment_29 text,
    audit03_aspek_spamjp_ap_30 character varying(255),
    audit03_aspek_spamjp_ma_30 character varying(255),
    audit03_aspek_spamjp_sb_30 character varying(255),
    audit03_aspek_spamjp_ah_30 character varying(255),
    audit03_aspek_temuan_30 integer,
    audit03_aspek_comment_30 text,
    audit03_aspek_spamjp_ap_31 character varying(255),
    audit03_aspek_spamjp_ma_31 character varying(255),
    audit03_aspek_spamjp_sb_31 character varying(255),
    audit03_aspek_spamjp_ah_31 character varying(255),
    audit03_aspek_temuan_31 integer,
    audit03_aspek_comment_31 text,
    audit03_aspek_spamjp_ap_32 character varying(255),
    audit03_aspek_spamjp_ma_32 character varying(255),
    audit03_aspek_spamjp_sb_32 character varying(255),
    audit03_aspek_spamjp_ah_32 character varying(255),
    audit03_aspek_temuan_32 integer,
    audit03_aspek_comment_32 text,
    audit03_aspek_spamjp_ap_33 character varying(255),
    audit03_aspek_spamjp_ma_33 character varying(255),
    audit03_aspek_spamjp_sb_33 character varying(255),
    audit03_aspek_spamjp_ah_33 character varying(255),
    audit03_aspek_temuan_33 integer,
    audit03_aspek_comment_33 text,
    audit03_aspek_spamjp_ap_34 character varying(255),
    audit03_aspek_spamjp_ma_34 character varying(255),
    audit03_aspek_spamjp_sb_34 character varying(255),
    audit03_aspek_spamjp_ah_34 character varying(255),
    audit03_aspek_temuan_34 integer,
    audit03_aspek_comment_34 text,
    audit03_aspek_spamjp_ap_35 character varying(255),
    audit03_aspek_spamjp_ma_35 character varying(255),
    audit03_aspek_spamjp_sb_35 character varying(255),
    audit03_aspek_spamjp_ah_35 character varying(255),
    audit03_aspek_temuan_35 integer,
    audit03_aspek_comment_35 text,
    audit03_aspek_spamjp_ap_36 character varying(255),
    audit03_aspek_spamjp_ma_36 character varying(255),
    audit03_aspek_spamjp_sb_36 character varying(255),
    audit03_aspek_spamjp_ah_36 character varying(255),
    audit03_aspek_temuan_36 integer,
    audit03_aspek_comment_36 text,
    audit03_aspek_spamjp_ap_6a character varying(255),
    audit03_aspek_spamjp_ma_6a character varying(255),
    audit03_aspek_spamjp_sb_6a character varying(255),
    audit03_aspek_spamjp_ah_6a character varying(255),
    audit03_aspek_comment_6a text,
    audit03_aspek_spamjp_ap_37 character varying(255),
    audit03_aspek_spamjp_ma_37 character varying(255),
    audit03_aspek_spamjp_sb_37 character varying(255),
    audit03_aspek_spamjp_ah_37 character varying(255),
    audit03_aspek_temuan_37 integer,
    audit03_aspek_comment_37 text,
    audit03_aspek_spamjp_ap_38 character varying(255),
    audit03_aspek_spamjp_ma_38 character varying(255),
    audit03_aspek_spamjp_sb_38 character varying(255),
    audit03_aspek_spamjp_ah_38 character varying(255),
    audit03_aspek_temuan_38 integer,
    audit03_aspek_comment_38 text,
    audit03_aspek_spamjp_ap_39 character varying(255),
    audit03_aspek_spamjp_ma_39 character varying(255),
    audit03_aspek_spamjp_sb_39 character varying(255),
    audit03_aspek_spamjp_ah_39 character varying(255),
    audit03_aspek_temuan_39 integer,
    audit03_aspek_comment_39 text,
    audit03_aspek_spamjp_ap_40 character varying(255),
    audit03_aspek_spamjp_ma_40 character varying(255),
    audit03_aspek_spamjp_sb_40 character varying(255),
    audit03_aspek_spamjp_ah_40 character varying(255),
    audit03_aspek_temuan_40 integer,
    audit03_aspek_comment_40 text,
    audit03_aspek_spamjp_ap_41 character varying(255),
    audit03_aspek_spamjp_ma_41 character varying(255),
    audit03_aspek_spamjp_sb_41 character varying(255),
    audit03_aspek_spamjp_ah_41 character varying(255),
    audit03_aspek_temuan_41 integer,
    audit03_aspek_comment_41 text,
    audit03_cadangan_spamjp_ap_42 character varying(255),
    audit03_cadangan_spamjp_ma_42 character varying(255),
    audit03_cadangan_spamjp_sb_42 character varying(255),
    audit03_cadangan_spamjp_ah_42 character varying(255),
    audit03_cadangan_temuan_42 integer,
    audit03_cadangan_comment_42 text,
    audit03_cadangan_spamjp_ap_43 character varying(255),
    audit03_cadangan_spamjp_ma_43 character varying(255),
    audit03_cadangan_spamjp_sb_43 character varying(255),
    audit03_cadangan_spamjp_ah_43 character varying(255),
    audit03_cadangan_temuan_43 integer,
    audit03_cadangan_comment_43 text,
    audit03_lab_spamjp_ap_44 character varying(255),
    audit03_lab_spamjp_ma_44 character varying(255),
    audit03_lab_spamjp_sb_44 character varying(255),
    audit03_lab_spamjp_ah_44 character varying(255),
    audit03_lab_temuan_44 integer,
    audit03_lab_comment_44 text,
    audit03_lab_spamjp_ap_45 character varying(255),
    audit03_lab_spamjp_ma_45 character varying(255),
    audit03_lab_spamjp_sb_45 character varying(255),
    audit03_lab_spamjp_ah_45 character varying(255),
    audit03_lab_temuan_45 integer,
    audit03_lab_comment_45 text,
    audit03_lab_spamjp_ap_46 character varying(255),
    audit03_lab_spamjp_ma_46 character varying(255),
    audit03_lab_spamjp_sb_46 character varying(255),
    audit03_lab_spamjp_ah_46 character varying(255),
    audit03_lab_temuan_46 integer,
    audit03_lab_comment_46 text,
    audit03_lab_spamjp_ap_47 character varying(255),
    audit03_lab_spamjp_ma_47 character varying(255),
    audit03_lab_spamjp_sb_47 character varying(255),
    audit03_lab_spamjp_ah_47 character varying(255),
    audit03_lab_temuan_47 integer,
    audit03_lab_comment_47 text,
    audit03_lab_spamjp_ap_48 character varying(255),
    audit03_lab_spamjp_ma_48 character varying(255),
    audit03_lab_spamjp_sb_48 character varying(255),
    audit03_lab_spamjp_ah_48 character varying(255),
    audit03_lab_temuan_48 integer,
    audit03_lab_comment_48 text,
    created_at timestamp(0) without time zone,
    updated_at timestamp(0) without time zone,
    audit03_aspek_spamjp_ap_1_ character varying(255),
    audit03_aspek_spamjp_ma_1_ character varying(255),
    audit03_aspek_spamjp_sb_1_ character varying(255),
    audit03_aspek_spamjp_ah_1_ character varying(255),
    audit03_aspek_comment_1_ text,
    audit03_aspek_spamjp_ap_2_ character varying(255),
    audit03_aspek_spamjp_ma_2_ character varying(255),
    audit03_aspek_spamjp_sb_2_ character varying(255),
    audit03_aspek_spamjp_ah_2_ character varying(255),
    audit03_aspek_comment_2_ text,
    audit03_aspek_spamjp_ap_3_ character varying(255),
    audit03_aspek_spamjp_ma_3_ character varying(255),
    audit03_aspek_spamjp_sb_3_ character varying(255),
    audit03_aspek_spamjp_ah_3_ character varying(255),
    audit03_aspek_comment_3_ text,
    audit03_aspek_spamjp_ap_4_ character varying(255),
    audit03_aspek_spamjp_ma_4_ character varying(255),
    audit03_aspek_spamjp_sb_4_ character varying(255),
    audit03_aspek_spamjp_ah_4_ character varying(255),
    audit03_aspek_comment_4_ text,
    audit03_aspek_spamjp_ap_5_ character varying(255),
    audit03_aspek_spamjp_ma_5_ character varying(255),
    audit03_aspek_spamjp_sb_5_ character varying(255),
    audit03_aspek_spamjp_ah_5_ character varying(255),
    audit03_aspek_comment_5_ text,
    audit03_aspek_spamjp_ap_6_ character varying(255),
    audit03_aspek_spamjp_ma_6_ character varying(255),
    audit03_aspek_spamjp_sb_6_ character varying(255),
    audit03_aspek_spamjp_ah_6_ character varying(255),
    audit03_aspek_comment_6_ text
);


ALTER TABLE public.audit03 OWNER TO wsp;

--
-- Name: audit03_id_seq; Type: SEQUENCE; Schema: public; Owner: wsp
--

CREATE SEQUENCE public.audit03_id_seq
    START WITH 1
    INCREMENT BY 1
    NO MINVALUE
    NO MAXVALUE
    CACHE 1;


ALTER TABLE public.audit03_id_seq OWNER TO wsp;

--
-- Name: audit03_id_seq; Type: SEQUENCE OWNED BY; Schema: public; Owner: wsp
--

ALTER SEQUENCE public.audit03_id_seq OWNED BY public.audit03.id;


--
-- Name: audits; Type: TABLE; Schema: public; Owner: wsp
--

CREATE TABLE public.audits (
    id bigint NOT NULL,
    audit_date date,
    institution_name character varying(255),
    institution_address character varying(255),
    auditor_name character varying(255),
    auditor_organization character varying(255),
    certificate_organization character varying(255),
    spamjp character varying(255),
    created_at timestamp(0) without time zone,
    updated_at timestamp(0) without time zone,
    organization_id integer
);


ALTER TABLE public.audits OWNER TO wsp;

--
-- Name: audits_id_seq; Type: SEQUENCE; Schema: public; Owner: wsp
--

CREATE SEQUENCE public.audits_id_seq
    START WITH 1
    INCREMENT BY 1
    NO MINVALUE
    NO MAXVALUE
    CACHE 1;


ALTER TABLE public.audits_id_seq OWNER TO wsp;

--
-- Name: audits_id_seq; Type: SEQUENCE OWNED BY; Schema: public; Owner: wsp
--

ALTER SEQUENCE public.audits_id_seq OWNED BY public.audits.id;


--
-- Name: course_user; Type: TABLE; Schema: public; Owner: wsp
--

CREATE TABLE public.course_user (
    course_id integer NOT NULL,
    user_id integer NOT NULL
);


ALTER TABLE public.course_user OWNER TO wsp;

--
-- Name: courses; Type: TABLE; Schema: public; Owner: wsp
--

CREATE TABLE public.courses (
    id bigint NOT NULL,
    title character varying(255) NOT NULL,
    description text,
    picture character varying(255),
    created_at timestamp(0) without time zone,
    updated_at timestamp(0) without time zone,
    start_date_time timestamp(0) without time zone,
    is_master boolean DEFAULT false NOT NULL,
    instructor_id integer
);


ALTER TABLE public.courses OWNER TO wsp;

--
-- Name: courses_id_seq; Type: SEQUENCE; Schema: public; Owner: wsp
--

CREATE SEQUENCE public.courses_id_seq
    START WITH 1
    INCREMENT BY 1
    NO MINVALUE
    NO MAXVALUE
    CACHE 1;


ALTER TABLE public.courses_id_seq OWNER TO wsp;

--
-- Name: courses_id_seq; Type: SEQUENCE OWNED BY; Schema: public; Owner: wsp
--

ALTER SEQUENCE public.courses_id_seq OWNED BY public.courses.id;


--
-- Name: discussions; Type: TABLE; Schema: public; Owner: wsp
--

CREATE TABLE public.discussions (
    id bigint NOT NULL,
    course_id integer,
    session_id integer,
    user_id integer NOT NULL,
    body text NOT NULL,
    created_at timestamp(0) without time zone,
    updated_at timestamp(0) without time zone
);


ALTER TABLE public.discussions OWNER TO wsp;

--
-- Name: discussions_id_seq; Type: SEQUENCE; Schema: public; Owner: wsp
--

CREATE SEQUENCE public.discussions_id_seq
    START WITH 1
    INCREMENT BY 1
    NO MINVALUE
    NO MAXVALUE
    CACHE 1;


ALTER TABLE public.discussions_id_seq OWNER TO wsp;

--
-- Name: discussions_id_seq; Type: SEQUENCE OWNED BY; Schema: public; Owner: wsp
--

ALTER SEQUENCE public.discussions_id_seq OWNED BY public.discussions.id;


--
-- Name: failed_jobs; Type: TABLE; Schema: public; Owner: wsp
--

CREATE TABLE public.failed_jobs (
    id bigint NOT NULL,
    uuid character varying(255) NOT NULL,
    connection text NOT NULL,
    queue text NOT NULL,
    payload text NOT NULL,
    exception text NOT NULL,
    failed_at timestamp(0) without time zone DEFAULT CURRENT_TIMESTAMP NOT NULL
);


ALTER TABLE public.failed_jobs OWNER TO wsp;

--
-- Name: failed_jobs_id_seq; Type: SEQUENCE; Schema: public; Owner: wsp
--

CREATE SEQUENCE public.failed_jobs_id_seq
    START WITH 1
    INCREMENT BY 1
    NO MINVALUE
    NO MAXVALUE
    CACHE 1;


ALTER TABLE public.failed_jobs_id_seq OWNER TO wsp;

--
-- Name: failed_jobs_id_seq; Type: SEQUENCE OWNED BY; Schema: public; Owner: wsp
--

ALTER SEQUENCE public.failed_jobs_id_seq OWNED BY public.failed_jobs.id;


--
-- Name: menus; Type: TABLE; Schema: public; Owner: wsp
--

CREATE TABLE public.menus (
    id bigint NOT NULL,
    user_id integer NOT NULL,
    menu_name character varying(255) NOT NULL,
    created_at timestamp(0) without time zone,
    updated_at timestamp(0) without time zone
);


ALTER TABLE public.menus OWNER TO wsp;

--
-- Name: menus_id_seq; Type: SEQUENCE; Schema: public; Owner: wsp
--

CREATE SEQUENCE public.menus_id_seq
    START WITH 1
    INCREMENT BY 1
    NO MINVALUE
    NO MAXVALUE
    CACHE 1;


ALTER TABLE public.menus_id_seq OWNER TO wsp;

--
-- Name: menus_id_seq; Type: SEQUENCE OWNED BY; Schema: public; Owner: wsp
--

ALTER SEQUENCE public.menus_id_seq OWNED BY public.menus.id;


--
-- Name: migrations; Type: TABLE; Schema: public; Owner: wsp
--

CREATE TABLE public.migrations (
    id integer NOT NULL,
    migration character varying(255) NOT NULL,
    batch integer NOT NULL
);


ALTER TABLE public.migrations OWNER TO wsp;

--
-- Name: migrations_id_seq; Type: SEQUENCE; Schema: public; Owner: wsp
--

CREATE SEQUENCE public.migrations_id_seq
    AS integer
    START WITH 1
    INCREMENT BY 1
    NO MINVALUE
    NO MAXVALUE
    CACHE 1;


ALTER TABLE public.migrations_id_seq OWNER TO wsp;

--
-- Name: migrations_id_seq; Type: SEQUENCE OWNED BY; Schema: public; Owner: wsp
--

ALTER SEQUENCE public.migrations_id_seq OWNED BY public.migrations.id;


--
-- Name: organizations; Type: TABLE; Schema: public; Owner: wsp
--

CREATE TABLE public.organizations (
    id bigint NOT NULL,
    name character varying(255) NOT NULL,
    created_at timestamp(0) without time zone,
    updated_at timestamp(0) without time zone,
    is_pdam boolean DEFAULT true NOT NULL,
    city character varying(255),
    address character varying(255)
);


ALTER TABLE public.organizations OWNER TO wsp;

--
-- Name: organizations_id_seq; Type: SEQUENCE; Schema: public; Owner: wsp
--

CREATE SEQUENCE public.organizations_id_seq
    START WITH 1
    INCREMENT BY 1
    NO MINVALUE
    NO MAXVALUE
    CACHE 1;


ALTER TABLE public.organizations_id_seq OWNER TO wsp;

--
-- Name: organizations_id_seq; Type: SEQUENCE OWNED BY; Schema: public; Owner: wsp
--

ALTER SEQUENCE public.organizations_id_seq OWNED BY public.organizations.id;


--
-- Name: password_resets; Type: TABLE; Schema: public; Owner: wsp
--

CREATE TABLE public.password_resets (
    email character varying(255) NOT NULL,
    token character varying(255) NOT NULL,
    created_at timestamp(0) without time zone
);


ALTER TABLE public.password_resets OWNER TO wsp;

--
-- Name: personal_access_tokens; Type: TABLE; Schema: public; Owner: wsp
--

CREATE TABLE public.personal_access_tokens (
    id bigint NOT NULL,
    tokenable_type character varying(255) NOT NULL,
    tokenable_id bigint NOT NULL,
    name character varying(255) NOT NULL,
    token character varying(64) NOT NULL,
    abilities text,
    last_used_at timestamp(0) without time zone,
    expires_at timestamp(0) without time zone,
    created_at timestamp(0) without time zone,
    updated_at timestamp(0) without time zone
);


ALTER TABLE public.personal_access_tokens OWNER TO wsp;

--
-- Name: personal_access_tokens_id_seq; Type: SEQUENCE; Schema: public; Owner: wsp
--

CREATE SEQUENCE public.personal_access_tokens_id_seq
    START WITH 1
    INCREMENT BY 1
    NO MINVALUE
    NO MAXVALUE
    CACHE 1;


ALTER TABLE public.personal_access_tokens_id_seq OWNER TO wsp;

--
-- Name: personal_access_tokens_id_seq; Type: SEQUENCE OWNED BY; Schema: public; Owner: wsp
--

ALTER SEQUENCE public.personal_access_tokens_id_seq OWNED BY public.personal_access_tokens.id;


--
-- Name: questions; Type: TABLE; Schema: public; Owner: wsp
--

CREATE TABLE public.questions (
    id bigint NOT NULL,
    quiz_id integer NOT NULL,
    question character varying(255) NOT NULL,
    answer_a character varying(255),
    answer_b character varying(255),
    answer_c character varying(255),
    answer_d character varying(255),
    answer_e character varying(255),
    correct_answer character varying(255),
    nilai double precision
);


ALTER TABLE public.questions OWNER TO wsp;

--
-- Name: questions_id_seq; Type: SEQUENCE; Schema: public; Owner: wsp
--

CREATE SEQUENCE public.questions_id_seq
    START WITH 1
    INCREMENT BY 1
    NO MINVALUE
    NO MAXVALUE
    CACHE 1;


ALTER TABLE public.questions_id_seq OWNER TO wsp;

--
-- Name: questions_id_seq; Type: SEQUENCE OWNED BY; Schema: public; Owner: wsp
--

ALTER SEQUENCE public.questions_id_seq OWNED BY public.questions.id;


--
-- Name: quizzes; Type: TABLE; Schema: public; Owner: wsp
--

CREATE TABLE public.quizzes (
    id bigint NOT NULL,
    name character varying(255) NOT NULL,
    created_at timestamp(0) without time zone,
    updated_at timestamp(0) without time zone
);


ALTER TABLE public.quizzes OWNER TO wsp;

--
-- Name: quizzes_id_seq; Type: SEQUENCE; Schema: public; Owner: wsp
--

CREATE SEQUENCE public.quizzes_id_seq
    START WITH 1
    INCREMENT BY 1
    NO MINVALUE
    NO MAXVALUE
    CACHE 1;


ALTER TABLE public.quizzes_id_seq OWNER TO wsp;

--
-- Name: quizzes_id_seq; Type: SEQUENCE OWNED BY; Schema: public; Owner: wsp
--

ALTER SEQUENCE public.quizzes_id_seq OWNED BY public.quizzes.id;


--
-- Name: reports; Type: TABLE; Schema: public; Owner: wsp
--

CREATE TABLE public.reports (
    id bigint NOT NULL,
    audit_id integer NOT NULL,
    pelaksana character varying(255),
    kontak text,
    tgl_penerbitan date,
    jenis_sertifikasi character varying(255),
    status_sertifikasi character varying(255),
    spam character varying(255),
    koreksi text,
    analisis text,
    created_at timestamp(0) without time zone,
    updated_at timestamp(0) without time zone,
    tindakan_perbaikan text,
    kontak_utama_paraf character varying(255),
    kontak_utama_paraf_tgl date,
    auditee_paraf character varying(255),
    auditee_paraf_tgl date,
    lampiran_koreksi character varying(255),
    lampiran_perbaikan character varying(255),
    user_id integer,
    koreksi02 text,
    koreksi03 text,
    analisis02 text,
    analisis03 text,
    tindakan_perbaikan02 text,
    tindakan_perbaikan03 text,
    lampiran_koreksi02 character varying(255),
    lampiran_koreksi03 character varying(255),
    lampiran_perbaikan02 character varying(255),
    lampiran_perbaikan03 character varying(255)
);


ALTER TABLE public.reports OWNER TO wsp;

--
-- Name: reports_id_seq; Type: SEQUENCE; Schema: public; Owner: wsp
--

CREATE SEQUENCE public.reports_id_seq
    START WITH 1
    INCREMENT BY 1
    NO MINVALUE
    NO MAXVALUE
    CACHE 1;


ALTER TABLE public.reports_id_seq OWNER TO wsp;

--
-- Name: reports_id_seq; Type: SEQUENCE OWNED BY; Schema: public; Owner: wsp
--

ALTER SEQUENCE public.reports_id_seq OWNED BY public.reports.id;


--
-- Name: rpam; Type: TABLE; Schema: public; Owner: wsp
--

CREATE TABLE public.rpam (
    id bigint NOT NULL,
    name character varying(255) NOT NULL,
    created_at timestamp(0) without time zone,
    updated_at timestamp(0) without time zone,
    organization_id integer
);


ALTER TABLE public.rpam OWNER TO wsp;

--
-- Name: rpam_id_seq; Type: SEQUENCE; Schema: public; Owner: wsp
--

CREATE SEQUENCE public.rpam_id_seq
    START WITH 1
    INCREMENT BY 1
    NO MINVALUE
    NO MAXVALUE
    CACHE 1;


ALTER TABLE public.rpam_id_seq OWNER TO wsp;

--
-- Name: rpam_id_seq; Type: SEQUENCE OWNED BY; Schema: public; Owner: wsp
--

ALTER SEQUENCE public.rpam_id_seq OWNED BY public.rpam.id;


--
-- Name: session_files; Type: TABLE; Schema: public; Owner: wsp
--

CREATE TABLE public.session_files (
    id bigint NOT NULL,
    session_id integer NOT NULL,
    asset_id integer NOT NULL
);


ALTER TABLE public.session_files OWNER TO wsp;

--
-- Name: session_files_id_seq; Type: SEQUENCE; Schema: public; Owner: wsp
--

CREATE SEQUENCE public.session_files_id_seq
    START WITH 1
    INCREMENT BY 1
    NO MINVALUE
    NO MAXVALUE
    CACHE 1;


ALTER TABLE public.session_files_id_seq OWNER TO wsp;

--
-- Name: session_files_id_seq; Type: SEQUENCE OWNED BY; Schema: public; Owner: wsp
--

ALTER SEQUENCE public.session_files_id_seq OWNED BY public.session_files.id;


--
-- Name: sessions; Type: TABLE; Schema: public; Owner: wsp
--

CREATE TABLE public.sessions (
    id bigint NOT NULL,
    course_id integer NOT NULL,
    title character varying(255) NOT NULL,
    description text,
    created_at timestamp(0) without time zone,
    updated_at timestamp(0) without time zone,
    sort integer,
    live text
);


ALTER TABLE public.sessions OWNER TO wsp;

--
-- Name: sessions_id_seq; Type: SEQUENCE; Schema: public; Owner: wsp
--

CREATE SEQUENCE public.sessions_id_seq
    START WITH 1
    INCREMENT BY 1
    NO MINVALUE
    NO MAXVALUE
    CACHE 1;


ALTER TABLE public.sessions_id_seq OWNER TO wsp;

--
-- Name: sessions_id_seq; Type: SEQUENCE OWNED BY; Schema: public; Owner: wsp
--

ALTER SEQUENCE public.sessions_id_seq OWNED BY public.sessions.id;


--
-- Name: users; Type: TABLE; Schema: public; Owner: wsp
--

CREATE TABLE public.users (
    id bigint NOT NULL,
    name character varying(255) NOT NULL,
    email character varying(255) NOT NULL,
    email_verified_at timestamp(0) without time zone,
    password character varying(255) NOT NULL,
    remember_token character varying(100),
    created_at timestamp(0) without time zone,
    updated_at timestamp(0) without time zone,
    organization_id integer,
    role character varying(255)
);


ALTER TABLE public.users OWNER TO wsp;

--
-- Name: users_id_seq; Type: SEQUENCE; Schema: public; Owner: wsp
--

CREATE SEQUENCE public.users_id_seq
    START WITH 1
    INCREMENT BY 1
    NO MINVALUE
    NO MAXVALUE
    CACHE 1;


ALTER TABLE public.users_id_seq OWNER TO wsp;

--
-- Name: users_id_seq; Type: SEQUENCE OWNED BY; Schema: public; Owner: wsp
--

ALTER SEQUENCE public.users_id_seq OWNED BY public.users.id;


--
-- Name: assets id; Type: DEFAULT; Schema: public; Owner: wsp
--

ALTER TABLE ONLY public.assets ALTER COLUMN id SET DEFAULT nextval('public.assets_id_seq'::regclass);


--
-- Name: audit01 id; Type: DEFAULT; Schema: public; Owner: wsp
--

ALTER TABLE ONLY public.audit01 ALTER COLUMN id SET DEFAULT nextval('public.audit01_id_seq'::regclass);


--
-- Name: audit02 id; Type: DEFAULT; Schema: public; Owner: wsp
--

ALTER TABLE ONLY public.audit02 ALTER COLUMN id SET DEFAULT nextval('public.audit02_id_seq'::regclass);


--
-- Name: audit03 id; Type: DEFAULT; Schema: public; Owner: wsp
--

ALTER TABLE ONLY public.audit03 ALTER COLUMN id SET DEFAULT nextval('public.audit03_id_seq'::regclass);


--
-- Name: audits id; Type: DEFAULT; Schema: public; Owner: wsp
--

ALTER TABLE ONLY public.audits ALTER COLUMN id SET DEFAULT nextval('public.audits_id_seq'::regclass);


--
-- Name: courses id; Type: DEFAULT; Schema: public; Owner: wsp
--

ALTER TABLE ONLY public.courses ALTER COLUMN id SET DEFAULT nextval('public.courses_id_seq'::regclass);


--
-- Name: discussions id; Type: DEFAULT; Schema: public; Owner: wsp
--

ALTER TABLE ONLY public.discussions ALTER COLUMN id SET DEFAULT nextval('public.discussions_id_seq'::regclass);


--
-- Name: failed_jobs id; Type: DEFAULT; Schema: public; Owner: wsp
--

ALTER TABLE ONLY public.failed_jobs ALTER COLUMN id SET DEFAULT nextval('public.failed_jobs_id_seq'::regclass);


--
-- Name: menus id; Type: DEFAULT; Schema: public; Owner: wsp
--

ALTER TABLE ONLY public.menus ALTER COLUMN id SET DEFAULT nextval('public.menus_id_seq'::regclass);


--
-- Name: migrations id; Type: DEFAULT; Schema: public; Owner: wsp
--

ALTER TABLE ONLY public.migrations ALTER COLUMN id SET DEFAULT nextval('public.migrations_id_seq'::regclass);


--
-- Name: organizations id; Type: DEFAULT; Schema: public; Owner: wsp
--

ALTER TABLE ONLY public.organizations ALTER COLUMN id SET DEFAULT nextval('public.organizations_id_seq'::regclass);


--
-- Name: personal_access_tokens id; Type: DEFAULT; Schema: public; Owner: wsp
--

ALTER TABLE ONLY public.personal_access_tokens ALTER COLUMN id SET DEFAULT nextval('public.personal_access_tokens_id_seq'::regclass);


--
-- Name: questions id; Type: DEFAULT; Schema: public; Owner: wsp
--

ALTER TABLE ONLY public.questions ALTER COLUMN id SET DEFAULT nextval('public.questions_id_seq'::regclass);


--
-- Name: quizzes id; Type: DEFAULT; Schema: public; Owner: wsp
--

ALTER TABLE ONLY public.quizzes ALTER COLUMN id SET DEFAULT nextval('public.quizzes_id_seq'::regclass);


--
-- Name: reports id; Type: DEFAULT; Schema: public; Owner: wsp
--

ALTER TABLE ONLY public.reports ALTER COLUMN id SET DEFAULT nextval('public.reports_id_seq'::regclass);


--
-- Name: rpam id; Type: DEFAULT; Schema: public; Owner: wsp
--

ALTER TABLE ONLY public.rpam ALTER COLUMN id SET DEFAULT nextval('public.rpam_id_seq'::regclass);


--
-- Name: session_files id; Type: DEFAULT; Schema: public; Owner: wsp
--

ALTER TABLE ONLY public.session_files ALTER COLUMN id SET DEFAULT nextval('public.session_files_id_seq'::regclass);


--
-- Name: sessions id; Type: DEFAULT; Schema: public; Owner: wsp
--

ALTER TABLE ONLY public.sessions ALTER COLUMN id SET DEFAULT nextval('public.sessions_id_seq'::regclass);


--
-- Name: users id; Type: DEFAULT; Schema: public; Owner: wsp
--

ALTER TABLE ONLY public.users ALTER COLUMN id SET DEFAULT nextval('public.users_id_seq'::regclass);


--
-- Data for Name: assets; Type: TABLE DATA; Schema: public; Owner: wsp
--

COPY public.assets (id, user_id, original_filename, filename, created_at, updated_at) FROM stdin;
1	1	Modul 0_RSD_MD_30072023_rev1.pdf	public/PsEfsd5WeLpcNWBWOFA7OmbIuQ7EoWS6KIG3SBp5.pdf	2024-02-21 06:43:37	2024-02-21 06:43:37
2	1	Modul 0_RSD_MD_30072023_rev1.pdf	public/f3ggNuI827cqTS9wT9yIugtL0KfuCbDBeM4rX084.pdf	2024-02-21 06:43:55	2024-02-21 06:43:55
3	1	Modul 1_RSD_MD_31072023_rev1.pdf	public/cNp8uwmwjiXf033Gt3YFyVue7jbMXuyZ8hwWGICi.pdf	2024-02-21 06:44:24	2024-02-21 06:44:24
4	1	Modul 2_RSD_MD 02_31072023.pdf	public/3VcVdIyor9fcfAUUI9QKXm3gQZsDKAODNic2nc1E.pdf	2024-02-21 06:47:39	2024-02-21 06:47:39
5	1	Modul 3_RSD_MD 02_31072023.pdf	public/JBGhKTD0uLcQK0UXgOTgTHXn397JdZe50OMUu2wa.pdf	2024-02-21 06:48:10	2024-02-21 06:48:10
6	1	Modul 4_RSD_MD 02_01082023.pdf	public/QIlP7OSxK6bpBtA2GlLOPea26Dg5EsZVfkBmZ3fb.pdf	2024-02-21 06:49:02	2024-02-21 06:49:02
7	1	Modul 5_RSD_MD 02_01082023.pdf	public/V39nWEI9O5s1zKmA59vL0XHOQCBjrJnOqDV5JD5d.pdf	2024-02-21 06:49:23	2024-02-21 06:49:23
8	1	Modul 6_RSD_MD 02_02082023.pdf	public/EqMGSV3EXqry86VLJSCnD355doXaOIBjbzQMyZCJ.pdf	2024-02-21 06:49:51	2024-02-21 06:49:51
9	1	Modul 7_RSD_MD 02_02082023 (1).pdf	public/e9VgNJiV7bWbWlRaf95I68NNDlUnsmEdlEYNQ0Eo.pdf	2024-02-21 06:50:23	2024-02-21 06:50:23
10	1	Modul 8_RSD_MD 02_02082023.pdf	public/4mclSbK6SwLlyLp1Y52r98eZYZXtKdhRCRbJWe9T.pdf	2024-02-21 06:50:46	2024-02-21 06:50:46
11	1	Modul 9_RSD_MD 02_02082023.pdf	public/QmLkMaIspKuTVzyBAXbT1I1fpb0TB8Yn1A2hhbib.pdf	2024-02-21 06:58:13	2024-02-21 06:58:13
12	1	Modul 10_RSD_MD 02_03082023.pdf	public/ItEq1LB8rkKBjVY4FjJVlBqvKRymsdDAszi7dSN9.pdf	2024-02-21 06:58:51	2024-02-21 06:58:51
13	1	Modul 11_RSD_MD 02_03082023.pdf	public/66ZcCDUQBr0KnSMncejg0ysKrGPSagMuezlv0JyW.pdf	2024-02-21 06:58:51	2024-02-21 06:58:51
14	1	04 Penjelasan_RSD_1412023.pdf	public/8tTHcgrATkD7jCiMCbHW5i51iOamhhh75NMzJgDI.pdf	2024-02-21 06:59:41	2024-02-21 06:59:41
15	1	07 BLC_RSD_24012024.pdf	public/zJjW1bNW5yBcbhxjEOo7nWJIv6SinRXrzzEo2SUl.pdf	2024-02-21 07:00:00	2024-02-21 07:00:00
16	1	08 MPD 1 Kebijakan tentang RPAM_RSD_24012024.pdf	public/tAUghOLh85Cz6edkHsiVjn9Yny6nsO8WHRATgpTc.pdf	2024-02-21 07:00:27	2024-02-21 07:00:27
17	1	08 MPI 1 RPAM_RSD_24012024.pdf	public/RD0p9aXy20IgOz4x0TarX2cjbZ9APtxL4DXslgUw.pdf	2024-02-21 07:05:56	2024-02-21 07:05:56
18	1	09 MPI 2 Audit Internal & Eksternal_RSD_24012024.pdf	public/QOPu43o6QxYTvb2MSb8lwkg6c6fXFPNqZk8E9RnV.pdf	2024-02-21 07:06:38	2024-02-21 07:06:38
19	1	11 MPI 3 Alur Teknis Audit Eksternal_RSD_24012024.pdf	public/PLJtcfeF768o1yCHK0vc2HRT60iDG8BydVuxbOJ7.pdf	2024-02-21 07:07:07	2024-02-21 07:07:07
20	1	08 MPI 4 Pemeriksaan Kelengkapan Dokumen RPAM_RSD_24012024.pdf	public/BEIdmY8yOKTxJOAep2NTyQsG0Ljc6sPsBWjsaiO2.pdf	2024-02-21 07:07:41	2024-02-21 07:07:41
21	1	07 MPI 5 Pemeriksaan Kesesuaian Dokumen RPAM_RSD_24012024.pdf	public/ue08KZvKlJ5yZWgdMnSV8Tk8oeHLgDA625AkCNK6.pdf	2024-02-21 07:08:09	2024-02-21 07:08:09
22	1	07 MPI 6 Pemeriksaan Implementasi RPAM_RSD_24012024.pdf	public/AokppUSHvKZKE4jn9npK0gcmsQ2NMQHcPcnApvNP.pdf	2024-02-21 07:10:33	2024-02-21 07:10:33
23	1	02 Kunjungan Lap_RSD_14122023.pdf	public/2Ab4RZZPFHvcopq52TBWovHhsXNyGqKCskDXETeH.pdf	2024-02-21 07:11:21	2024-02-21 07:11:21
24	1	06 MPD 1 Kebijakan tentang RPAM.docx	public/07viCy2IQv5B52HFa6QkUhnoAwDX2r8ucIwwmUYY.docx	2024-02-21 07:22:46	2024-02-21 07:22:46
25	1	MPD 1 Kebijakan tentang RPAM.pdf	public/VSZUYrVlyo0ZAgUFF9nV50Mg8HK6re6Ez72yoyv8.pdf	2024-02-21 07:25:49	2024-02-21 07:25:49
\.


--
-- Data for Name: audit01; Type: TABLE DATA; Schema: public; Owner: wsp
--

COPY public.audit01 (id, audit_id, audit01_umum_i, audit01_umum_i_comment, audit01_umum_ii, audit01_umum_ii_comment, audit01_umum_iii, audit01_umum_iii_comment, audit01_umum_iv, audit01_umum_iv_comment, audit01_modul1_1, audit01_modul1_1_comment, audit01_modul1_2, audit01_modul1_2_comment, audit01_modul1_3, audit01_modul1_3_comment, audit01_modul1_4, audit01_modul1_4_comment, audit01_modul1_5, audit01_modul1_5_comment, audit01_modul1_6, audit01_modul1_6_comment, audit01_modul1_7, audit01_modul1_7_comment, audit01_modul1_8, audit01_modul1_8_comment, audit01_modul1_9, audit01_modul1_9_comment, audit01_modul1_10, audit01_modul1_10_comment, audit01_modul1_11, audit01_modul1_11_comment, audit01_modul1_12, audit01_modul1_12_comment, audit01_modul1_13, audit01_modul1_13_comment, audit01_modul1_14, audit01_modul1_14_comment, audit01_modul1_15, audit01_modul1_15_comment, audit01_modul2_1, audit01_modul2_1_comment, audit01_modul2_2, audit01_modul2_2_comment, audit01_modul2_3, audit01_modul2_3_comment, audit01_modul2_4, audit01_modul2_4_comment, audit01_modul2_5, audit01_modul2_5_comment, audit01_modul2_6, audit01_modul2_6_comment, audit01_modul2_7, audit01_modul2_7_comment, audit01_modul2_8, audit01_modul2_8_comment, audit01_modul2_9, audit01_modul2_9_comment, audit01_modul3_1, audit01_modul3_1_comment, audit01_modul3_2, audit01_modul3_2_comment, audit01_modul3_3, audit01_modul3_3_comment, audit01_modul3_4, audit01_modul3_4_comment, audit01_modul3_5, audit01_modul3_5_comment, audit01_modul3_6, audit01_modul3_6_comment, audit01_modul3_7, audit01_modul3_7_comment, audit01_modul4_1, audit01_modul4_1_comment, audit01_modul4_2, audit01_modul4_2_comment, audit01_modul5_1, audit01_modul5_1_comment, audit01_modul5_2, audit01_modul5_2_comment, audit01_modul5_3, audit01_modul5_3_comment, audit01_modul5_4, audit01_modul5_4_comment, audit01_modul6_1, audit01_modul6_1_comment, audit01_modul6_2, audit01_modul6_2_comment, audit01_modul7_1, audit01_modul7_1_comment, audit01_modul7_2, audit01_modul7_2_comment, audit01_modul7_3, audit01_modul7_3_comment, audit01_modul7_4, audit01_modul7_4_comment, audit01_modul7_5, audit01_modul7_5_comment, audit01_modul7_6, audit01_modul7_6_comment, audit01_modul7_7, audit01_modul7_7_comment, audit01_modul8_1, audit01_modul8_1_comment, audit01_modul8_2, audit01_modul8_2_comment, audit01_modul8_3, audit01_modul8_3_comment, audit01_modul8_4, audit01_modul8_4_comment, audit01_modul8_5, audit01_modul8_5_comment, audit01_modul9_1, audit01_modul9_1_comment, audit01_modul9_2, audit01_modul9_2_comment, audit01_modul9_3, audit01_modul9_3_comment, audit01_modul9_4, audit01_modul9_4_comment, audit01_modul9_5, audit01_modul9_5_comment, audit01_modul9_6, audit01_modul9_6_comment, audit01_modul9_7, audit01_modul9_7_comment, audit01_modul9_8, audit01_modul9_8_comment, audit01_modul10_1, audit01_modul10_1_comment, audit01_modul10_2, audit01_modul10_2_comment, audit01_modul10_3, audit01_modul10_3_comment, audit01_modul10_4, audit01_modul10_4_comment, audit01_modul11_1, audit01_modul11_1_comment, audit01_modul11_2, audit01_modul11_2_comment, created_at, updated_at) FROM stdin;
1	1	0	\N	1	\N	2	\N	2	test update komentar	\N	\N	\N	\N	\N	\N	\N	\N	\N	\N	\N	\N	\N	\N	\N	\N	\N	\N	\N	\N	\N	\N	\N	\N	\N	\N	\N	\N	\N	\N	\N	\N	\N	\N	\N	\N	\N	\N	\N	\N	\N	\N	\N	\N	\N	\N	\N	\N	\N	\N	\N	\N	\N	\N	\N	\N	\N	\N	\N	\N	\N	\N	\N	\N	\N	\N	\N	\N	\N	\N	\N	\N	\N	\N	\N	\N	\N	\N	\N	\N	\N	\N	\N	\N	\N	\N	\N	\N	\N	\N	\N	\N	\N	\N	\N	\N	\N	\N	\N	\N	\N	\N	\N	\N	\N	\N	\N	\N	\N	\N	\N	\N	\N	\N	\N	\N	\N	\N	\N	\N	\N	\N	\N	\N	\N	\N	\N	\N	\N	\N	2024-03-20 22:33:26	2024-03-20 22:34:07
2	2	0	\N	0	\N	1	\N	1	\N	1	\N	1	\N	1	\N	1	\N	2	\N	1	\N	1	\N	1	\N	1	\N	1	\N	1	\N	1	\N	1	\N	1	\N	1	\N	1	\N	1	\N	1	\N	1	\N	1	\N	1	\N	\N	\N	1	\N	1	\N	1	\N	1	\N	1	\N	1	\N	1	\N	1	\N	1	\N	1	\N	1	\N	1	\N	1	\N	0	\N	\N	\N	1	\N	1	\N	1	\N	1	\N	1	\N	1	\N	1	\N	1	\N	1	\N	1	\N	1	\N	1	\N	1	\N	1	\N	1	\N	1	\N	1	\N	1	\N	1	\N	0	\N	1	\N	1	\N	1	\N	1	\N	1	\N	1	\N	1	\N	0	\N	2024-03-21 04:00:49	2024-03-21 04:00:49
3	3	1	\N	1	\N	0	\N	0	\N	1	\N	1	\N	1	\N	1	\N	0	\N	1	\N	1	\N	1	\N	1	\N	1	\N	1	\N	2	\N	1	\N	1	\N	1	\N	1	\N	0	\N	1	\N	2	\N	1	\N	1	\N	1	\N	1	\N	1	\N	1	\N	1	\N	1	\N	1	\N	1	\N	2	\N	0	\N	0	\N	1	\N	1	\N	1	\N	0	\N	\N	\N	0	\N	0	\N	1	\N	0	\N	1	\N	1	\N	1	\N	1	\N	1	\N	1	\N	0	\N	1	\N	1	\N	1	\N	1	\N	1	\N	1	\N	1	\N	1	\N	0	\N	1	\N	1	\N	0	\N	0	\N	1	\N	1	\N	1	\N	2	\N	2024-05-27 03:14:17	2024-05-27 03:16:09
4	4	1	\N	0	\N	1	\N	1	\N	2	\N	1	\N	1	\N	1	\N	0	\N	1	\N	1	\N	0	ketua tim sudah pindah bagian	1	\N	1	\N	1	\N	1	\N	1	\N	1	\N	1	\N	1	\N	1	\N	2	\N	0	\N	0	\N	1	\N	1	\N	1	\N	1	\N	1	\N	1	\N	1	\N	1	\N	1	\N	1	\N	1	\N	1	\N	0	\N	1	\N	0	\N	1	\N	\N	\N	1	\N	0	\N	1	\N	1	\N	1	\N	0	\N	0	\N	1	\N	1	\N	1	\N	1	\N	0	\N	1	\N	1	\N	1	\N	0	\N	1	\N	1	\N	1	\N	1	\N	1	\N	1	\N	1	\N	1	\N	1	\N	0	\N	1	\N	0	\N	2024-06-03 06:57:41	2024-06-03 07:01:05
5	5	1	\N	1	\N	1	\N	0	\N	1	\N	1	\N	1	\N	1	\N	0	masih didominasi oleh pria sebanyak 90%	1	\N	0	Ahli eksternal masih berupa kontrak kerjasama	1	\N	1	\N	1	\N	1	\N	1	\N	1	\N	1	\N	1	\N	1	\N	1	\N	1	\N	0	\N	1	\N	1	\N	1	\N	0	target kualitas air minum belum menyesuaikan per unit pengolahan	1	\N	1	\N	1	\N	1	\N	1	\N	1	\N	1	\N	0	dampak keparahan tidak sesuai	1	\N	1	\N	1	\N	0	\N	1	\N	\N	\N	1	\N	0	\N	1	\N	0	\N	1	\N	1	\N	1	\N	1	\N	1	\N	1	\N	1	\N	1	\N	1	\N	0	\N	1	\N	0	\N	1	\N	1	\N	1	\N	1	\N	0	\N	1	\N	1	\N	1	\N	1	\N	0	\N	1	\N	1	\N	2024-06-04 02:35:33	2024-06-04 03:01:40
6	6	\N	\N	\N	\N	1	Juknis sudah mengacu dengan keadaan di lapangan	\N	\N	\N	\N	\N	\N	\N	\N	\N	\N	\N	\N	\N	\N	\N	\N	\N	\N	\N	\N	\N	\N	\N	\N	\N	\N	\N	\N	\N	\N	\N	\N	\N	\N	\N	\N	\N	\N	\N	\N	\N	\N	\N	\N	\N	\N	\N	\N	\N	\N	\N	\N	\N	\N	\N	\N	\N	\N	\N	\N	\N	\N	\N	\N	\N	\N	\N	\N	\N	\N	\N	\N	\N	\N	\N	\N	\N	\N	\N	\N	\N	\N	\N	\N	\N	\N	\N	\N	\N	\N	\N	\N	\N	\N	\N	\N	\N	\N	\N	\N	\N	\N	\N	\N	\N	\N	\N	\N	\N	\N	\N	\N	\N	\N	\N	\N	\N	\N	\N	\N	\N	\N	\N	\N	\N	\N	\N	\N	\N	\N	\N	\N	2024-06-04 03:46:27	2024-06-04 03:47:43
\.


--
-- Data for Name: audit02; Type: TABLE DATA; Schema: public; Owner: wsp
--

COPY public.audit02 (id, audit_id, audit02_umum_i, audit02_umum_i_comment, audit02_umum_ii, audit02_umum_ii_comment, audit02_umum_iii, audit02_umum_iii_comment, audit02_modul1_1a, audit02_modul1_1a_comment, audit02_modul1_1b, audit02_modul1_1b_comment, audit02_modul1_2a, audit02_modul1_2a_comment, audit02_modul1_3a, audit02_modul1_3a_comment, audit02_modul1_4a, audit02_modul1_4a_comment, audit02_modul1_5a, audit02_modul1_5a_comment, audit02_modul1_6a, audit02_modul1_6a_comment, audit02_modul1_8a, audit02_modul1_8a_comment, audit02_modul1_9a, audit02_modul1_9a_comment, audit02_modul1_9b, audit02_modul1_9b_comment, audit02_modul1_7c, audit02_modul1_7c_comment, audit02_modul1_10a, audit02_modul1_10a_comment, audit02_modul1_11, audit02_modul1_11_comment, audit02_modul1_12a, audit02_modul1_12a_comment, audit02_modul1_13a, audit02_modul1_13a_comment, audit02_modul1_14a, audit02_modul1_14a_comment, audit02_modul2_1a, audit02_modul2_1a_comment, audit02_modul2_2a, audit02_modul2_2a_comment, audit02_modul2_3a, audit02_modul2_3a_comment, audit02_modul2_4a, audit02_modul2_4a_comment, audit02_modul2_5a, audit02_modul2_5a_comment, audit02_modul2_5b, audit02_modul2_5b_comment, audit02_modul2_6a, audit02_modul2_6a_comment, audit02_modul2_7a, audit02_modul2_7a_comment, audit02_modul2_8a, audit02_modul2_8a_comment, audit02_modul2_9a, audit02_modul2_9a_comment, audit02_modul3_1a, audit02_modul3_1a_comment, audit02_modul3_1b, audit02_modul3_1b_comment, audit02_modul3_1c, audit02_modul3_1c_comment, audit02_modul3_2a, audit02_modul3_2a_comment, audit02_modul3_3a6a, audit02_modul3_3a6a_comment, audit02_modul3_7a, audit02_modul3_7a_comment, audit02_modul4_1a, audit02_modul4_1a_comment, audit02_modul4_1b, audit02_modul4_1b_comment, audit02_modul4_2a, audit02_modul4_2a_comment, audit02_modul4_2b, audit02_modul4_2b_comment, audit02_modul4_2c, audit02_modul4_2c_comment, audit02_modul5_1a, audit02_modul5_1a_comment, audit02_modul5_1b, audit02_modul5_1b_comment, audit02_modul5_2a, audit02_modul5_2a_comment, audit02_modul5_2b, audit02_modul5_2b_comment, audit02_modul5_3a, audit02_modul5_3a_comment, audit02_modul5_4a, audit02_modul5_4a_comment, audit02_modul6_a, audit02_modul6_a_comment, audit02_modul6_1a, audit02_modul6_1a_comment, audit02_modul6_1b, audit02_modul6_1b_comment, audit02_modul6_2a, audit02_modul6_2a_comment, audit02_modul6_2b, audit02_modul6_2b_comment, audit02_modul6_2c, audit02_modul6_2c_comment, audit02_modul6_2d, audit02_modul6_2d_comment, audit02_modul7_a, audit02_modul7_a_comment, audit02_modul7_1a, audit02_modul7_1a_comment, audit02_modul7_2a, audit02_modul7_2a_comment, audit02_modul7_2b, audit02_modul7_2b_comment, audit02_modul7_2c, audit02_modul7_2c_comment, audit02_modul7_2d, audit02_modul7_2d_comment, audit02_modul7_2e, audit02_modul7_2e_comment, audit02_modul7_2f, audit02_modul7_2f_comment, audit02_modul7_3a, audit02_modul7_3a_comment, audit02_modul7_3b, audit02_modul7_3b_comment, audit02_modul7_4a, audit02_modul7_4a_comment, audit02_modul7_4b, audit02_modul7_4b_comment, audit02_modul7_5a, audit02_modul7_5a_comment, audit02_modul7_5b, audit02_modul7_5b_comment, audit02_modul7_6a, audit02_modul7_6a_comment, audit02_modul7_7a, audit02_modul7_7a_comment, audit02_modul7_7b, audit02_modul7_7b_comment, audit02_modul7_7c, audit02_modul7_7c_comment, audit02_modul8_a, audit02_modul8_a_comment, audit02_modul8_1a, audit02_modul8_1a_comment, audit02_modul8_1b, audit02_modul8_1b_comment, audit02_modul8_1c, audit02_modul8_1c_comment, audit02_modul8_2a, audit02_modul8_2a_comment, audit02_modul8_2b, audit02_modul8_2b_comment, audit02_modul8_4a, audit02_modul8_4a_comment, audit02_modul8_5a, audit02_modul8_5a_comment, audit02_modul9_1a, audit02_modul9_1a_comment, audit02_modul9_2a, audit02_modul9_2a_comment, audit02_modul9_2b, audit02_modul9_2b_comment, audit02_modul9_3a, audit02_modul9_3a_comment, audit02_modul9_4a, audit02_modul9_4a_comment, audit02_modul9_4b, audit02_modul9_4b_comment, audit02_modul9_5a, audit02_modul9_5a_comment, audit02_modul9_6a, audit02_modul9_6a_comment, audit02_modul9_7a, audit02_modul9_7a_comment, audit02_modul9_7b, audit02_modul9_7b_comment, audit02_modul9_8a, audit02_modul9_8a_comment, audit02_modul10_1a, audit02_modul10_1a_comment, audit02_modul10_2a, audit02_modul10_2a_comment, audit02_modul10_3a, audit02_modul10_3a_comment, audit02_modul10_3b, audit02_modul10_3b_comment, audit02_modul10_4a, audit02_modul10_4a_comment, audit02_modul10_4b, audit02_modul10_4b_comment, audit02_modul11_1a, audit02_modul11_1a_comment, audit02_modul11_2a, audit02_modul11_2a_comment, audit02_modul11_2b, audit02_modul11_2b_comment, audit02_modul11_2c, audit02_modul11_2c_comment, audit02_modul11_2d, audit02_modul11_2d_comment, audit02_modul11_2e, audit02_modul11_2e_comment, audit02_modul11_2f, audit02_modul11_2f_comment, audit02_modul11_2g, audit02_modul11_2g_comment, audit02_modul11_2h, audit02_modul11_2h_comment, created_at, updated_at) FROM stdin;
1	1	\N	\N	\N	\N	\N	\N	\N	\N	\N	\N	\N	\N	\N	\N	\N	\N	\N	\N	\N	\N	\N	\N	\N	\N	\N	\N	\N	\N	\N	\N	\N	\N	\N	\N	\N	\N	\N	\N	\N	\N	\N	\N	\N	\N	\N	\N	\N	\N	\N	\N	\N	\N	\N	\N	\N	\N	\N	\N	\N	\N	\N	\N	\N	\N	\N	\N	\N	\N	\N	\N	\N	\N	\N	\N	\N	\N	\N	\N	\N	\N	\N	\N	\N	\N	\N	\N	\N	\N	\N	\N	\N	\N	\N	\N	\N	\N	\N	\N	\N	\N	\N	\N	\N	\N	\N	\N	\N	\N	\N	\N	\N	\N	\N	\N	\N	\N	\N	\N	\N	\N	\N	\N	\N	\N	\N	\N	\N	\N	\N	\N	\N	\N	\N	\N	\N	\N	\N	\N	\N	\N	\N	\N	\N	\N	\N	\N	\N	\N	\N	\N	\N	\N	\N	\N	\N	\N	\N	\N	\N	\N	\N	\N	\N	\N	\N	\N	\N	\N	\N	\N	\N	\N	\N	\N	\N	\N	\N	\N	\N	\N	\N	\N	\N	\N	\N	\N	\N	\N	\N	\N	\N	\N	\N	\N	\N	\N	\N	\N	\N	\N	\N	\N	\N	\N	\N	\N	\N	\N	\N	\N	2024-03-20 22:33:26	2024-03-20 22:33:26
3	3	\N	\N	\N	\N	\N	\N	\N	\N	\N	\N	\N	\N	\N	\N	\N	\N	\N	\N	\N	\N	\N	\N	\N	\N	\N	\N	\N	\N	\N	\N	\N	\N	\N	\N	\N	\N	\N	\N	\N	\N	\N	\N	\N	\N	\N	\N	\N	\N	\N	\N	\N	\N	\N	\N	\N	\N	\N	\N	\N	\N	\N	\N	\N	\N	\N	\N	\N	\N	\N	\N	\N	\N	\N	\N	\N	\N	\N	\N	\N	\N	\N	\N	\N	\N	\N	\N	\N	\N	\N	\N	\N	\N	\N	\N	\N	\N	\N	\N	\N	\N	\N	\N	\N	\N	\N	\N	\N	\N	\N	\N	\N	\N	\N	\N	\N	\N	\N	\N	\N	\N	\N	\N	\N	\N	\N	\N	\N	\N	\N	\N	\N	\N	\N	\N	\N	\N	\N	\N	\N	\N	\N	\N	\N	\N	\N	\N	\N	\N	\N	\N	\N	\N	\N	\N	\N	\N	\N	\N	\N	\N	\N	\N	\N	\N	\N	\N	\N	\N	\N	\N	\N	\N	\N	\N	\N	\N	\N	\N	\N	\N	\N	\N	\N	\N	\N	\N	\N	\N	\N	\N	\N	\N	\N	\N	\N	\N	\N	\N	\N	\N	\N	\N	\N	\N	\N	\N	\N	\N	\N	\N	2024-05-27 03:14:17	2024-05-27 03:14:17
4	4	\N	\N	\N	\N	\N	\N	\N	\N	\N	\N	\N	\N	\N	\N	\N	\N	\N	\N	\N	\N	\N	\N	\N	\N	\N	\N	\N	\N	\N	\N	\N	\N	\N	\N	\N	\N	\N	\N	\N	\N	\N	\N	\N	\N	\N	\N	\N	\N	\N	\N	\N	\N	\N	\N	\N	\N	\N	\N	\N	\N	\N	\N	\N	\N	\N	\N	\N	\N	\N	\N	\N	\N	\N	\N	\N	\N	\N	\N	\N	\N	\N	\N	\N	\N	\N	\N	\N	\N	\N	\N	\N	\N	\N	\N	\N	\N	\N	\N	\N	\N	\N	\N	\N	\N	\N	\N	\N	\N	\N	\N	\N	\N	\N	\N	\N	\N	\N	\N	\N	\N	\N	\N	\N	\N	\N	\N	\N	\N	\N	\N	\N	\N	\N	\N	\N	\N	\N	\N	\N	\N	\N	\N	\N	\N	\N	\N	\N	\N	\N	\N	\N	\N	\N	\N	\N	\N	\N	\N	\N	\N	\N	\N	\N	\N	\N	\N	\N	\N	\N	\N	\N	\N	\N	\N	\N	\N	\N	\N	\N	\N	\N	\N	\N	\N	\N	\N	\N	\N	\N	\N	\N	\N	\N	\N	\N	\N	\N	\N	\N	\N	\N	\N	\N	\N	\N	\N	\N	\N	\N	\N	2024-06-03 06:57:41	2024-06-03 06:57:41
5	5	0	\N	1	\N	0	\N	0	\N	0	\N	0	\N	0	\N	0	\N	0	\N	0	\N	1	ketua tim RPAM sudah pensiun	0	\N	1	tidak terdapat rekaman sosialisasi	0	\N	0	\N	\N	\N	0	\N	0	\N	0	\N	0	\N	0	\N	0	\N	0	\N	0	\N	1	\N	1	Bak pelepas tekan tidak ada di narasi	0	\N	0	\N	0	\N	0	\N	0	\N	0	\N	0	\N	0	\N	0	\N	0	\N	0	\N	0	\N	0	\N	1	\N	0	\N	0	\N	0	\N	0	\N	0	\N	1	\N	0	\N	0	\N	0	\N	0	\N	0	\N	0	\N	1	\N	0	\N	0	\N	0	\N	1	\N	0	\N	0	\N	1	\N	0	\N	0	\N	0	\N	0	\N	0	\N	0	\N	0	\N	0	\N	0	\N	0	\N	0	\N	0	\N	0	\N	1	\N	0	\N	1	\N	0	\N	0	\N	0	\N	0	\N	0	\N	1	\N	1	\N	0	\N	0	\N	0	\N	0	\N	0	\N	0	\N	0	\N	0	\N	0	\N	0	\N	0	\N	0	\N	1	\N	0	\N	0	\N	1	\N	1	\N	0	\N	0	\N	0	\N	2	\N	2	RPAM baru dijalankan satu siklus, sehingga belum ada revisi	2024-06-04 02:35:33	2024-06-04 03:01:40
6	6	\N	\N	\N	\N	\N	\N	\N	\N	\N	\N	\N	\N	\N	\N	\N	\N	\N	\N	\N	\N	\N	\N	\N	\N	\N	\N	\N	\N	\N	\N	\N	\N	\N	\N	\N	\N	\N	\N	\N	\N	\N	\N	\N	\N	\N	\N	\N	\N	\N	\N	\N	\N	\N	\N	\N	\N	\N	\N	\N	\N	\N	\N	\N	\N	\N	\N	\N	\N	\N	\N	\N	\N	\N	\N	\N	\N	\N	\N	\N	\N	\N	\N	\N	\N	\N	\N	\N	\N	\N	\N	\N	\N	\N	\N	\N	\N	\N	\N	\N	\N	\N	\N	\N	\N	\N	\N	\N	\N	\N	\N	\N	\N	\N	\N	\N	\N	\N	\N	\N	\N	\N	\N	\N	\N	\N	\N	\N	\N	\N	\N	\N	\N	\N	\N	\N	\N	\N	\N	\N	\N	\N	\N	\N	\N	\N	\N	\N	\N	\N	\N	\N	\N	\N	\N	\N	\N	\N	\N	\N	\N	\N	\N	\N	\N	\N	\N	\N	\N	\N	\N	\N	\N	\N	\N	\N	\N	\N	\N	\N	\N	\N	\N	\N	\N	\N	\N	\N	\N	\N	\N	\N	\N	\N	\N	\N	\N	\N	\N	\N	\N	\N	\N	\N	\N	\N	\N	\N	\N	\N	\N	2024-06-04 03:46:27	2024-06-04 03:46:27
2	2	0	\N	0	\N	0	\N	0	\N	0	\N	0	\N	0	\N	0	\N	0	\N	0	\N	0	\N	0	\N	0	\N	0	\N	0	\N	\N	\N	0	\N	0	Menyusul	0	\N	0	\N	0	\N	2	\N	0	\N	0	\N	0	\N	0	\N	0	\N	0	\N	0	\N	0	\N	0	\N	0	\N	0	\N	0	\N	0	\N	0	\N	0	\N	0	\N	0	\N	0	\N	0	\N	0	\N	0	\N	0	\N	0	\N	0	\N	0	\N	0	\N	0	\N	0	\N	0	\N	0	\N	0	2	0	\N	0	\N	0	\N	0	\N	0	\N	0	\N	0	\N	0	\N	0	\N	0	\N	0	\N	0	\N	0	\N	0	\N	0	\N	0	\N	0	\N	0	\N	0	\N	0	\N	0	\N	0	\N	0	\N	0	\N	0	\N	\N	\N	0	\N	0	\N	0	\N	0	\N	0	\N	0	\N	0	\N	0	\N	0	\N	0	\N	0	\N	0	\N	0	\N	0	\N	0	\N	0	\N	0	\N	0	\N	0	\N	0	\N	0	\N	0	\N	0	\N	0	\N	0	\N	0	\N	2024-03-21 04:00:49	2024-06-04 06:47:25
\.


--
-- Data for Name: audit03; Type: TABLE DATA; Schema: public; Owner: wsp
--

COPY public.audit03 (id, audit_id, audit03_umum_spamjp_ap_i, audit03_umum_spamjp_ma_i, audit03_umum_spamjp_sb_i, audit03_umum_spamjp_ah_i, audit03_umum_temuan_i, audit03_umum_comment_i, audit03_umum_spamjp_ap_ii, audit03_umum_spamjp_ma_ii, audit03_umum_spamjp_sb_ii, audit03_umum_spamjp_ah_ii, audit03_umum_temuan_ii, audit03_umum_comment_ii, audit03_umum_spamjp_ap_iii, audit03_umum_spamjp_ma_iii, audit03_umum_spamjp_sb_iii, audit03_umum_spamjp_ah_iii, audit03_umum_temuan_iii, audit03_umum_comment_iii, audit03_umum_spamjp_ap_iv, audit03_umum_spamjp_ma_iv, audit03_umum_spamjp_sb_iv, audit03_umum_spamjp_ah_iv, audit03_umum_temuan_iv, audit03_umum_comment_iv, audit03_umum_spamjp_ap_v, audit03_umum_spamjp_ma_v, audit03_umum_spamjp_sb_v, audit03_umum_spamjp_ah_v, audit03_umum_temuan_v, audit03_umum_comment_v, audit03_umum_spamjp_ap_vi, audit03_umum_spamjp_ma_vi, audit03_umum_spamjp_sb_vi, audit03_umum_spamjp_ah_vi, audit03_umum_temuan_vi, audit03_umum_comment_vi, audit03_umum_spamjp_ap_vii, audit03_umum_spamjp_ma_vii, audit03_umum_spamjp_sb_vii, audit03_umum_spamjp_ah_vii, audit03_umum_temuan_vii, audit03_umum_comment_vii, audit03_umum_spamjp_ap_viii, audit03_umum_spamjp_ma_viii, audit03_umum_spamjp_sb_viii, audit03_umum_spamjp_ah_viii, audit03_umum_temuan_viii, audit03_umum_comment_viii, audit03_umum_spamjp_ap_ix, audit03_umum_spamjp_ma_ix, audit03_umum_spamjp_sb_ix, audit03_umum_spamjp_ah_ix, audit03_umum_temuan_ix, audit03_umum_comment_ix, audit03_umum_spamjp_ap_x, audit03_umum_spamjp_ma_x, audit03_umum_spamjp_sb_x, audit03_umum_spamjp_ah_x, audit03_umum_temuan_x, audit03_umum_comment_x, audit03_umum_spamjp_ap_xi, audit03_umum_spamjp_ma_xi, audit03_umum_spamjp_sb_xi, audit03_umum_spamjp_ah_xi, audit03_umum_temuan_xi, audit03_umum_comment_xi, audit03_umum_spamjp_ap_xii, audit03_umum_spamjp_ma_xii, audit03_umum_spamjp_sb_xii, audit03_umum_spamjp_ah_xii, audit03_umum_temuan_xii, audit03_umum_comment_xii, audit03_umum_spamjp_ap_xiii, audit03_umum_spamjp_ma_xiii, audit03_umum_spamjp_sb_xiii, audit03_umum_spamjp_ah_xiii, audit03_umum_temuan_xiii, audit03_umum_comment_xiii, audit03_umum_spamjp_ap_xiv, audit03_umum_spamjp_ma_xiv, audit03_umum_spamjp_sb_xiv, audit03_umum_spamjp_ah_xiv, audit03_umum_temuan_xiv, audit03_umum_comment_xiv, audit03_umum_spamjp_ap_xv, audit03_umum_spamjp_ma_xv, audit03_umum_spamjp_sb_xv, audit03_umum_spamjp_ah_xv, audit03_umum_temuan_xv, audit03_umum_comment_xv, audit03_umum_spamjp_ap_xvi, audit03_umum_spamjp_ma_xvi, audit03_umum_spamjp_sb_xvi, audit03_umum_spamjp_ah_xvi, audit03_umum_temuan_xvi, audit03_umum_comment_xvi, audit03_umum_spamjp_ap_xvii, audit03_umum_spamjp_ma_xvii, audit03_umum_spamjp_sb_xvii, audit03_umum_spamjp_ah_xvii, audit03_umum_temuan_xvii, audit03_umum_comment_xvii, audit03_umum_spamjp_ap_xviii, audit03_umum_spamjp_ma_xviii, audit03_umum_spamjp_sb_xviii, audit03_umum_spamjp_ah_xviii, audit03_umum_temuan_xviii, audit03_umum_comment_xviii, audit03_umum_spamjp_ap_xix, audit03_umum_spamjp_ma_xix, audit03_umum_spamjp_sb_xix, audit03_umum_spamjp_ah_xix, audit03_umum_temuan_xix, audit03_umum_comment_xix, audit03_aspek1_spamjp_ap_1, audit03_aspek1_spamjp_ma_1, audit03_aspek1_spamjp_sb_1, audit03_aspek1_spamjp_ah_1, audit03_aspek1_temuan_1, audit03_aspek1_comment_1, audit03_aspek_spamjp_ap_2, audit03_aspek_spamjp_ma_2, audit03_aspek_spamjp_sb_2, audit03_aspek_spamjp_ah_2, audit03_aspek_temuan_2, audit03_aspek_comment_2, audit03_aspek_spamjp_ap_2a, audit03_aspek_spamjp_ma_2a, audit03_aspek_spamjp_sb_2a, audit03_aspek_spamjp_ah_2a, audit03_aspek_comment_2a, audit03_aspek_spamjp_ap_3, audit03_aspek_spamjp_ma_3, audit03_aspek_spamjp_sb_3, audit03_aspek_spamjp_ah_3, audit03_aspek_temuan_3, audit03_aspek_comment_3, audit03_aspek_spamjp_ap_2b, audit03_aspek_spamjp_ma_2b, audit03_aspek_spamjp_sb_2b, audit03_aspek_spamjp_ah_2b, audit03_aspek_comment_2b, audit03_aspek_spamjp_ap_2c, audit03_aspek_spamjp_ma_2c, audit03_aspek_spamjp_sb_2c, audit03_aspek_spamjp_ah_2c, audit03_aspek_comment_2c, audit03_aspek_spamjp_ap_4, audit03_aspek_spamjp_ma_4, audit03_aspek_spamjp_sb_4, audit03_aspek_spamjp_ah_4, audit03_aspek_temuan_4, audit03_aspek_comment_4, audit03_aspek_spamjp_ap_2d, audit03_aspek_spamjp_ma_2d, audit03_aspek_spamjp_sb_2d, audit03_aspek_spamjp_ah_2d, audit03_aspek_comment_2d, audit03_aspek_spamjp_ap_2e, audit03_aspek_spamjp_ma_2e, audit03_aspek_spamjp_sb_2e, audit03_aspek_spamjp_ah_2e, audit03_aspek_comment_2e, audit03_aspek_spamjp_ap_5, audit03_aspek_spamjp_ma_5, audit03_aspek_spamjp_sb_5, audit03_aspek_spamjp_ah_5, audit03_aspek_temuan_5, audit03_aspek_comment_5, audit03_aspek_spamjp_ap_6, audit03_aspek_spamjp_ma_6, audit03_aspek_spamjp_sb_6, audit03_aspek_spamjp_ah_6, audit03_aspek_temuan_6, audit03_aspek_comment_6, audit03_aspek_spamjp_ap_3a, audit03_aspek_spamjp_ma_3a, audit03_aspek_spamjp_sb_3a, audit03_aspek_spamjp_ah_3a, audit03_aspek_comment_3a, audit03_aspek_spamjp_ap_7, audit03_aspek_spamjp_ma_7, audit03_aspek_spamjp_sb_7, audit03_aspek_spamjp_ah_7, audit03_aspek_temuan_7, audit03_aspek_comment_7, audit03_aspek_spamjp_ap_3b, audit03_aspek_spamjp_ma_3b, audit03_aspek_spamjp_sb_3b, audit03_aspek_spamjp_ah_3b, audit03_aspek_comment_3b, audit03_aspek_spamjp_ap_4a, audit03_aspek_spamjp_ma_4a, audit03_aspek_spamjp_sb_4a, audit03_aspek_spamjp_ah_4a, audit03_aspek_comment_4a, audit03_aspek_spamjp_ap_8, audit03_aspek_spamjp_ma_8, audit03_aspek_spamjp_sb_8, audit03_aspek_spamjp_ah_8, audit03_aspek_temuan_8, audit03_aspek_comment_8, audit03_aspek_spamjp_ap_4b, audit03_aspek_spamjp_ma_4b, audit03_aspek_spamjp_sb_4b, audit03_aspek_spamjp_ah_4b, audit03_aspek_comment_4b, audit03_aspek_spamjp_ap_9, audit03_aspek_spamjp_ma_9, audit03_aspek_spamjp_sb_9, audit03_aspek_spamjp_ah_9, audit03_aspek_temuan_9, audit03_aspek_comment_9, audit03_aspek_spamjp_ap_4c, audit03_aspek_spamjp_ma_4c, audit03_aspek_spamjp_sb_4c, audit03_aspek_spamjp_ah_4c, audit03_aspek_comment_4c, audit03_aspek_spamjp_ap_10, audit03_aspek_spamjp_ma_10, audit03_aspek_spamjp_sb_10, audit03_aspek_spamjp_ah_10, audit03_aspek_temuan_10, audit03_aspek_comment_10, audit03_aspek_spamjp_ap_11, audit03_aspek_spamjp_ma_11, audit03_aspek_spamjp_sb_11, audit03_aspek_spamjp_ah_11, audit03_aspek_temuan_11, audit03_aspek_comment_11, audit03_aspek_spamjp_ap_12, audit03_aspek_spamjp_ma_12, audit03_aspek_spamjp_sb_12, audit03_aspek_spamjp_ah_12, audit03_aspek_temuan_12, audit03_aspek_comment_12, audit03_aspek_spamjp_ap_13, audit03_aspek_spamjp_ma_13, audit03_aspek_spamjp_sb_13, audit03_aspek_spamjp_ah_13, audit03_aspek_temuan_13, audit03_aspek_comment_13, audit03_aspek_spamjp_ap_4d, audit03_aspek_spamjp_ma_4d, audit03_aspek_spamjp_sb_4d, audit03_aspek_spamjp_ah_4d, audit03_aspek_comment_4d, audit03_aspek_spamjp_ap_14, audit03_aspek_spamjp_ma_14, audit03_aspek_spamjp_sb_14, audit03_aspek_spamjp_ah_14, audit03_aspek_temuan_14, audit03_aspek_comment_14, audit03_aspek_spamjp_ap_4f, audit03_aspek_spamjp_ma_4f, audit03_aspek_spamjp_sb_4f, audit03_aspek_spamjp_ah_4f, audit03_aspek_comment_4f, audit03_aspek_spamjp_ap_15, audit03_aspek_spamjp_ma_15, audit03_aspek_spamjp_sb_15, audit03_aspek_spamjp_ah_15, audit03_aspek_temuan_15, audit03_aspek_comment_15, audit03_aspek_spamjp_ap_4e, audit03_aspek_spamjp_ma_4e, audit03_aspek_spamjp_sb_4e, audit03_aspek_spamjp_ah_4e, audit03_aspek_comment_4e, audit03_aspek_spamjp_ap_16, audit03_aspek_spamjp_ma_16, audit03_aspek_spamjp_sb_16, audit03_aspek_spamjp_ah_16, audit03_aspek_temuan_16, audit03_aspek_comment_16, audit03_aspek_spamjp_ap_17, audit03_aspek_spamjp_ma_17, audit03_aspek_spamjp_sb_17, audit03_aspek_spamjp_ah_17, audit03_aspek_temuan_17, audit03_aspek_comment_17, audit03_aspek_spamjp_ap_18, audit03_aspek_spamjp_ma_18, audit03_aspek_spamjp_sb_18, audit03_aspek_spamjp_ah_18, audit03_aspek_temuan_18, audit03_aspek_comment_18, audit03_aspek_spamjp_ap_19, audit03_aspek_spamjp_ma_19, audit03_aspek_spamjp_sb_19, audit03_aspek_spamjp_ah_19, audit03_aspek_temuan_19, audit03_aspek_comment_19, audit03_aspek_spamjp_ap_20, audit03_aspek_spamjp_ma_20, audit03_aspek_spamjp_sb_20, audit03_aspek_spamjp_ah_20, audit03_aspek_temuan_20, audit03_aspek_comment_20, audit03_aspek_spamjp_ap_4g, audit03_aspek_spamjp_ma_4g, audit03_aspek_spamjp_sb_4g, audit03_aspek_spamjp_ah_4g, audit03_aspek_comment_4g, audit03_aspek_spamjp_ap_21, audit03_aspek_spamjp_ma_21, audit03_aspek_spamjp_sb_21, audit03_aspek_spamjp_ah_21, audit03_aspek_temuan_21, audit03_aspek_comment_21, audit03_aspek_spamjp_ap_22, audit03_aspek_spamjp_ma_22, audit03_aspek_spamjp_sb_22, audit03_aspek_spamjp_ah_22, audit03_aspek_temuan_22, audit03_aspek_comment_22, audit03_aspek_spamjp_ap_23, audit03_aspek_spamjp_ma_23, audit03_aspek_spamjp_sb_23, audit03_aspek_spamjp_ah_23, audit03_aspek_temuan_23, audit03_aspek_comment_23, audit03_aspek_spamjp_ap_24, audit03_aspek_spamjp_ma_24, audit03_aspek_spamjp_sb_24, audit03_aspek_spamjp_ah_24, audit03_aspek_temuan_24, audit03_aspek_comment_24, audit03_aspek_spamjp_ap_25, audit03_aspek_spamjp_ma_25, audit03_aspek_spamjp_sb_25, audit03_aspek_spamjp_ah_25, audit03_aspek_temuan_25, audit03_aspek_comment_25, audit03_aspek_spamjp_ap_26, audit03_aspek_spamjp_ma_26, audit03_aspek_spamjp_sb_26, audit03_aspek_spamjp_ah_26, audit03_aspek_temuan_26, audit03_aspek_comment_26, audit03_aspek_spamjp_ap_27, audit03_aspek_spamjp_ma_27, audit03_aspek_spamjp_sb_27, audit03_aspek_spamjp_ah_27, audit03_aspek_temuan_27, audit03_aspek_comment_27, audit03_aspek_spamjp_ap_28, audit03_aspek_spamjp_ma_28, audit03_aspek_spamjp_sb_28, audit03_aspek_spamjp_ah_28, audit03_aspek_temuan_28, audit03_aspek_comment_28, audit03_aspek_spamjp_ap_29, audit03_aspek_spamjp_ma_29, audit03_aspek_spamjp_sb_29, audit03_aspek_spamjp_ah_29, audit03_aspek_temuan_29, audit03_aspek_comment_29, audit03_aspek_spamjp_ap_30, audit03_aspek_spamjp_ma_30, audit03_aspek_spamjp_sb_30, audit03_aspek_spamjp_ah_30, audit03_aspek_temuan_30, audit03_aspek_comment_30, audit03_aspek_spamjp_ap_31, audit03_aspek_spamjp_ma_31, audit03_aspek_spamjp_sb_31, audit03_aspek_spamjp_ah_31, audit03_aspek_temuan_31, audit03_aspek_comment_31, audit03_aspek_spamjp_ap_32, audit03_aspek_spamjp_ma_32, audit03_aspek_spamjp_sb_32, audit03_aspek_spamjp_ah_32, audit03_aspek_temuan_32, audit03_aspek_comment_32, audit03_aspek_spamjp_ap_33, audit03_aspek_spamjp_ma_33, audit03_aspek_spamjp_sb_33, audit03_aspek_spamjp_ah_33, audit03_aspek_temuan_33, audit03_aspek_comment_33, audit03_aspek_spamjp_ap_34, audit03_aspek_spamjp_ma_34, audit03_aspek_spamjp_sb_34, audit03_aspek_spamjp_ah_34, audit03_aspek_temuan_34, audit03_aspek_comment_34, audit03_aspek_spamjp_ap_35, audit03_aspek_spamjp_ma_35, audit03_aspek_spamjp_sb_35, audit03_aspek_spamjp_ah_35, audit03_aspek_temuan_35, audit03_aspek_comment_35, audit03_aspek_spamjp_ap_36, audit03_aspek_spamjp_ma_36, audit03_aspek_spamjp_sb_36, audit03_aspek_spamjp_ah_36, audit03_aspek_temuan_36, audit03_aspek_comment_36, audit03_aspek_spamjp_ap_6a, audit03_aspek_spamjp_ma_6a, audit03_aspek_spamjp_sb_6a, audit03_aspek_spamjp_ah_6a, audit03_aspek_comment_6a, audit03_aspek_spamjp_ap_37, audit03_aspek_spamjp_ma_37, audit03_aspek_spamjp_sb_37, audit03_aspek_spamjp_ah_37, audit03_aspek_temuan_37, audit03_aspek_comment_37, audit03_aspek_spamjp_ap_38, audit03_aspek_spamjp_ma_38, audit03_aspek_spamjp_sb_38, audit03_aspek_spamjp_ah_38, audit03_aspek_temuan_38, audit03_aspek_comment_38, audit03_aspek_spamjp_ap_39, audit03_aspek_spamjp_ma_39, audit03_aspek_spamjp_sb_39, audit03_aspek_spamjp_ah_39, audit03_aspek_temuan_39, audit03_aspek_comment_39, audit03_aspek_spamjp_ap_40, audit03_aspek_spamjp_ma_40, audit03_aspek_spamjp_sb_40, audit03_aspek_spamjp_ah_40, audit03_aspek_temuan_40, audit03_aspek_comment_40, audit03_aspek_spamjp_ap_41, audit03_aspek_spamjp_ma_41, audit03_aspek_spamjp_sb_41, audit03_aspek_spamjp_ah_41, audit03_aspek_temuan_41, audit03_aspek_comment_41, audit03_cadangan_spamjp_ap_42, audit03_cadangan_spamjp_ma_42, audit03_cadangan_spamjp_sb_42, audit03_cadangan_spamjp_ah_42, audit03_cadangan_temuan_42, audit03_cadangan_comment_42, audit03_cadangan_spamjp_ap_43, audit03_cadangan_spamjp_ma_43, audit03_cadangan_spamjp_sb_43, audit03_cadangan_spamjp_ah_43, audit03_cadangan_temuan_43, audit03_cadangan_comment_43, audit03_lab_spamjp_ap_44, audit03_lab_spamjp_ma_44, audit03_lab_spamjp_sb_44, audit03_lab_spamjp_ah_44, audit03_lab_temuan_44, audit03_lab_comment_44, audit03_lab_spamjp_ap_45, audit03_lab_spamjp_ma_45, audit03_lab_spamjp_sb_45, audit03_lab_spamjp_ah_45, audit03_lab_temuan_45, audit03_lab_comment_45, audit03_lab_spamjp_ap_46, audit03_lab_spamjp_ma_46, audit03_lab_spamjp_sb_46, audit03_lab_spamjp_ah_46, audit03_lab_temuan_46, audit03_lab_comment_46, audit03_lab_spamjp_ap_47, audit03_lab_spamjp_ma_47, audit03_lab_spamjp_sb_47, audit03_lab_spamjp_ah_47, audit03_lab_temuan_47, audit03_lab_comment_47, audit03_lab_spamjp_ap_48, audit03_lab_spamjp_ma_48, audit03_lab_spamjp_sb_48, audit03_lab_spamjp_ah_48, audit03_lab_temuan_48, audit03_lab_comment_48, created_at, updated_at, audit03_aspek_spamjp_ap_1_, audit03_aspek_spamjp_ma_1_, audit03_aspek_spamjp_sb_1_, audit03_aspek_spamjp_ah_1_, audit03_aspek_comment_1_, audit03_aspek_spamjp_ap_2_, audit03_aspek_spamjp_ma_2_, audit03_aspek_spamjp_sb_2_, audit03_aspek_spamjp_ah_2_, audit03_aspek_comment_2_, audit03_aspek_spamjp_ap_3_, audit03_aspek_spamjp_ma_3_, audit03_aspek_spamjp_sb_3_, audit03_aspek_spamjp_ah_3_, audit03_aspek_comment_3_, audit03_aspek_spamjp_ap_4_, audit03_aspek_spamjp_ma_4_, audit03_aspek_spamjp_sb_4_, audit03_aspek_spamjp_ah_4_, audit03_aspek_comment_4_, audit03_aspek_spamjp_ap_5_, audit03_aspek_spamjp_ma_5_, audit03_aspek_spamjp_sb_5_, audit03_aspek_spamjp_ah_5_, audit03_aspek_comment_5_, audit03_aspek_spamjp_ap_6_, audit03_aspek_spamjp_ma_6_, audit03_aspek_spamjp_sb_6_, audit03_aspek_spamjp_ah_6_, audit03_aspek_comment_6_) FROM stdin;
1	1	\N	\N	\N	\N	\N	\N	\N	\N	\N	\N	\N	\N	\N	\N	\N	\N	\N	\N	\N	\N	\N	\N	\N	\N	\N	\N	\N	\N	\N	\N	\N	\N	\N	\N	\N	\N	\N	\N	\N	\N	\N	\N	\N	\N	\N	\N	\N	\N	\N	\N	\N	\N	\N	\N	\N	\N	\N	\N	\N	\N	\N	\N	\N	\N	\N	\N	\N	\N	\N	\N	\N	\N	\N	\N	\N	\N	\N	\N	\N	\N	\N	\N	\N	\N	\N	\N	\N	\N	\N	\N	\N	\N	\N	\N	\N	\N	\N	\N	\N	\N	\N	\N	\N	\N	\N	\N	\N	\N	\N	\N	\N	\N	\N	\N	\N	\N	\N	\N	\N	\N	\N	\N	\N	\N	\N	\N	\N	\N	\N	\N	\N	\N	\N	\N	\N	\N	\N	\N	\N	\N	\N	\N	\N	\N	\N	\N	\N	\N	\N	\N	\N	\N	\N	\N	\N	\N	\N	\N	\N	\N	\N	\N	\N	\N	\N	\N	\N	\N	\N	\N	\N	\N	\N	\N	\N	\N	\N	\N	\N	\N	\N	\N	\N	\N	\N	\N	\N	\N	\N	\N	\N	\N	\N	\N	\N	\N	\N	\N	\N	\N	\N	\N	\N	\N	\N	\N	\N	\N	\N	\N	\N	\N	\N	\N	\N	\N	\N	\N	\N	\N	\N	\N	\N	\N	\N	\N	\N	\N	\N	\N	\N	\N	\N	\N	\N	\N	\N	\N	\N	\N	\N	\N	\N	\N	\N	\N	\N	\N	\N	\N	\N	\N	\N	\N	\N	\N	\N	\N	\N	\N	\N	\N	\N	\N	\N	\N	\N	\N	\N	\N	\N	\N	\N	\N	\N	\N	\N	\N	\N	\N	\N	\N	\N	\N	\N	\N	\N	\N	\N	\N	\N	\N	\N	\N	\N	\N	\N	\N	\N	\N	\N	\N	\N	\N	\N	\N	\N	\N	\N	\N	\N	\N	\N	\N	\N	\N	\N	\N	\N	\N	\N	\N	\N	\N	\N	\N	\N	\N	\N	\N	\N	\N	\N	\N	\N	\N	\N	\N	\N	\N	\N	\N	\N	\N	\N	\N	\N	\N	\N	\N	\N	\N	\N	\N	\N	\N	\N	\N	\N	\N	\N	\N	\N	\N	\N	\N	\N	\N	\N	\N	\N	\N	\N	\N	\N	\N	\N	\N	\N	\N	\N	\N	\N	\N	\N	\N	\N	\N	\N	\N	\N	\N	\N	\N	\N	\N	\N	\N	\N	\N	\N	\N	\N	\N	\N	\N	\N	\N	\N	\N	\N	\N	\N	\N	\N	\N	\N	\N	\N	\N	\N	\N	\N	\N	\N	\N	\N	\N	\N	\N	\N	\N	\N	\N	\N	\N	\N	\N	\N	\N	\N	\N	\N	\N	\N	\N	\N	\N	\N	\N	\N	\N	\N	\N	\N	\N	\N	\N	\N	\N	\N	\N	\N	\N	\N	\N	\N	\N	\N	\N	\N	\N	\N	\N	\N	\N	\N	2024-03-20 22:33:26	2024-03-20 22:33:26	\N	\N	\N	\N	\N	\N	\N	\N	\N	\N	\N	\N	\N	\N	\N	\N	\N	\N	\N	\N	\N	\N	\N	\N	\N	\N	\N	\N	\N	\N
2	2	a	\N	\N	a	1	\N	a	na	na	na	2	\N	\N	\N	a	\N	0	\N	\N	\N	na	\N	1	\N	\N	\N	\N	\N	2	\N	\N	\N	\N	\N	\N	\N	\N	na	\N	\N	2	\N	\N	a	\N	\N	2	\N	a	a	\N	\N	0	\N	\N	a	\N	\N	2	\N	\N	\N	\N	\N	\N	\N	\N	na	na	\N	0	\N	\N	a	na	\N	0	\N	a	\N	\N	\N	0	\N	a	\N	\N	\N	\N	\N	\N	\N	\N	\N	\N	\N	\N	\N	\N	\N	0	\N	a	\N	\N	\N	\N	\N	\N	na	\N	\N	\N	\N	\N	\N	\N	\N	\N	\N	\N	\N	\N	\N	\N	\N	\N	\N	\N	\N	\N	\N	\N	\N	\N	\N	\N	\N	\N	\N	\N	\N	\N	\N	\N	\N	\N	\N	\N	\N	\N	\N	\N	\N	\N	\N	\N	\N	\N	\N	\N	\N	\N	\N	\N	\N	\N	1	\N	\N	\N	\N	\N	1	\N	\N	\N	\N	\N	\N	\N	\N	\N	\N	1	\N	a	a	a	\N	\N	\N	\N	\N	\N	\N	\N	\N	\N	\N	\N	\N	\N	\N	\N	\N	\N	\N	\N	\N	\N	\N	\N	\N	\N	\N	\N	\N	\N	\N	\N	\N	\N	\N	\N	\N	\N	\N	\N	\N	\N	\N	\N	\N	\N	\N	\N	\N	\N	\N	\N	\N	\N	\N	\N	\N	\N	\N	\N	\N	\N	\N	\N	\N	\N	\N	\N	\N	\N	\N	\N	\N	\N	\N	\N	\N	\N	\N	\N	\N	\N	\N	\N	\N	\N	\N	\N	\N	\N	\N	\N	\N	\N	\N	\N	\N	\N	\N	\N	\N	\N	\N	\N	\N	\N	\N	\N	\N	\N	\N	\N	\N	\N	\N	\N	\N	\N	\N	\N	\N	\N	\N	\N	\N	\N	\N	\N	\N	\N	\N	\N	\N	\N	\N	\N	\N	\N	\N	\N	\N	\N	\N	\N	\N	\N	\N	\N	\N	\N	\N	\N	\N	\N	\N	\N	\N	\N	\N	\N	\N	\N	\N	\N	\N	\N	\N	\N	\N	\N	\N	\N	\N	\N	\N	\N	\N	\N	\N	\N	\N	\N	\N	\N	\N	\N	\N	\N	\N	\N	\N	\N	\N	\N	\N	\N	\N	2	\N	\N	\N	\N	\N	2	\N	\N	\N	\N	\N	\N	\N	\N	\N	\N	\N	\N	\N	\N	\N	\N	2	\N	\N	\N	\N	\N	2	\N	a	\N	\N	\N	1	\N	\N	\N	\N	\N	1	\N	\N	\N	\N	\N	\N	\N	\N	\N	\N	\N	\N	\N	a	\N	\N	\N	\N	\N	a	na	\N	\N	\N	\N	\N	\N	\N	\N	\N	\N	\N	\N	\N	\N	\N	\N	a	\N	\N	\N	\N	\N	a	\N	\N	\N	\N	\N	2024-03-21 04:00:49	2024-03-21 04:24:47	\N	\N	\N	\N	\N	\N	\N	\N	\N	\N	\N	\N	\N	\N	\N	a	\N	\N	\N	\N	\N	\N	\N	\N	\N	\N	\N	\N	\N	\N
3	3	\N	\N	\N	\N	\N	\N	\N	\N	\N	\N	\N	\N	\N	\N	\N	\N	\N	\N	\N	\N	\N	\N	\N	\N	\N	\N	\N	\N	\N	\N	\N	\N	\N	\N	\N	\N	\N	\N	\N	\N	\N	\N	\N	\N	\N	\N	\N	\N	\N	\N	\N	\N	\N	\N	\N	\N	\N	\N	\N	\N	\N	\N	\N	\N	\N	\N	\N	\N	\N	\N	\N	\N	\N	\N	\N	\N	\N	\N	\N	\N	\N	\N	\N	\N	\N	\N	\N	\N	\N	\N	\N	\N	\N	\N	\N	\N	\N	\N	\N	\N	\N	\N	\N	\N	\N	\N	\N	\N	\N	\N	\N	\N	\N	\N	\N	\N	\N	\N	\N	\N	\N	\N	\N	\N	\N	\N	\N	\N	\N	\N	\N	\N	\N	\N	\N	\N	\N	\N	\N	\N	\N	\N	\N	\N	\N	\N	\N	\N	\N	\N	\N	\N	\N	\N	\N	\N	\N	\N	\N	\N	\N	\N	\N	\N	\N	\N	\N	\N	\N	\N	\N	\N	\N	\N	\N	\N	\N	\N	\N	\N	\N	\N	\N	\N	\N	\N	\N	\N	\N	\N	\N	\N	\N	\N	\N	\N	\N	\N	\N	\N	\N	\N	\N	\N	\N	\N	\N	\N	\N	\N	\N	\N	\N	\N	\N	\N	\N	\N	\N	\N	\N	\N	\N	\N	\N	\N	\N	\N	\N	\N	\N	\N	\N	\N	\N	\N	\N	\N	\N	\N	\N	\N	\N	\N	\N	\N	\N	\N	\N	\N	\N	\N	\N	\N	\N	\N	\N	\N	\N	\N	\N	\N	\N	\N	\N	\N	\N	\N	\N	\N	\N	\N	\N	\N	\N	\N	\N	\N	\N	\N	\N	\N	\N	\N	\N	\N	\N	\N	\N	\N	\N	\N	\N	\N	\N	\N	\N	\N	\N	\N	\N	\N	\N	\N	\N	\N	\N	\N	\N	\N	\N	\N	\N	\N	\N	\N	\N	\N	\N	\N	\N	\N	\N	\N	\N	\N	\N	\N	\N	\N	\N	\N	\N	\N	\N	\N	\N	\N	\N	\N	\N	\N	\N	\N	\N	\N	\N	\N	\N	\N	\N	\N	\N	\N	\N	\N	\N	\N	\N	\N	\N	\N	\N	\N	\N	\N	\N	\N	\N	\N	\N	\N	\N	\N	\N	\N	\N	\N	\N	\N	\N	\N	\N	\N	\N	\N	\N	\N	\N	\N	\N	\N	\N	\N	\N	\N	\N	\N	\N	\N	\N	\N	\N	\N	\N	\N	\N	\N	\N	\N	\N	\N	\N	\N	\N	\N	\N	\N	\N	\N	\N	\N	\N	\N	\N	\N	\N	\N	\N	\N	\N	\N	\N	\N	\N	\N	\N	\N	\N	\N	\N	\N	\N	\N	\N	\N	\N	\N	\N	\N	\N	\N	\N	\N	\N	\N	\N	\N	\N	\N	\N	\N	\N	\N	\N	\N	\N	\N	\N	\N	\N	\N	\N	\N	\N	\N	\N	2024-05-27 03:14:17	2024-05-27 03:14:17	\N	\N	\N	\N	\N	\N	\N	\N	\N	\N	\N	\N	\N	\N	\N	\N	\N	\N	\N	\N	\N	\N	\N	\N	\N	\N	\N	\N	\N	\N
4	4	\N	\N	\N	\N	\N	\N	\N	\N	\N	\N	\N	\N	\N	\N	\N	\N	\N	\N	\N	\N	\N	\N	\N	\N	\N	\N	\N	\N	\N	\N	\N	\N	\N	\N	\N	\N	\N	\N	\N	\N	\N	\N	\N	\N	\N	\N	\N	\N	\N	\N	\N	\N	\N	\N	\N	\N	\N	\N	\N	\N	\N	\N	\N	\N	\N	\N	\N	\N	\N	\N	\N	\N	\N	\N	\N	\N	\N	\N	\N	\N	\N	\N	\N	\N	\N	\N	\N	\N	\N	\N	\N	\N	\N	\N	\N	\N	\N	\N	\N	\N	\N	\N	\N	\N	\N	\N	\N	\N	\N	\N	\N	\N	\N	\N	\N	\N	\N	\N	\N	\N	\N	\N	\N	\N	\N	\N	\N	\N	\N	\N	\N	\N	\N	\N	\N	\N	\N	\N	\N	\N	\N	\N	\N	\N	\N	\N	\N	\N	\N	\N	\N	\N	\N	\N	\N	\N	\N	\N	\N	\N	\N	\N	\N	\N	\N	\N	\N	\N	\N	\N	\N	\N	\N	\N	\N	\N	\N	\N	\N	\N	\N	\N	\N	\N	\N	\N	\N	\N	\N	\N	\N	\N	\N	\N	\N	\N	\N	\N	\N	\N	\N	\N	\N	\N	\N	\N	\N	\N	\N	\N	\N	\N	\N	\N	\N	\N	\N	\N	\N	\N	\N	\N	\N	\N	\N	\N	\N	\N	\N	\N	\N	\N	\N	\N	\N	\N	\N	\N	\N	\N	\N	\N	\N	\N	\N	\N	\N	\N	\N	\N	\N	\N	\N	\N	\N	\N	\N	\N	\N	\N	\N	\N	\N	\N	\N	\N	\N	\N	\N	\N	\N	\N	\N	\N	\N	\N	\N	\N	\N	\N	\N	\N	\N	\N	\N	\N	\N	\N	\N	\N	\N	\N	\N	\N	\N	\N	\N	\N	\N	\N	\N	\N	\N	\N	\N	\N	\N	\N	\N	\N	\N	\N	\N	\N	\N	\N	\N	\N	\N	\N	\N	\N	\N	\N	\N	\N	\N	\N	\N	\N	\N	\N	\N	\N	\N	\N	\N	\N	\N	\N	\N	\N	\N	\N	\N	\N	\N	\N	\N	\N	\N	\N	\N	\N	\N	\N	\N	\N	\N	\N	\N	\N	\N	\N	\N	\N	\N	\N	\N	\N	\N	\N	\N	\N	\N	\N	\N	\N	\N	\N	\N	\N	\N	\N	\N	\N	\N	\N	\N	\N	\N	\N	\N	\N	\N	\N	\N	\N	\N	\N	\N	\N	\N	\N	\N	\N	\N	\N	\N	\N	\N	\N	\N	\N	\N	\N	\N	\N	\N	\N	\N	\N	\N	\N	\N	\N	\N	\N	\N	\N	\N	\N	\N	\N	\N	\N	\N	\N	\N	\N	\N	\N	\N	\N	\N	\N	\N	\N	\N	\N	\N	\N	\N	\N	\N	\N	\N	\N	\N	\N	\N	\N	\N	\N	\N	\N	\N	\N	\N	\N	\N	\N	\N	\N	\N	\N	\N	2024-06-03 06:57:41	2024-06-03 06:57:41	\N	\N	\N	\N	\N	\N	\N	\N	\N	\N	\N	\N	\N	\N	\N	\N	\N	\N	\N	\N	\N	\N	\N	\N	\N	\N	\N	\N	\N	\N
5	5	a	\N	\N	\N	0	\N	a	\N	\N	\N	1	ada beberapa lokasi yang sulit diakses	a	\N	\N	\N	1	\N	a	\N	\N	\N	0	\N	a	\N	\N	\N	0	\N	a	\N	\N	\N	0	\N	a	\N	\N	\N	0	\N	a	\N	\N	\N	1	\N	a	\N	\N	\N	0	\N	a	\N	\N	\N	0	\N	a	\N	\N	\N	0	\N	a	\N	\N	\N	0	\N	a	\N	\N	\N	0	\N	a	\N	\N	\N	1	\N	a	\N	\N	\N	0	\N	a	\N	\N	\N	0	\N	a	\N	\N	\N	0	\N	a	\N	\N	\N	0	\N	a	\N	\N	\N	0	\N	a	\N	\N	\N	0	\N	a	\N	\N	\N	1	belum memperhatikan faktor kejadian bencana	a	\N	\N	\N	\N	a	\N	\N	\N	1	terdapat sampah	a	\N	\N	\N	bar screen h: 2m, fine screen	na	\N	\N	\N	tidak menggunakan pompa	na	\N	\N	\N	\N	\N	a	\N	\N	\N	\N	a	\N	\N	\N	\N	a	\N	\N	\N	0	\N	na	\N	\N	\N	\N	saluran transmisi tertutup	na	\N	\N	\N	tidak ada BPT	na	\N	\N	\N	\N	\N	a	\N	\N	\N	\N	na	\N	\N	\N	Tidak terdapat unit Grit Chamber	na	\N	\N	\N	\N	\N	na	\N	\N	\N	\N	na	\N	\N	\N	\N	\N	a	\N	\N	\N	\N	a	\N	\N	\N	0	\N	a	\N	\N	\N	0	\N	a	\N	\N	\N	0	\N	a	\N	\N	\N	0	\N	a	\N	\N	\N	\N	a	\N	\N	\N	1	\N	a	\N	\N	\N	\N	a	\N	\N	\N	1	\N	a	\N	\N	\N	\N	a	\N	\N	\N	1	\N	a	\N	\N	\N	0	\N	a	\N	\N	\N	0	\N	a	\N	\N	\N	0	\N	a	\N	\N	\N	0	\N	a	\N	\N	\N	\N	a	\N	\N	\N	1	\N	a	\N	\N	\N	0	\N	a	\N	\N	\N	0	\N	a	\N	\N	\N	0	\N	a	\N	\N	\N	0	\N	a	\N	\N	\N	0	\N	a	\N	\N	\N	0	\N	a	\N	\N	\N	1	pembubuhan klor masih dilakukan intermiten	a	\N	\N	\N	0	\N	a	\N	\N	\N	0	\N	a	\N	\N	\N	0	\N	a	\N	\N	\N	0	\N	a	\N	\N	\N	1	\N	a	\N	\N	\N	0	\N	a	\N	\N	\N	0	\N	a	\N	\N	\N	0	\N	a	\N	\N	\N	\N	a	\N	\N	\N	0	\N	a	\N	\N	\N	0	\N	a	\N	\N	\N	0	\N	a	\N	\N	\N	0	\N	a	\N	\N	\N	1	\N	a	\N	\N	\N	0	\N	a	\N	\N	\N	1	\N	na	\N	\N	\N	\N	\N	a	\N	\N	\N	1	\N	a	\N	\N	\N	0	\N	a	\N	\N	\N	0	\N	a	\N	\N	\N	0	\N	2024-06-04 02:35:33	2024-06-04 03:01:40	a	\N	\N	\N	\N	a	\N	\N	\N	\N	a	\N	\N	\N	sistem tertutup	a	\N	\N	\N	\N	a	\N	\N	\N	\N	a	\N	\N	\N	\N
6	6	\N	\N	\N	\N	\N	\N	\N	\N	\N	\N	\N	\N	\N	\N	\N	\N	\N	\N	\N	\N	\N	\N	\N	\N	\N	\N	\N	\N	\N	\N	\N	\N	\N	\N	\N	\N	\N	\N	\N	\N	\N	\N	\N	\N	\N	\N	\N	\N	\N	\N	\N	\N	\N	\N	\N	\N	\N	\N	\N	\N	\N	\N	\N	\N	\N	\N	\N	\N	\N	\N	\N	\N	\N	\N	\N	\N	\N	\N	\N	\N	\N	\N	\N	\N	\N	\N	\N	\N	\N	\N	\N	\N	\N	\N	\N	\N	\N	\N	\N	\N	\N	\N	\N	\N	\N	\N	\N	\N	\N	\N	\N	\N	\N	\N	\N	\N	\N	\N	\N	\N	\N	\N	\N	\N	\N	\N	\N	\N	\N	\N	\N	\N	\N	\N	\N	\N	\N	\N	\N	\N	\N	\N	\N	\N	\N	\N	\N	\N	\N	\N	\N	\N	\N	\N	\N	\N	\N	\N	\N	\N	\N	\N	\N	\N	\N	\N	\N	\N	\N	\N	\N	\N	\N	\N	\N	\N	\N	\N	\N	\N	\N	\N	\N	\N	\N	\N	\N	\N	\N	\N	\N	\N	\N	\N	\N	\N	\N	\N	\N	\N	\N	\N	\N	\N	\N	\N	\N	\N	\N	\N	\N	\N	\N	\N	\N	\N	\N	\N	\N	\N	\N	\N	\N	\N	\N	\N	\N	\N	\N	\N	\N	\N	\N	\N	\N	\N	\N	\N	\N	\N	\N	\N	\N	\N	\N	\N	\N	\N	\N	\N	\N	\N	\N	\N	\N	\N	\N	\N	\N	\N	\N	\N	\N	\N	\N	\N	\N	\N	\N	\N	\N	\N	\N	\N	\N	\N	\N	\N	\N	\N	\N	\N	\N	\N	\N	\N	\N	\N	\N	\N	\N	\N	\N	\N	\N	\N	\N	\N	\N	\N	\N	\N	\N	\N	\N	\N	\N	\N	\N	\N	\N	\N	\N	\N	\N	\N	\N	\N	\N	\N	\N	\N	\N	\N	\N	\N	\N	\N	\N	\N	\N	\N	\N	\N	\N	\N	\N	\N	\N	\N	\N	\N	\N	\N	\N	\N	\N	\N	\N	\N	\N	\N	\N	\N	\N	\N	\N	\N	\N	\N	\N	\N	\N	\N	\N	\N	\N	\N	\N	\N	\N	\N	\N	\N	\N	\N	\N	\N	\N	\N	\N	\N	\N	\N	\N	\N	\N	\N	\N	\N	\N	\N	\N	\N	\N	\N	\N	\N	\N	\N	\N	\N	\N	\N	\N	\N	\N	\N	\N	\N	\N	\N	\N	\N	\N	\N	\N	\N	\N	\N	\N	\N	\N	\N	\N	\N	\N	\N	\N	\N	\N	\N	\N	\N	\N	\N	\N	\N	\N	\N	\N	\N	\N	\N	\N	\N	\N	\N	\N	\N	\N	\N	\N	\N	\N	\N	\N	\N	\N	\N	\N	\N	\N	\N	\N	\N	\N	\N	\N	\N	\N	\N	\N	\N	\N	\N	\N	2024-06-04 03:46:27	2024-06-04 03:46:27	\N	\N	\N	\N	\N	\N	\N	\N	\N	\N	\N	\N	\N	\N	\N	\N	\N	\N	\N	\N	\N	\N	\N	\N	\N	\N	\N	\N	\N	\N
\.


--
-- Data for Name: audits; Type: TABLE DATA; Schema: public; Owner: wsp
--

COPY public.audits (id, audit_date, institution_name, institution_address, auditor_name, auditor_organization, certificate_organization, spamjp, created_at, updated_at, organization_id) FROM stdin;
1	2024-03-20	test coba	pdam	xyz	abc	wakwaw	air permukaan	2024-03-20 22:33:26	2024-03-20 22:33:26	\N
2	2024-03-21	Air minum Okeh	jalan aja terus	ujang godeg	Audit udin	LSP Audit	air permukaan	2024-03-21 04:00:49	2024-03-21 04:26:47	\N
3	2024-05-28	PDAM YYY	Jalan Sejahtera	Yuza	Mutu Sertifikasi	Kemenkes	air permukaan	2024-05-27 03:14:17	2024-05-27 03:14:17	\N
4	2024-06-12	PDAM Kota Brmnhm	Jl. Hayam Wuruk 11, Brmnhm	Yuza	Merpati Mutu Sertifikasi	BNSP	air permukaan	2024-06-03 06:57:41	2024-06-03 06:57:41	\N
5	2024-06-06	PDAM Kabupaten Selangor	Jl. Kucing Hitam 99, Selangor	Yuza	Air Terjaga	BNSP	air permukaan	2024-06-04 02:35:33	2024-06-04 02:35:45	18
6	2024-06-04	PDAM Tirta Makmur	Jalan Polaroid	Hendra Handy	Professional	BNSP	mata air	2024-06-04 03:46:27	2024-06-04 03:46:38	20
\.


--
-- Data for Name: course_user; Type: TABLE DATA; Schema: public; Owner: wsp
--

COPY public.course_user (course_id, user_id) FROM stdin;
5	12
5	13
5	15
5	14
5	16
5	17
5	18
5	19
5	20
5	21
5	22
5	38
\.


--
-- Data for Name: courses; Type: TABLE DATA; Schema: public; Owner: wsp
--

COPY public.courses (id, title, description, picture, created_at, updated_at, start_date_time, is_master, instructor_id) FROM stdin;
1	Test	<p>lorem ipsum dolor sit amet</p>	public/54BzExBDHvFuMnf5hXm4ClZlRnUA0rFSMauIEIAm.pdf	2024-02-21 03:46:23	2024-02-21 03:46:23	2024-02-21 10:45:00	t	\N
2	Test 2	<p>asdas asf a asf aafffag kajsf ppoawrljasm poiq</p>	public/PajHqsUToTIKm9N7Dqja4C16mT0jsJy0bgbBOhjH.jpg	2024-02-21 03:47:25	2024-02-21 03:47:25	2024-02-21 10:46:00	t	\N
3	Test 3	<p>hello world</p>	public/0wN0j7h9feFYDaA6ng4u2rYmDOeMGhUht5lF9REl.jpg	2024-02-21 03:48:18	2024-02-21 03:48:18	2024-02-21 10:47:00	t	\N
4	Pelatihan Audit RPAM	<p>Pelatihan Audit RPAM ini berlangsung secara hybrid selama 7 hari, yakni : hari kamis - jumat (15-16 Februari 2024) &amp; hari Senin - jumat (19-23 Februari 2024).</p><p><br></p><p>Tujuan dari kegiatan ini adalah sebagai berikut :</p><ol><li>Memberikan peningkatan kapasitas bagi penyelenggara SPAM dan pemangku kepentingan terkait dalam audit RPAM</li><li>Menghasilkan auditor RPAM.</li></ol>	\N	2024-02-21 06:17:43	2024-02-21 06:17:43	2024-02-21 12:12:00	t	\N
5	Pelatihan Audit RPAM	<p><br></p>	public/XQgvc8Ut99wk8xTBpuJkchOxlqWoVEp5doewWCvN.jpg	2024-02-21 06:18:26	2024-07-24 02:30:30	2024-02-21 13:18:00	f	\N
\.


--
-- Data for Name: discussions; Type: TABLE DATA; Schema: public; Owner: wsp
--

COPY public.discussions (id, course_id, session_id, user_id, body, created_at, updated_at) FROM stdin;
\.


--
-- Data for Name: failed_jobs; Type: TABLE DATA; Schema: public; Owner: wsp
--

COPY public.failed_jobs (id, uuid, connection, queue, payload, exception, failed_at) FROM stdin;
\.


--
-- Data for Name: menus; Type: TABLE DATA; Schema: public; Owner: wsp
--

COPY public.menus (id, user_id, menu_name, created_at, updated_at) FROM stdin;
1	1	pelatihan	2024-02-21 03:45:27	2024-02-21 03:45:27
2	1	master_pelatihan	2024-02-21 03:45:27	2024-02-21 03:45:27
3	1	modul_pelatihan	2024-02-21 03:45:27	2024-02-21 03:45:27
4	1	pengguna	2024-02-21 03:45:27	2024-02-21 03:45:27
5	1	organisasi	2024-02-21 03:45:27	2024-02-21 03:45:27
6	1	quiz	2024-02-21 03:45:27	2024-02-21 03:45:27
7	2	pelatihan	2024-02-21 04:33:39	2024-02-21 04:33:39
8	2	quiz	2024-02-21 04:33:39	2024-02-21 04:33:39
9	3	pelatihan	2024-02-21 04:34:50	2024-02-21 04:34:50
10	3	quiz	2024-02-21 04:34:50	2024-02-21 04:34:50
11	4	pelatihan	2024-02-21 04:35:56	2024-02-21 04:35:56
12	4	quiz	2024-02-21 04:35:56	2024-02-21 04:35:56
13	5	pelatihan	2024-02-21 04:38:08	2024-02-21 04:38:08
14	5	quiz	2024-02-21 04:38:08	2024-02-21 04:38:08
15	6	pelatihan	2024-02-21 04:39:31	2024-02-21 04:39:31
16	6	quiz	2024-02-21 04:39:31	2024-02-21 04:39:31
21	9	pelatihan	2024-02-21 04:44:14	2024-02-21 04:44:14
22	9	quiz	2024-02-21 04:44:14	2024-02-21 04:44:14
23	8	pelatihan	2024-02-21 04:44:31	2024-02-21 04:44:31
24	8	quiz	2024-02-21 04:44:31	2024-02-21 04:44:31
25	10	pelatihan	2024-02-21 04:45:45	2024-02-21 04:45:45
26	10	quiz	2024-02-21 04:45:45	2024-02-21 04:45:45
27	11	pelatihan	2024-02-21 04:46:40	2024-02-21 04:46:40
28	11	quiz	2024-02-21 04:46:40	2024-02-21 04:46:40
29	12	pelatihan	2024-02-21 04:47:36	2024-02-21 04:47:36
30	12	quiz	2024-02-21 04:47:36	2024-02-21 04:47:36
31	13	pelatihan	2024-02-21 04:48:24	2024-02-21 04:48:24
32	13	quiz	2024-02-21 04:48:24	2024-02-21 04:48:24
37	14	pelatihan	2024-02-21 04:51:18	2024-02-21 04:51:18
38	14	quiz	2024-02-21 04:51:18	2024-02-21 04:51:18
39	15	pelatihan	2024-02-21 04:51:38	2024-02-21 04:51:38
40	15	quiz	2024-02-21 04:51:38	2024-02-21 04:51:38
41	16	pelatihan	2024-02-21 04:52:36	2024-02-21 04:52:36
42	16	quiz	2024-02-21 04:52:36	2024-02-21 04:52:36
43	17	pelatihan	2024-02-21 04:53:29	2024-02-21 04:53:29
44	17	quiz	2024-02-21 04:53:29	2024-02-21 04:53:29
45	18	pelatihan	2024-02-21 04:54:15	2024-02-21 04:54:15
46	18	quiz	2024-02-21 04:54:15	2024-02-21 04:54:15
47	19	pelatihan	2024-02-21 04:55:06	2024-02-21 04:55:06
48	19	quiz	2024-02-21 04:55:06	2024-02-21 04:55:06
49	20	pelatihan	2024-02-21 04:55:44	2024-02-21 04:55:44
50	20	quiz	2024-02-21 04:55:44	2024-02-21 04:55:44
51	21	pelatihan	2024-02-21 04:56:29	2024-02-21 04:56:29
52	21	quiz	2024-02-21 04:56:29	2024-02-21 04:56:29
53	22	pelatihan	2024-02-21 04:57:26	2024-02-21 04:57:26
54	22	quiz	2024-02-21 04:57:26	2024-02-21 04:57:26
55	23	pelatihan	2024-02-21 04:58:12	2024-02-21 04:58:12
56	23	quiz	2024-02-21 04:58:12	2024-02-21 04:58:12
57	24	pelatihan	2024-02-21 04:59:25	2024-02-21 04:59:25
58	24	quiz	2024-02-21 04:59:25	2024-02-21 04:59:25
59	25	pelatihan	2024-02-21 05:00:13	2024-02-21 05:00:13
60	25	quiz	2024-02-21 05:00:13	2024-02-21 05:00:13
61	26	pelatihan	2024-02-21 05:00:56	2024-02-21 05:00:56
62	26	quiz	2024-02-21 05:00:56	2024-02-21 05:00:56
63	27	pelatihan	2024-02-21 05:01:42	2024-02-21 05:01:42
64	27	quiz	2024-02-21 05:01:42	2024-02-21 05:01:42
65	28	pelatihan	2024-02-21 05:02:33	2024-02-21 05:02:33
66	28	quiz	2024-02-21 05:02:33	2024-02-21 05:02:33
67	29	pelatihan	2024-02-21 05:03:37	2024-02-21 05:03:37
68	29	quiz	2024-02-21 05:03:37	2024-02-21 05:03:37
69	30	pelatihan	2024-02-21 05:04:25	2024-02-21 05:04:25
70	30	quiz	2024-02-21 05:04:25	2024-02-21 05:04:25
71	31	pelatihan	2024-02-21 05:05:07	2024-02-21 05:05:07
72	31	quiz	2024-02-21 05:05:07	2024-02-21 05:05:07
73	32	pelatihan	2024-02-21 05:05:47	2024-02-21 05:05:47
74	32	quiz	2024-02-21 05:05:47	2024-02-21 05:05:47
173	33	pelatihan	2024-07-24 02:24:31	2024-07-24 02:24:31
174	33	master_pelatihan	2024-07-24 02:24:31	2024-07-24 02:24:31
175	33	modul_pelatihan	2024-07-24 02:24:31	2024-07-24 02:24:31
176	33	pengguna	2024-07-24 02:24:31	2024-07-24 02:24:31
177	33	organisasi	2024-07-24 02:24:31	2024-07-24 02:24:31
178	33	quiz	2024-07-24 02:24:31	2024-07-24 02:24:31
179	38	pelatihan	2024-07-24 02:25:40	2024-07-24 02:25:40
109	34	pelatihan	2024-04-17 06:57:29	2024-04-17 06:57:29
110	34	master_pelatihan	2024-04-17 06:57:29	2024-04-17 06:57:29
111	34	modul_pelatihan	2024-04-17 06:57:29	2024-04-17 06:57:29
112	34	pengguna	2024-04-17 06:57:29	2024-04-17 06:57:29
113	34	organisasi	2024-04-17 06:57:29	2024-04-17 06:57:29
114	34	quiz	2024-04-17 06:57:29	2024-04-17 06:57:29
120	35	pelatihan	2024-04-17 06:59:47	2024-04-17 06:59:47
121	35	master_pelatihan	2024-04-17 06:59:47	2024-04-17 06:59:47
122	35	modul_pelatihan	2024-04-17 06:59:47	2024-04-17 06:59:47
123	35	pengguna	2024-04-17 06:59:47	2024-04-17 06:59:47
124	35	organisasi	2024-04-17 06:59:47	2024-04-17 06:59:47
125	35	quiz	2024-04-17 06:59:47	2024-04-17 06:59:47
126	7	pelatihan	2024-04-17 07:00:55	2024-04-17 07:00:55
127	7	quiz	2024-04-17 07:00:55	2024-04-17 07:00:55
139	36	pengguna	2024-05-27 03:12:48	2024-05-27 03:12:48
140	37	pelatihan	2024-06-04 03:39:20	2024-06-04 03:39:20
141	37	modul_pelatihan	2024-06-04 03:39:20	2024-06-04 03:39:20
142	37	pengguna	2024-06-04 03:39:20	2024-06-04 03:39:20
\.


--
-- Data for Name: migrations; Type: TABLE DATA; Schema: public; Owner: wsp
--

COPY public.migrations (id, migration, batch) FROM stdin;
1	2014_10_12_000000_create_users_table	1
2	2014_10_12_100000_create_password_resets_table	1
3	2019_08_19_000000_create_failed_jobs_table	1
4	2019_12_14_000001_create_personal_access_tokens_table	1
5	2023_01_12_032216_create_organizations_table	1
6	2023_01_12_043212_add_organization_id_to_users	1
7	2023_01_30_074231_create_courses_table	1
8	2023_01_30_074956_create_course_user_table	1
9	2023_02_01_064126_create_sessions_table	1
10	2023_04_01_013513_create_assets_table	1
11	2023_04_01_053949_create_discussions_table	1
12	2023_04_01_095738_create_session_files_table	1
13	2023_04_03_122356_add_is_master_to_courses	1
14	2023_04_08_132824_add_instructor_to_courses	1
15	2023_07_28_075837_add_sort_to_sessions	1
16	2023_07_28_115620_add_role_to_users	1
17	2023_07_28_232925_add_live_to_sessions	1
18	2023_07_29_115753_create_quizzes_table	1
19	2023_07_29_115935_create_questions_table	1
20	2023_08_18_122639_create_menus_table	1
21	2023_09_10_043736_add_is_pdam_to_organizations	1
22	2023_09_10_090054_add_city_to_organizations	1
23	2023_09_17_142416_create_rpams_table	1
24	2023_10_08_211835_create_module1_0s_table	1
25	2023_10_09_091351_create_module1_1s_table	1
26	2023_10_09_092252_add_organization_id_to_rpams	1
27	2023_10_10_114130_create_module1_2s_table	1
28	2023_10_10_152022_create_module1_3s_table	1
29	2023_10_11_115842_create_module2_1s_table	1
30	2023_10_11_121323_create_module2_1_sabs_table	1
31	2023_10_11_122301_create_module2_1_ipams_table	1
32	2023_10_14_011855_create_module2_2s_table	1
33	2023_10_16_142910_create_module2_3s_table	1
34	2023_10_16_152907_create_module2_5s_table	1
35	2023_10_16_154212_create_module2_6s_table	1
36	2023_10_16_155420_create_module3_4s_table	1
37	2023_10_16_161739_create_module4_1s_table	1
38	2023_10_16_164643_create_module5_1s_table	1
39	2023_10_16_170328_create_module6_1s_table	1
40	2023_10_17_112033_create_module7_1s_table	1
41	2023_10_17_113325_create_module7_2s_table	1
42	2023_10_17_120314_create_module7_3s_table	1
43	2023_10_17_121451_create_module8_1s_table	1
44	2023_10_19_125431_create_module9_1s_table	1
45	2023_10_19_130225_create_module9_2s_table	1
46	2023_10_19_130636_create_module9_3s_table	1
47	2023_10_19_135903_create_module10_1s_table	1
48	2023_10_19_135908_create_module10_2s_table	1
49	2023_10_19_135914_create_module10_3s_table	1
50	2023_10_31_112500_add_ttd_image_to_m1_0	1
51	2023_10_31_121412_add_ttd_image_to_m1_1	1
52	2023_10_31_132119_add_attachment_to_m4_1	1
53	2023_10_31_134746_add_attachment_to_m8_1	1
54	2024_03_02_105720_drop_wsp_tables	2
55	2024_03_02_105733_create_audits_table	2
56	2024_03_02_110626_create_audit01s_table	2
57	2024_03_14_145754_create_audit02s_table	2
58	2024_03_19_132001_create_audit03s_table	2
59	2024_03_19_152936_add_columns_to_audit03	2
60	2024_05_26_220905_create_reports_table	3
61	2024_06_03_013031_add_fields_to_report	3
62	2024_06_03_103643_add_organization_id_to_audits	4
63	2024_06_04_062526_add_fields_second_time_fuck_off_tai_to_report	5
\.


--
-- Data for Name: organizations; Type: TABLE DATA; Schema: public; Owner: wsp
--

COPY public.organizations (id, name, created_at, updated_at, is_pdam, city, address) FROM stdin;
1	PERUMDA Air Minum Kota Palangkaraya	2024-02-21 04:03:44	2024-02-21 04:11:32	t	Provinsi Kalimantan Tengah|Kota Palangka Raya	Jl. Ahmad Yani No. 7, Langkai, Kec. Pahandut,  Kota Palangka Raya, Kalimantan Tengah 74874
2	PERUMDA Air Minum Tirta Sembada Kabupaten Sleman	2024-02-21 04:04:38	2024-02-21 04:12:03	t	Provinsi D.I Yogyakarta|Kabupaten Sleman	Jl. Parasamya No.18, Beran Lor, Tridadi, Kec. Sleman, Kabupaten Sleman, Daerah Istimewa Yogyakarta 55511
3	PERUMDA Air Minum Lawu Tirta  Kabupaten Magetan	2024-02-21 04:13:29	2024-02-21 04:13:51	t	Provinsi Jawa Timur|Kabupaten Magetan	Jl. Tripandita No. 5 Magetan, Kab. Magetan, Jawa Timur
4	PERUMDA Air Minum Tirta Aji Kabupaten Wonosobo	2024-02-21 04:14:08	2024-02-21 04:14:36	t	Provinsi Jawa Tengah|Kabupaten Wonosobo	JL. Tirta Aji, No. 02, 56311, Wonosobo Timur, Wonosobo Tim., Kec. Wonosobo, Kabupaten Wonosobo, Jawa Tengah
5	PERUMDA Air Minum Tirta Sanjiwani Kabupaten Gianyar	2024-02-21 04:15:08	2024-02-21 04:15:24	t	Provinsi Bali|Kabupaten Gianyar	Jl. Astina Timur, Samplangan, Kec. Gianyar, Kabupaten Gianyar, Bali 80512.
6	PERUMDA Air Minum Tirta Bumi Sentosa Kabupaten Kebumen	2024-02-21 04:15:43	2024-02-21 04:16:02	t	Provinsi Jawa Tengah|Kabupaten Kebumen	Jl. Aroengbinang No.12, Kawedusan, Kecamatan Kebumen, Kabupaten Kebumen, Jawa Tengah 54317
7	PERUMDA Air Minum Tirta Medal Kabupaten Sumedang	2024-02-21 04:16:15	2024-02-21 04:16:35	t	Provinsi Jawa Barat|Kabupaten Sumedang	Jl. Raya Sumedang-Cirebon KM 4,5 Desa Serang-Cimalaka, Kabupaten Sumedang, Jawa Barat
8	PERUMDA Air Minum Tirta Musi Kota Palembang	2024-02-21 04:16:49	2024-02-21 04:17:27	t	Provinsi Sumatera Selatan|Kota Palembang	Jl. Rambutan Ujung No.1, 30 Ilir, Kec. Ilir Barat II, Kota Palembang, Sumatera Selatan 30129
9	PERUMDA Air Minum Tirta Raharja - Kab.Bandung	2024-02-21 04:17:45	2024-02-21 04:18:12	t	Provinsi Jawa Barat|Kota Cimahi	Jl. Kolonel Masturi No.272, Cipageran, Kec. Cimahi Utara, Kota Cimahi, Jawa Barat 40511
10	PERUMDA Air Minum Tirta Langkisau Kab.Pesisir Selatan	2024-02-21 04:17:54	2024-02-21 04:20:40	t	Provinsi Sumatera Barat|Kabupaten Pesisir Selatan	Jl. Perintis Kemerdekaan-Painan Timur
11	Direktorat Penyehatan Lingkungan, Kementerian Kesehatan	2024-02-21 04:29:13	2024-02-21 04:29:13	t	\N	\N
12	LSP KLI	2024-02-21 04:29:31	2024-02-21 04:29:31	t	\N	\N
13	Profesional	2024-02-21 04:29:47	2024-02-21 04:29:47	t	\N	\N
14	Direktorat Perumahan dan Kawasan  Pemukiman Bappenas	2024-02-21 04:29:59	2024-02-21 04:29:59	t	\N	\N
15	Direktorat Air Minum Kementerian PUPR	2024-02-21 04:30:10	2024-02-21 04:30:10	t	\N	\N
16	Balai Prasarana Permukiman Wilayah D.I. Yogyakarta	2024-02-21 04:30:21	2024-02-21 04:30:21	t	\N	\N
17	Perumda Air Minum Tirta Satria Kabupaten Banyumas	2024-02-21 04:30:36	2024-02-21 04:30:36	t	\N	\N
18	KIAT/LPPM Itenas	2024-02-21 04:31:00	2024-02-21 04:31:00	t	\N	\N
19	WHO Indonesia	2024-02-21 04:31:09	2024-02-21 05:06:11	f	Provinsi |undefined	\N
20	Peserta	2024-06-04 03:38:35	2024-06-04 03:38:35	t	\N	\N
21	Development	2024-07-24 02:23:23	2024-07-24 02:23:23	f	\N	\N
\.


--
-- Data for Name: password_resets; Type: TABLE DATA; Schema: public; Owner: wsp
--

COPY public.password_resets (email, token, created_at) FROM stdin;
\.


--
-- Data for Name: personal_access_tokens; Type: TABLE DATA; Schema: public; Owner: wsp
--

COPY public.personal_access_tokens (id, tokenable_type, tokenable_id, name, token, abilities, last_used_at, expires_at, created_at, updated_at) FROM stdin;
1	App\\Models\\User	1	spa_token	c99b798c5f58b03700878ce1da2ab24f2cf935b5c456c651f3d738c60381d80b	["*"]	\N	\N	2024-02-21 03:45:00	2024-02-21 03:45:00
4	App\\Models\\User	1	spa_token	c21b1cccf76147bf81fd26ae76f6aaf299d645a14d9d6551114aa2334ecbd09e	["*"]	2024-02-21 03:49:01	\N	2024-02-21 03:45:32	2024-02-21 03:49:01
6	App\\Models\\User	1	spa_token	542da959f0893c03bcc92256c5d2e3c6bfcf463d6431ef8900356327e5fbe0e6	["*"]	\N	\N	2024-02-21 03:52:17	2024-02-21 03:52:17
12	App\\Models\\User	1	spa_token	0cc687824176e3e0c772a6bc2785437dc846e4dea7977ffe2bdfcbb1419dbafa	["*"]	\N	\N	2024-02-22 01:38:28	2024-02-22 01:38:28
39	App\\Models\\User	1	spa_token	969886fa60585e73a74cb0bf6686c9c3c52a6d3d95f4ecce1d3cf79f829f8dd9	["*"]	\N	\N	2024-03-29 06:27:37	2024-03-29 06:27:37
3	App\\Models\\User	1	spa_token	c9f704be29ded37c6bd1c4998a8dec51d81f3056beb5a5d6f62e13299c680f71	["*"]	\N	\N	2024-02-21 03:45:32	2024-02-21 03:45:32
25	App\\Models\\User	12	spa_token	f8c49460f6906e79187773a13af4f624658980d262573d165712f550795b92aa	["*"]	\N	\N	2024-03-28 08:01:38	2024-03-28 08:01:38
8	App\\Models\\User	1	spa_token	e7db32c08b46f613d7c0338911c5181b2c85a2919f83ed21702ff02b8b598002	["*"]	2024-02-21 04:06:49	\N	2024-02-21 04:05:21	2024-02-21 04:06:49
26	App\\Models\\User	12	spa_token	253731a72619f83182cbeed087b8f5c099949d9878be5e90f3fa13db1231c16b	["*"]	\N	\N	2024-03-28 08:01:39	2024-03-28 08:01:39
37	App\\Models\\User	33	spa_token	588c7a72d94e9c05aaa1580049472eb6b01e2f7ea463cb77a6f7308995983cc5	["*"]	2024-03-29 07:23:21	\N	2024-03-29 06:18:49	2024-03-29 07:23:21
38	App\\Models\\User	33	spa_token	4695309a7540fdf4978d1487f7b06c7c24cec7adb18432c6f41b7d609e7e6aa7	["*"]	\N	\N	2024-03-29 06:18:49	2024-03-29 06:18:49
17	App\\Models\\User	1	spa_token	422fed3b4e092ca1080724662faabec056cad3eea7d7be877480c4d865fee351	["*"]	\N	\N	2024-03-27 04:37:29	2024-03-27 04:37:29
14	App\\Models\\User	1	spa_token	0a9338875cc7ef13572e4439b80ef0d2b9df5a41678b78804bcad49b19adbb75	["*"]	2024-03-27 04:37:30	\N	2024-03-05 06:59:13	2024-03-27 04:37:30
11	App\\Models\\User	1	spa_token	a943546dc3e8d78acbfca5c195f38c0a7e9cb736676cd950030bd01423b23c24	["*"]	2024-03-28 08:25:11	\N	2024-02-22 01:38:28	2024-03-28 08:25:11
16	App\\Models\\User	1	spa_token	63bc9626975f51607e553cc0bd813c1ca2d9624780d73f1a3a1814df4986d74d	["*"]	2024-06-04 08:07:50	\N	2024-03-20 22:31:55	2024-06-04 08:07:50
35	App\\Models\\User	33	spa_token	6faedbda10c0d34a9604388e3e2bfccdc225d40d22d033d2fabfca070d1bf533	["*"]	\N	\N	2024-03-28 08:24:59	2024-03-28 08:24:59
2	App\\Models\\User	1	spa_token	69bbcfc80403e0aa8bed8216258284c1e3404aa2a7cfe8e47f7401706324fdcd	["*"]	2024-02-21 03:47:38	\N	2024-02-21 03:45:00	2024-02-21 03:47:38
27	App\\Models\\User	1	spa_token	2196278dc5bf578280646662b838491fc73f615ece8262f1be65f1f45a3e78bb	["*"]	\N	\N	2024-03-28 08:03:13	2024-03-28 08:03:13
7	App\\Models\\User	1	spa_token	2fd7648a305dbe8ba23c77a675ce998a3c78f25b1313367ecd402d577dab0a7d	["*"]	\N	\N	2024-02-21 04:05:21	2024-02-21 04:05:21
19	App\\Models\\User	1	spa_token	7a21ebbe32e9e928b0c84121ee413e3f0e417b0dcc0f0c9a5afab4d853642491	["*"]	\N	\N	2024-03-28 06:22:21	2024-03-28 06:22:21
20	App\\Models\\User	1	spa_token	f4a22a2edf24132c1b9c74f0c650a1bbee11b744da938cf33ab298f090473ac0	["*"]	\N	\N	2024-03-28 06:22:21	2024-03-28 06:22:21
28	App\\Models\\User	1	spa_token	2b9079c5433556f4cca83b86f0f36ef7eb9aa65237b3fb480214a7deee984f15	["*"]	\N	\N	2024-03-28 08:03:13	2024-03-28 08:03:13
10	App\\Models\\User	1	spa_token	b51741c631809bd72fcf6a435f5343698f0f0a43ccb9ff1babe7cec4e5aebee3	["*"]	2024-02-21 04:08:12	\N	2024-02-21 04:05:59	2024-02-21 04:08:12
36	App\\Models\\User	33	spa_token	b609022185e958e28c2cc4fa71ecb66a475639a23375e2ca330077ffd9527d37	["*"]	\N	\N	2024-03-28 08:24:59	2024-03-28 08:24:59
9	App\\Models\\User	1	spa_token	aefe04b611d5d7dbba273e3f84165bf9a0c65d8cba16cf65afd666ec7af7f573	["*"]	\N	\N	2024-02-21 04:05:59	2024-02-21 04:05:59
29	App\\Models\\User	33	spa_token	3dd618694fed10fd225d01a6112bf025bc5f9852d28a5e602f802d632968321b	["*"]	\N	\N	2024-03-28 08:06:08	2024-03-28 08:06:08
30	App\\Models\\User	33	spa_token	07c358ab3f698bdc59ce780912ae6c71f1954b0b253b09bdc7220af0902a8408	["*"]	\N	\N	2024-03-28 08:06:08	2024-03-28 08:06:08
40	App\\Models\\User	1	spa_token	e054e24007799fea706ec9aa25a2e8d4f8ab40a720cdc13ccd944540058c897b	["*"]	\N	\N	2024-03-29 06:27:37	2024-03-29 06:27:37
43	App\\Models\\User	33	spa_token	b6154bc638e0c983f5824a1cab086f17ea7264d90868f1213f259af37e35e47b	["*"]	\N	\N	2024-03-29 06:47:34	2024-03-29 06:47:34
21	App\\Models\\User	1	spa_token	c57849ce8c115711c1cc7afefeb7eeb690ad07fab7b9afd26f44ff3aeb6eca80	["*"]	\N	\N	2024-03-28 06:32:05	2024-03-28 06:32:05
13	App\\Models\\User	1	spa_token	86460be203e9ba42c5f0efcf4465d6b66e7dbc580abee1ff669a7f572add67e6	["*"]	\N	\N	2024-03-05 06:59:13	2024-03-05 06:59:13
22	App\\Models\\User	1	spa_token	8c6e5cf6a3aea046ec0f360ed8bbeb370400f6db11bd25cd77af7d29b79f93ba	["*"]	\N	\N	2024-03-28 06:32:05	2024-03-28 06:32:05
41	App\\Models\\User	33	spa_token	ab4468e7c730aeb5e500e81f47df6597307bb8f704397fb0c6fc83506b2d1294	["*"]	\N	\N	2024-03-29 06:36:49	2024-03-29 06:36:49
5	App\\Models\\User	1	spa_token	f76f471191fb3cf3c7918011a45fa446256111e0397d93e549a8aeda754950ae	["*"]	2024-02-21 09:26:44	\N	2024-02-21 03:52:17	2024-02-21 09:26:44
15	App\\Models\\User	1	spa_token	e742db047cdfd7c65acf410e7242aec206fc2a1fff9c267e5b28ca64b26dd3a2	["*"]	\N	\N	2024-03-20 22:31:55	2024-03-20 22:31:55
33	App\\Models\\User	1	spa_token	28c5dc9e5c22ded39b720f0dbe97d44ff9332767afb14cf8305f8c65f44788a5	["*"]	\N	\N	2024-03-28 08:24:22	2024-03-28 08:24:22
31	App\\Models\\User	33	spa_token	c36377f92d86b5399a44303b37637a7ba8596945eafda3ac29f6322878cfa8b7	["*"]	\N	\N	2024-03-28 08:08:05	2024-03-28 08:08:05
23	App\\Models\\User	12	spa_token	b31c5cda229af321cf0a669545bd47352076cbe88f4ea358b357b32abcd34e9e	["*"]	\N	\N	2024-03-28 08:01:19	2024-03-28 08:01:19
32	App\\Models\\User	33	spa_token	c3148df5615cd513cd741473d87389f317efced1f125150c2ebf5299de2abd74	["*"]	\N	\N	2024-03-28 08:08:05	2024-03-28 08:08:05
24	App\\Models\\User	12	spa_token	6faa32506b55de8e0ccad8a23c4d25c6f0832ccee53e1ce70fd445b4dd2fac93	["*"]	\N	\N	2024-03-28 08:01:19	2024-03-28 08:01:19
34	App\\Models\\User	1	spa_token	5d64f60b2e65b23cbf62e915bd92f68958afb37c3e24802a67ffc49bcb7806e8	["*"]	\N	\N	2024-03-28 08:24:23	2024-03-28 08:24:23
42	App\\Models\\User	33	spa_token	98f8e02d0ae1686e6666cb75325780a6ad93e68d26c4eb12c192327cde231a6b	["*"]	\N	\N	2024-03-29 06:36:49	2024-03-29 06:36:49
44	App\\Models\\User	33	spa_token	11e17668d4b4f1769ce57c5e51fa0ad50d51daedd0621f2aff797a3969a52d11	["*"]	\N	\N	2024-03-29 06:47:34	2024-03-29 06:47:34
45	App\\Models\\User	1	spa_token	56566ce205966e464913fb1f1a5ecb4f3812e58a58976487f3bafacfd9b149b0	["*"]	\N	\N	2024-03-29 07:02:02	2024-03-29 07:02:02
46	App\\Models\\User	1	spa_token	f5ef1645f6f7b8a9be4a8be408dbdc8c20f6bd6ec380789d17d073477b13f6cc	["*"]	\N	\N	2024-03-29 07:02:02	2024-03-29 07:02:02
47	App\\Models\\User	33	spa_token	bb7ada6e9579bf135a8c0bd8dc54fb9595ba2dcda19d6627ba451329dcf508fd	["*"]	\N	\N	2024-03-29 07:02:30	2024-03-29 07:02:30
48	App\\Models\\User	33	spa_token	0276cd7ec10aeaf32e44528360e2be1937f07a71a9c9cf34e3b16f5c95044fac	["*"]	\N	\N	2024-03-29 07:02:30	2024-03-29 07:02:30
49	App\\Models\\User	1	spa_token	4b894160176cc9e045e0bfb28427c8fd91e4e198f124fdbba3765b23b7e72203	["*"]	\N	\N	2024-03-29 07:20:42	2024-03-29 07:20:42
50	App\\Models\\User	1	spa_token	837d55ebe6e37f9295791afb6f78c8e0d0e7c563feacdc0f7640d72cfd506d5d	["*"]	\N	\N	2024-03-29 07:20:42	2024-03-29 07:20:42
51	App\\Models\\User	33	spa_token	370f5b6e3028c7d124a12a720761bf113497bc2311c5b5cfd62d7029f05299ab	["*"]	\N	\N	2024-03-29 07:21:19	2024-03-29 07:21:19
52	App\\Models\\User	33	spa_token	377e002b5712c558e89f775fe2dae06278b1b4de93472e80c00393d309f4f711	["*"]	\N	\N	2024-03-29 07:21:19	2024-03-29 07:21:19
54	App\\Models\\User	1	spa_token	822212f729d749ce328a46b7c9ab628695011e668cf69b9e0b0d03cd20008b7e	["*"]	\N	\N	2024-03-29 13:44:23	2024-03-29 13:44:23
18	App\\Models\\User	1	spa_token	57b8596ed51739e9a90f03660a6cc9092cebae44f942be5dfaa703274e73f4ae	["*"]	2024-04-17 01:39:42	\N	2024-03-27 04:37:30	2024-04-17 01:39:42
67	App\\Models\\User	1	spa_token	3f11e2634aa17ed6b6f03d65d3fa111a5fad000a9c724840f770ff02e60ddb01	["*"]	\N	\N	2024-04-16 23:57:19	2024-04-16 23:57:19
71	App\\Models\\User	1	spa_token	0a8fb5992a83d8cae4e10ad188d7ba0a65381c1b6ec4d772e8cd0ed5c0a9939e	["*"]	\N	\N	2024-04-17 05:51:39	2024-04-17 05:51:39
65	App\\Models\\User	33	spa_token	60f1922ea0d952d12736d8580516c4977b767679a5847324f77c38b7f701e5f5	["*"]	\N	\N	2024-04-16 05:40:00	2024-04-16 05:40:00
59	App\\Models\\User	33	spa_token	e38a76293532de5a962df318b912af7141b8925e5cef6617ddb905df83ad92e5	["*"]	\N	\N	2024-04-01 07:40:12	2024-04-01 07:40:12
60	App\\Models\\User	33	spa_token	be526903b98ffe3d417d4f2ff030742fd8795efba3f371b21efad37cb66d66c8	["*"]	\N	\N	2024-04-01 07:40:12	2024-04-01 07:40:12
82	App\\Models\\User	1	spa_token	61bda8535d03129d075fadf729cc149df84c535d8920778f0ee0ccf5c76c33b6	["*"]	2024-04-17 06:58:13	\N	2024-04-17 06:52:58	2024-04-17 06:58:13
68	App\\Models\\User	1	spa_token	522a9d9b6b273acc6e5ef81bd533d1c2c0cb89d181682b1b0912ed4e1e9e9265	["*"]	2024-05-15 06:11:36	\N	2024-04-16 23:57:19	2024-05-15 06:11:36
84	App\\Models\\User	35	spa_token	03a127c0c3dfe30fc593527dc04026837647f5376d246671b30ad80417922ba3	["*"]	2024-04-17 07:16:41	\N	2024-04-17 07:00:03	2024-04-17 07:16:41
80	App\\Models\\User	1	spa_token	d5b30341b59b850a65624cb08aa585f4dfa7eb44629748a88835aeec2af6d212	["*"]	2024-06-04 03:31:52	\N	2024-04-17 06:45:15	2024-06-04 03:31:52
53	App\\Models\\User	1	spa_token	60d52409ad08cef3a78cf7e6c1b3dd1b7ff2cb4a50ed0e0100086ec944018a2a	["*"]	2024-04-01 07:40:19	\N	2024-03-29 13:44:22	2024-04-01 07:40:19
62	App\\Models\\User	1	spa_token	eb08d70929a54b0f9780c8c65a26ad6e87ce8fb269a2dd29bffd8cc375fa7a7e	["*"]	\N	\N	2024-04-16 05:34:22	2024-04-16 05:34:22
69	App\\Models\\User	1	spa_token	12f297e6697ce0b484e3d07278a143335241555a928de03e43590bdc045e1b3d	["*"]	\N	\N	2024-04-17 01:38:00	2024-04-17 01:38:00
70	App\\Models\\User	1	spa_token	a4fe64c7295a354190d07436d71a661c7f4fe891a45e1f42b9e4d79076e47a21	["*"]	\N	\N	2024-04-17 01:38:00	2024-04-17 01:38:00
61	App\\Models\\User	1	spa_token	f19f61cc2ba7d95e47c6902aff7599d70992bfe61ac62ad75afe37bd4ae8f8ed	["*"]	2024-04-16 05:43:54	\N	2024-04-16 05:34:22	2024-04-16 05:43:54
55	App\\Models\\User	1	spa_token	3422ab589e52d6c67005cf16de184592e6ab2e6ef2e6f1af7cbbf922bee22742	["*"]	\N	\N	2024-04-01 06:37:24	2024-04-01 06:37:24
56	App\\Models\\User	1	spa_token	d2d2fa35245747ef2b311792dd871b4c6abe1fbd37e6eae8960e0041d58203c7	["*"]	\N	\N	2024-04-01 06:37:24	2024-04-01 06:37:24
79	App\\Models\\User	1	spa_token	15a7d3463d9138647ef7f49be56098e7dfb500000ecb084a784d9813b1dc0876	["*"]	\N	\N	2024-04-17 06:45:15	2024-04-17 06:45:15
73	App\\Models\\User	1	spa_token	68385e908fd29b6a42997392bf2e7dd51e759951f589dd18b3a793f38f1d3217	["*"]	\N	\N	2024-04-17 06:38:01	2024-04-17 06:38:01
63	App\\Models\\User	33	spa_token	41f26abfc9683a437402c31ce0e215957fd282614cd901a78a78ea8cb9897c5c	["*"]	\N	\N	2024-04-16 05:34:58	2024-04-16 05:34:58
64	App\\Models\\User	33	spa_token	638e02a725d9ed462e60b9d3206a7d38e42723afa826480f60f8e2204fc1e9c1	["*"]	\N	\N	2024-04-16 05:34:58	2024-04-16 05:34:58
83	App\\Models\\User	35	spa_token	19e923d0cde75d4d7f77618de1e2faa1826fb035de9799908ca19cb6f9190a9f	["*"]	\N	\N	2024-04-17 07:00:03	2024-04-17 07:00:03
86	App\\Models\\User	1	spa_token	fb87161e6e6a2210faeb6f225d56d99dc8f985323d44bff863306d8a84f6484c	["*"]	2024-04-17 07:12:37	\N	2024-04-17 07:02:11	2024-04-17 07:12:37
75	App\\Models\\User	1	spa_token	976348166ea1e70ca558615dfabfaae9308043d0e1a87bf7f8ba0203a33125fe	["*"]	\N	\N	2024-04-17 06:41:20	2024-04-17 06:41:20
57	App\\Models\\User	1	spa_token	94826e728e2196af607908b479d4705bce9ef67d0f8324762e8a757edf9ad6bd	["*"]	\N	\N	2024-04-01 07:39:54	2024-04-01 07:39:54
58	App\\Models\\User	1	spa_token	b887e633fd95c0d87bba8cc9ba347bf40e79745dbf342ff044c7eae49fe848cb	["*"]	\N	\N	2024-04-01 07:39:54	2024-04-01 07:39:54
78	App\\Models\\User	1	spa_token	93e5fc8ec96f214d81b1e63138e354de49ca936e86170a10feb7b5316f4944af	["*"]	2024-04-17 07:00:39	\N	2024-04-17 06:41:45	2024-04-17 07:00:39
72	App\\Models\\User	1	spa_token	525dfc197c50691e67d417a27129f3e614c961ff680551d2855c3ce4ca884590	["*"]	2024-04-17 07:02:19	\N	2024-04-17 05:51:39	2024-04-17 07:02:19
77	App\\Models\\User	1	spa_token	76a7ffa7a251ba5df412e20264d8ad8430fab4c5816e7f772428f8d7064f96a1	["*"]	\N	\N	2024-04-17 06:41:45	2024-04-17 06:41:45
85	App\\Models\\User	1	spa_token	46b19c5c963e81ceeb686884efe392f1b7cff716bed02db79ec11538df38c0d1	["*"]	\N	\N	2024-04-17 07:02:11	2024-04-17 07:02:11
81	App\\Models\\User	1	spa_token	acf66d0483b69fe890f71a752f807b2d60c8c76e9ac2859f37ba873676d22e9e	["*"]	\N	\N	2024-04-17 06:52:58	2024-04-17 06:52:58
89	App\\Models\\User	1	spa_token	2ac108f558e14109464418d23f9bef449b9e952940d9b3dad8d5aed96cce5588	["*"]	2024-04-25 03:04:35	\N	2024-04-25 03:04:34	2024-04-25 03:04:35
66	App\\Models\\User	33	spa_token	9af3853a1a5465303abc76f5c6bee5128a2faa4e38041859126994b1ccd65a49	["*"]	2024-04-22 05:44:48	\N	2024-04-16 05:40:00	2024-04-22 05:44:48
87	App\\Models\\User	1	spa_token	1d74a41d5a4a459d820ae592036b570776542b560aa22556abfdbab9c741e098	["*"]	\N	\N	2024-04-22 05:44:48	2024-04-22 05:44:48
88	App\\Models\\User	1	spa_token	db6882bc9e9da6fa7fc39269791aa23621ad2b96fb5075e5978e5153be9fe423	["*"]	2024-04-26 06:36:56	\N	2024-04-22 05:44:48	2024-04-26 06:36:56
76	App\\Models\\User	1	spa_token	e9bb4d7a595b3fe7fbbf705f494eafed082a7af73581973d0422d9fddc43c843	["*"]	2024-04-26 06:36:56	\N	2024-04-17 06:41:20	2024-04-26 06:36:56
91	App\\Models\\User	1	spa_token	21dc693052efcb4decc1d4f4967b4b9a951fe9517eb96b3a18dd04b70b4dfd97	["*"]	\N	\N	2024-04-26 02:56:19	2024-04-26 02:56:19
92	App\\Models\\User	1	spa_token	fe95a7ea5a0bde4a1346481ecd72bc940bffd044bd698221bf6cbf3251862752	["*"]	\N	\N	2024-04-26 02:56:19	2024-04-26 02:56:19
93	App\\Models\\User	33	spa_token	24cd14af42fb588d25492dfce11bdee43752cc65aeeddaca6727c83358b9acaa	["*"]	\N	\N	2024-04-26 06:28:09	2024-04-26 06:28:09
94	App\\Models\\User	33	spa_token	fa57f634bb68fe2941b8b0b0ad513929678c89d08a738debb4fe905a03548429	["*"]	\N	\N	2024-04-26 06:28:09	2024-04-26 06:28:09
95	App\\Models\\User	1	spa_token	561796444a1acc393f821814db905a12a24777ae54f9b330b37430710906fd03	["*"]	\N	\N	2024-04-26 06:28:25	2024-04-26 06:28:25
96	App\\Models\\User	1	spa_token	1aa89a43664aaf86f20be262dd590f98a34a2b01d695fb6246bb7bb148bdb400	["*"]	\N	\N	2024-04-26 06:28:25	2024-04-26 06:28:25
97	App\\Models\\User	33	spa_token	e2bbdd8713cd2d8b7c39a2e4c772ba0c663b7b67d3842fa3ff55e8955a8706e6	["*"]	\N	\N	2024-04-26 06:29:27	2024-04-26 06:29:27
98	App\\Models\\User	33	spa_token	f2a90744e67aabddc18f7b52fc40450631aec5348eb14dd5603f7ba4656b88dc	["*"]	\N	\N	2024-04-26 06:29:28	2024-04-26 06:29:28
99	App\\Models\\User	1	spa_token	3a672abaca532f3cd399fcc805c657f8c2d8712d847dd83dee9707020303b94e	["*"]	\N	\N	2024-04-26 06:30:17	2024-04-26 06:30:17
100	App\\Models\\User	1	spa_token	055679d9bcc9396e96ae0c8f5b5a8bc7619474b893a056f13c0e12a11ef20a19	["*"]	\N	\N	2024-04-26 06:30:17	2024-04-26 06:30:17
101	App\\Models\\User	33	spa_token	dae12c6ab5aaedc17da0e73ea6022baf34e462543ea180109c87869c25c50698	["*"]	\N	\N	2024-04-26 06:34:39	2024-04-26 06:34:39
102	App\\Models\\User	33	spa_token	624629df70aecec33e01c5b4bfb54ab26cea0ee1d5a1a82b3ad0138d57f698c6	["*"]	\N	\N	2024-04-26 06:34:39	2024-04-26 06:34:39
103	App\\Models\\User	1	spa_token	7b4444bc3687e079a6197e79e668aeb474640cdbf220138a56e79e9e70cb4c6f	["*"]	\N	\N	2024-04-26 06:35:11	2024-04-26 06:35:11
104	App\\Models\\User	1	spa_token	5b1b2bc8ce3aa5e9ba3f8b5285b770c067b2553892bda5796d7119b7e31e0b2f	["*"]	\N	\N	2024-04-26 06:35:11	2024-04-26 06:35:11
105	App\\Models\\User	33	spa_token	82048be191ec42c7cb0e4f02ebe868f14bbb81c2426ab95feb58dc6c68f62a9e	["*"]	\N	\N	2024-04-26 06:35:42	2024-04-26 06:35:42
106	App\\Models\\User	33	spa_token	adcb4c55978c0d3e3ad10682aedbc224dd76f7e479ce685213837cb3ac3a902c	["*"]	\N	\N	2024-04-26 06:35:42	2024-04-26 06:35:42
107	App\\Models\\User	1	spa_token	8a4800e695b544e860743d418678414254929ac593eaeeb0614bc876cd07356c	["*"]	\N	\N	2024-04-26 06:36:05	2024-04-26 06:36:05
108	App\\Models\\User	1	spa_token	7395398f59fcc53dabe45bc414fc326cd6a665d3b662e43098471ec578f5d9c7	["*"]	\N	\N	2024-04-26 06:36:05	2024-04-26 06:36:05
109	App\\Models\\User	33	spa_token	d8eec402fe66708e30d5103ff42116b6b932078bdb8851fe5e494709edd4abb8	["*"]	\N	\N	2024-04-26 06:36:55	2024-04-26 06:36:55
90	App\\Models\\User	1	spa_token	5ed606102c989cdec2dbb0d9823dd053590fd321f5a3e2f9f0111e4dca381add	["*"]	2024-04-26 07:19:12	\N	2024-04-25 03:04:35	2024-04-26 07:19:12
113	App\\Models\\User	1	spa_token	1c60810aef6a11b445620dfff9ca4259da6be955a0177bfcb4628da583c64033	["*"]	\N	\N	2024-05-10 08:05:40	2024-05-10 08:05:40
110	App\\Models\\User	33	spa_token	4a881a586879e5406f9bb6f117c7d6f947fb75bf77bb32065bebc4ca1a38f3d2	["*"]	2024-04-27 13:02:53	\N	2024-04-26 06:36:55	2024-04-27 13:02:53
74	App\\Models\\User	1	spa_token	73960f15209a002bf2ea3d98276d410e586a34199fb2a4661cd53a5b8d8b8136	["*"]	2024-06-03 11:03:57	\N	2024-04-17 06:38:01	2024-06-03 11:03:57
114	App\\Models\\User	1	spa_token	4e1969aaee82da31c0785ba8737f8fa9aa5bdd2bb44a9f7db59c898858dd7584	["*"]	\N	\N	2024-05-10 08:05:40	2024-05-10 08:05:40
117	App\\Models\\User	1	spa_token	c9e5709431b1bdd54f37d4acb0b7bbfee2d991ad6964de47d86b4fb75448ea23	["*"]	\N	\N	2024-05-27 03:11:42	2024-05-27 03:11:42
126	App\\Models\\User	36	spa_token	fb21dbd08c0efd1be8dbd5e89ebb4d316081a8baf3c48d29d39049d6eaa63fe7	["*"]	\N	\N	2024-06-04 02:34:05	2024-06-04 02:34:05
122	App\\Models\\User	1	spa_token	13dbb926881e33db928c7d3e8ec7e3d01313fdae6fd50a1fe4af18f6a950f77f	["*"]	2024-06-03 07:32:04	\N	2024-05-27 03:18:00	2024-06-03 07:32:04
119	App\\Models\\User	36	spa_token	04d5f12351f4938b3e7ec670fab03e110619d4a86bf06f674d09e2d9628e8ba8	["*"]	\N	\N	2024-05-27 03:13:02	2024-05-27 03:13:02
127	App\\Models\\User	1	spa_token	4694d49d7c73bc24877b2ec65aac2d31297e87b1f061bc7f493f6d8071576c77	["*"]	2024-06-04 03:33:55	\N	2024-06-04 03:33:15	2024-06-04 03:33:55
112	App\\Models\\User	1	spa_token	29dfa2bc5a5b8f77875f65d4b2c54d2f979434bfec25d26e0f92241ddda1b9c5	["*"]	\N	\N	2024-05-10 06:37:10	2024-05-10 06:37:10
120	App\\Models\\User	36	spa_token	96e33e2b88a3a726fa04016b15676254cbafddff5d86281c36eb075dafec0b52	["*"]	\N	\N	2024-05-27 03:13:02	2024-05-27 03:13:02
121	App\\Models\\User	1	spa_token	ad971cb7dacf33b8e36eb917d0730f8744a04a24a9843b6e116f43c9dd3b39ae	["*"]	\N	\N	2024-05-27 03:18:00	2024-05-27 03:18:00
111	App\\Models\\User	1	spa_token	9107e5d16837933ecaa7a434dd4561f9d7992cca02c2c66cf3f97aa2a3fcdca1	["*"]	2024-05-10 08:10:42	\N	2024-05-10 06:37:10	2024-05-10 08:10:42
116	App\\Models\\User	1	spa_token	4162546421e10b815712580c00818d7badc318ec37145bf87e2b537c98232303	["*"]	\N	\N	2024-05-27 03:02:47	2024-05-27 03:02:47
118	App\\Models\\User	1	spa_token	ecf39d35fd55e1b9312f986241f7a0446773dff772fa269881eda89083f127ef	["*"]	2024-05-27 03:20:27	\N	2024-05-27 03:11:42	2024-05-27 03:20:27
130	App\\Models\\User	37	spa_token	6469ad798dfdd4af22ec407da05361a1a7e7ed28f736f9ecae6280c7fbfda4a4	["*"]	2024-06-04 03:54:23	\N	2024-06-04 03:39:36	2024-06-04 03:54:23
123	App\\Models\\User	36	spa_token	9ba08d3ab0f078a411ee4f8ae8612c17c968ce8864041f2772e76fb2c4dad9c9	["*"]	\N	\N	2024-06-03 06:55:43	2024-06-03 06:55:43
124	App\\Models\\User	36	spa_token	c02263519c61e919bb2fd2872d740147148ecf6250f92cffe34d969ab3c43a10	["*"]	2024-06-04 03:31:58	\N	2024-06-03 06:55:43	2024-06-04 03:31:58
132	App\\Models\\User	1	spa_token	4302add2af5dd762d6cc782ab3b7d9f5c078c209dd44fee0e3bad4d0459e837c	["*"]	2024-06-04 07:50:09	\N	2024-06-04 03:48:28	2024-06-04 07:50:09
128	App\\Models\\User	1	spa_token	be4e0edb8f76ca164958902f0492fe455cd0c6db3ad149a3c0145181384d6566	["*"]	2024-06-04 03:42:02	\N	2024-06-04 03:33:15	2024-06-04 03:42:02
129	App\\Models\\User	37	spa_token	467e05e226bba865648de40125a1da60afeecc0f273ed33b5e649c2a1da8dde3	["*"]	\N	\N	2024-06-04 03:39:36	2024-06-04 03:39:36
131	App\\Models\\User	1	spa_token	8172793cf09b01402f21cb110d2ba7a3fd004edea2e6e6bb5c399adc91d1b0f8	["*"]	\N	\N	2024-06-04 03:48:28	2024-06-04 03:48:28
125	App\\Models\\User	36	spa_token	36af4ec38466390b9eecfdab1ead167bb3c442798a12cb55c9c7ba9f3445ba2f	["*"]	2024-06-05 08:04:45	\N	2024-06-04 02:34:05	2024-06-05 08:04:45
134	App\\Models\\User	33	spa_token	2e2a33fa4341266c3ff63b59e8da2ddc906f9188e74e2c5b7ed205a4ad1a6cc8	["*"]	\N	\N	2024-06-04 04:52:00	2024-06-04 04:52:00
115	App\\Models\\User	1	spa_token	2c908fc0a9532d2ee247f1776fd9b21de1581086aceabf72650f28825dc52049	["*"]	2024-06-04 04:52:01	\N	2024-05-27 03:02:47	2024-06-04 04:52:01
135	App\\Models\\User	1	spa_token	787a2f84c1ed5714f8d8399b0dcd2f5cd14daabc65f8af3b08494b5c7c6501fb	["*"]	\N	\N	2024-06-04 04:52:52	2024-06-04 04:52:52
140	App\\Models\\User	1	spa_token	6047c30d6fbb78fa8bc6d6a2a35e3a94fb06ce3aed8dced16e0707d478998107	["*"]	2024-06-04 05:36:02	\N	2024-06-04 05:35:34	2024-06-04 05:36:02
141	App\\Models\\User	33	spa_token	7d840858044262b66b46734bc743a383c6f03a449685b0354d262ee28878f08b	["*"]	\N	\N	2024-06-04 05:36:02	2024-06-04 05:36:02
139	App\\Models\\User	1	spa_token	4f1dd6559cc4d21b584d91f081e2765f535b2401ae9ae834dc2344e15650aa87	["*"]	\N	\N	2024-06-04 05:35:34	2024-06-04 05:35:34
142	App\\Models\\User	33	spa_token	960c2d2a4ef61d94a70ef7fbfc4ca9db66834d223f5199e23aafa538e115085f	["*"]	\N	\N	2024-06-04 05:36:02	2024-06-04 05:36:02
152	App\\Models\\User	1	spa_token	00716f91e4d630ddf2139b6da66a39a562e023aba9d4107f4ba8436c8409a756	["*"]	2024-06-26 03:17:21	\N	2024-06-05 05:40:01	2024-06-26 03:17:21
173	App\\Models\\User	33	spa_token	4f82fd72159994efb9cda14a33315919f07c36548b8c2fa86483f36464449531	["*"]	\N	\N	2024-07-24 02:26:40	2024-07-24 02:26:40
162	App\\Models\\User	1	spa_token	af348b6cf2f72917fb772d54b8564698d748a05d6cae3c90a60dbd1136ddb0d2	["*"]	2024-06-26 03:35:42	\N	2024-06-26 03:33:23	2024-06-26 03:35:42
163	App\\Models\\User	1	spa_token	cd844de8f7a95d94c77daef808dc845d4fdb0633c31237264b3b488598df44e0	["*"]	\N	\N	2024-06-26 03:35:53	2024-06-26 03:35:53
143	App\\Models\\User	1	spa_token	760bf1f4b06aeafc92fd25d3673af0d9206a37c05591605394c869915c4fec96	["*"]	\N	\N	2024-06-04 05:36:29	2024-06-04 05:36:29
147	App\\Models\\User	33	spa_token	8a5b23bcf29981e24a7aea9665efa79df439c297043c285b507bf66265c2eaf0	["*"]	\N	\N	2024-06-04 08:25:35	2024-06-04 08:25:35
148	App\\Models\\User	33	spa_token	6093b83cf9512c1b5860f198e7a6b24f93e3afd07b508e8a52d5abf293bef172	["*"]	\N	\N	2024-06-04 08:25:35	2024-06-04 08:25:35
144	App\\Models\\User	1	spa_token	be39ad32b36ec71c3e299da23226df04606e77d6817c0cadf396f8ea48379513	["*"]	2024-06-04 05:36:56	\N	2024-06-04 05:36:29	2024-06-04 05:36:56
145	App\\Models\\User	33	spa_token	6229b72e4d572106eb9b8714f1849e229ff76f31c9d533c7e5e7f8b048ca95cb	["*"]	\N	\N	2024-06-04 05:37:07	2024-06-04 05:37:07
133	App\\Models\\User	33	spa_token	828fdbe0d702d46bd0c96e82977c54485232691828e47594f72e3997a56031ee	["*"]	2024-06-04 06:51:39	\N	2024-06-04 04:52:00	2024-06-04 06:51:39
150	App\\Models\\User	1	spa_token	1d9e912639daa25675038855521659ddeafbe6295103a5f9696ddaac38497b42	["*"]	\N	\N	2024-06-04 08:25:45	2024-06-04 08:25:45
146	App\\Models\\User	33	spa_token	b58831fe1fa576784d97b7c7e52b8ac47b63893dbd76abec24c4937b721a6553	["*"]	2024-06-04 08:25:45	\N	2024-06-04 05:37:07	2024-06-04 08:25:45
158	App\\Models\\User	1	spa_token	8ff199c660cf2d66ab649fbb910abd5e1f7be06ff2eeb62ccc430a4ce6b5da10	["*"]	\N	\N	2024-06-26 03:24:47	2024-06-26 03:24:47
169	App\\Models\\User	1	spa_token	fc0ff5428cc78219123c5c9096b44515c144562ac1344f06dfd12646d4c343b0	["*"]	2024-07-24 02:16:37	\N	2024-07-24 02:16:05	2024-07-24 02:16:37
149	App\\Models\\User	1	spa_token	260f89a932def9ab660ba35217c2758389a0278884be04a973be748cc82aa757	["*"]	2024-06-05 05:50:48	\N	2024-06-04 08:25:45	2024-06-05 05:50:48
171	App\\Models\\User	1	spa_token	3371d40c65a9a5bfbfe59fdb91356ea2babfaba4b6204c01c3adcccf1b9be0de	["*"]	\N	\N	2024-07-24 02:21:05	2024-07-24 02:21:05
151	App\\Models\\User	1	spa_token	4f84aa1758f4f45e01a6eb2aba9d65b3ccc809616c0c4befd6f7050ec30c5c26	["*"]	\N	\N	2024-06-05 05:40:01	2024-06-05 05:40:01
159	App\\Models\\User	33	spa_token	d84be9d8f77cb0901cc3e02361fea1505270098f25f032c289e3d25ea30f2823	["*"]	\N	\N	2024-06-26 03:27:10	2024-06-26 03:27:10
137	App\\Models\\User	33	spa_token	6571407f8173b9d79ad2af38464fc99b0efbf69cc27ab64db4e8cca2325766e8	["*"]	\N	\N	2024-06-04 04:53:29	2024-06-04 04:53:29
138	App\\Models\\User	33	spa_token	d921a5d970b43f4f7fedd05719709e4a30dfe221f0a64043e53fd8a01ccccdad	["*"]	\N	\N	2024-06-04 04:53:29	2024-06-04 04:53:29
156	App\\Models\\User	1	spa_token	d84258a5fcfa78883a096d44d32e6bc8a44cc739415b145163ce3654a8c2d8b3	["*"]	2024-06-26 03:25:17	\N	2024-06-26 03:16:38	2024-06-26 03:25:17
160	App\\Models\\User	33	spa_token	2f5f77868f535b924f964a9c5160b98463e1fb2105483ae40e95e4d2e84f21fd	["*"]	2024-06-26 03:35:55	\N	2024-06-26 03:27:10	2024-06-26 03:35:55
136	App\\Models\\User	1	spa_token	e79df1c4391964f5557f110434c432b2659f09e79a183eb3d3765b52bf1eb479	["*"]	2024-06-04 04:53:31	\N	2024-06-04 04:52:52	2024-06-04 04:53:31
164	App\\Models\\User	1	spa_token	6f066e4e61fe9e90940dd0bdd8fd88a791ccf898ea6fed1def05187ef2f55513	["*"]	2024-06-26 03:35:56	\N	2024-06-26 03:35:53	2024-06-26 03:35:56
157	App\\Models\\User	1	spa_token	ccfa86657a0a4558b88cd8735e9dd78ac4110594295292d5ec643ab55e23dbec	["*"]	2024-06-26 03:27:14	\N	2024-06-26 03:24:47	2024-06-26 03:27:14
153	App\\Models\\User	33	spa_token	2d20a902da636916bd5c5e29849fb1a54f7050b7c045d3faa099e766cd7b420d	["*"]	\N	\N	2024-06-26 03:15:18	2024-06-26 03:15:18
165	App\\Models\\User	1	spa_token	8483c0d40c0aa05ee0afb93bf2afd0df0ecdd5e78a9cd27e7872f9d8ad39fd4d	["*"]	\N	\N	2024-06-26 22:24:10	2024-06-26 22:24:10
167	App\\Models\\User	33	spa_token	b5e40d3d0fd6461cea2c4e932099096cc4fdf18f8d79b656c1ccc538988c6e2f	["*"]	2024-06-26 22:25:05	\N	2024-06-26 22:24:56	2024-06-26 22:25:05
154	App\\Models\\User	33	spa_token	9119a911f206992cdbbb606f3be44e975b8a86fb4e4726334ee593407c64cb76	["*"]	2024-06-26 03:16:11	\N	2024-06-26 03:15:18	2024-06-26 03:16:11
155	App\\Models\\User	1	spa_token	37febc442f2874d84e36aa63237050c618627d4056b4cc7a1e286aaceb89b240	["*"]	\N	\N	2024-06-26 03:16:38	2024-06-26 03:16:38
168	App\\Models\\User	33	spa_token	b8e81d5695d6b0121b851015a03c3e807aa9ffa8023c13c0cf5c25e21cbb2d1d	["*"]	\N	\N	2024-06-26 22:24:56	2024-06-26 22:24:56
161	App\\Models\\User	1	spa_token	8a600231e5759b554b54344ba1438493456b059a5627864af53d52a1392846b4	["*"]	\N	\N	2024-06-26 03:33:23	2024-06-26 03:33:23
166	App\\Models\\User	1	spa_token	07313acee81aa04b28d95253325ba3573ad49df99d2f0e222fb9c4291cf73bb3	["*"]	2024-06-26 22:29:08	\N	2024-06-26 22:24:10	2024-06-26 22:29:08
170	App\\Models\\User	1	spa_token	1cc84ddd27c9429cf1fe4efb4626eecbf91d1c9bc1ea910c38a8776c2279ba43	["*"]	\N	\N	2024-07-24 02:16:05	2024-07-24 02:16:05
172	App\\Models\\User	1	spa_token	1bcaa30931c472622902f613242bc3b82f26f5b73523ac85ad9049a0e3352515	["*"]	2024-07-24 02:25:40	\N	2024-07-24 02:21:05	2024-07-24 02:25:40
174	App\\Models\\User	33	spa_token	708d20e104527f28393c9b2e8ba9e1b4912bf9ac632a85d9fb7897fff336229b	["*"]	2024-07-24 02:26:41	\N	2024-07-24 02:26:40	2024-07-24 02:26:41
175	App\\Models\\User	1	spa_token	8e8605dda0e57c9c82cf26a8fc18ee1d8d241c3d0bd23954a589ccb6a6ac3400	["*"]	2024-07-24 02:27:57	\N	2024-07-24 02:27:32	2024-07-24 02:27:57
176	App\\Models\\User	1	spa_token	09c7fcbf58cf2fe00a70f5029eb884cf9cb5f3f7456b859e26c610952dc7b56a	["*"]	2024-07-24 02:29:03	\N	2024-07-24 02:27:32	2024-07-24 02:29:03
177	App\\Models\\User	38	spa_token	cb62413e259d5cc92372f99aa9b06b4c745f8d366eb697d43092ce6026ac632c	["*"]	\N	\N	2024-07-24 02:29:21	2024-07-24 02:29:21
178	App\\Models\\User	38	spa_token	f8bbeb4718416b89b90aca4813d76f3aec347e003643df16afbd732ac7137eb3	["*"]	2024-07-24 02:29:38	\N	2024-07-24 02:29:21	2024-07-24 02:29:38
179	App\\Models\\User	38	spa_token	9e5fbaff687fb755f574108fe623090a87a0708a530b04a44a06d0d96af879c9	["*"]	\N	\N	2024-07-24 02:29:43	2024-07-24 02:29:43
180	App\\Models\\User	38	spa_token	3b9dec7388f597ec61dc3719e1ce4c3c87e7985d3c409b7a15d6ce2c15dd0d78	["*"]	2024-07-24 02:29:43	\N	2024-07-24 02:29:43	2024-07-24 02:29:43
181	App\\Models\\User	1	spa_token	66af06cc67a6bd72d698c11f322a67a4e27ac08b0d34e425a2c273a428e40cf1	["*"]	\N	\N	2024-07-24 02:29:54	2024-07-24 02:29:54
188	App\\Models\\User	33	spa_token	27b2b2d32f6610b1bd5a28d80990d0394896c857428f22b1f65e9fe1e1408dcf	["*"]	2024-07-24 02:33:15	\N	2024-07-24 02:33:06	2024-07-24 02:33:15
187	App\\Models\\User	33	spa_token	b423459edb2c514132cf701ea33ab87db1400cab5ab9093e72d97de794d9a037	["*"]	2024-07-24 02:33:22	\N	2024-07-24 02:33:05	2024-07-24 02:33:22
182	App\\Models\\User	1	spa_token	e6cc836d5641b9b5f1143ea9b52998f19533eed009fc9bdee68d05eb10f75e43	["*"]	2024-07-24 02:30:30	\N	2024-07-24 02:29:54	2024-07-24 02:30:30
184	App\\Models\\User	38	spa_token	1c11c7cd36741cc76d60c752139d170580d0f3b63469d7d893348944087e925d	["*"]	\N	\N	2024-07-24 02:30:50	2024-07-24 02:30:50
190	App\\Models\\User	38	spa_token	93e6b0f4da9cf218ebd0d8c55e6a1de1f3062cbc8e85911180d3a532e7e62145	["*"]	\N	\N	2024-07-24 02:33:37	2024-07-24 02:33:37
189	App\\Models\\User	38	spa_token	ec525fa16c0c1403dc5259aa7b6d9f18a108b21d9540d81d26911cab92cc46ac	["*"]	2024-07-24 02:33:45	\N	2024-07-24 02:33:36	2024-07-24 02:33:45
183	App\\Models\\User	38	spa_token	103dc0340b348cda3479c456289f9b8d5600fc2b2f7058990a7cd1a966dcbdf7	["*"]	2024-07-24 02:32:24	\N	2024-07-24 02:30:50	2024-07-24 02:32:24
185	App\\Models\\User	1	spa_token	649ccfd81049fcf3041ba8477810247af65fa0e078e0a47fb54f06b9723e5bc9	["*"]	\N	\N	2024-07-24 02:32:33	2024-07-24 02:32:33
186	App\\Models\\User	1	spa_token	32fdc6bb97da6ad762a2d87a6967c1172445fc596bfe40a915e4ed148e66b1ec	["*"]	2024-07-24 02:32:58	\N	2024-07-24 02:32:33	2024-07-24 02:32:58
\.


--
-- Data for Name: questions; Type: TABLE DATA; Schema: public; Owner: wsp
--

COPY public.questions (id, quiz_id, question, answer_a, answer_b, answer_c, answer_d, answer_e, correct_answer, nilai) FROM stdin;
\.


--
-- Data for Name: quizzes; Type: TABLE DATA; Schema: public; Owner: wsp
--

COPY public.quizzes (id, name, created_at, updated_at) FROM stdin;
\.


--
-- Data for Name: reports; Type: TABLE DATA; Schema: public; Owner: wsp
--

COPY public.reports (id, audit_id, pelaksana, kontak, tgl_penerbitan, jenis_sertifikasi, status_sertifikasi, spam, koreksi, analisis, created_at, updated_at, tindakan_perbaikan, kontak_utama_paraf, kontak_utama_paraf_tgl, auditee_paraf, auditee_paraf_tgl, lampiran_koreksi, lampiran_perbaikan, user_id, koreksi02, koreksi03, analisis02, analisis03, tindakan_perbaikan02, tindakan_perbaikan03, lampiran_koreksi02, lampiran_koreksi03, lampiran_perbaikan02, lampiran_perbaikan03) FROM stdin;
1	1	\N	Fatur Kodi	2024-06-03	SPAM Air Minum	awal	SPAM 1	Tidak ada koreksi	Sesuai semua, ok good job	2024-06-03 05:03:25	2024-06-03 05:03:25	tidak ada perbaikan	public/FHeU4CiN0gLIwVDrBXEDsM5k8j4vA9kmdV49WXjD.png	2024-06-03	public/71KET7BDA1zkX86N6mOjoqTSMnj7jecvA1MKwPoY.png	2024-06-01	public/zVCGP4Rkjs8Y9ix7jZJamTkaQKd0cRV3DiSjFZOK.jpg	public/sNm78QBbpUl64QiP2MS9m5NdCKa9dqjjJzJIQv5p.jpg	1	\N	\N	\N	\N	\N	\N	\N	\N	\N	\N
3	4	\N	Andri, Direktur Utama, 02687237356, andri@gmail.com	2024-06-06	Air Minum Aman	awal	Cimekar	- Kelengkapan tabel rencana perbaikan	tidak sesuai antara juknis dan pedoman	2024-06-03 07:30:34	2024-06-03 07:30:34	- ditambahkan di halaman 45	public/CA130zDDUEqBu0jwzQKCzHq1g4BkKt4cnNsRvt2e.jpg	2024-06-14	public/1ptxx83k02mf8UGfJ31rejXUmy7HOZ6tGttN4TU0.jpg	2024-06-22	public/fURS2CGnAPXw800HtuDquM4sjc3yOHs1JesTQXl3.jpg	public/A2vCAFKLsRZ0EaYde1KvqU5nJPnp3dIbupXo9TeQ.pdf	1	\N	\N	\N	\N	\N	\N	\N	\N	\N	\N
6	6	\N	aan	2024-06-15	adda	awal	daadda	addaad	zzz	2024-06-04 06:30:29	2024-06-04 06:30:29	xxxx	\N	2024-06-12	\N	2024-06-12	\N	\N	1	\N	\N	\N	\N	\N	\N	\N	\N	\N	\N
7	6	\N	dadaad	2024-06-12	zxzx	awal	daadda	wewe	ewwe	2024-06-04 06:30:47	2024-06-04 06:30:47	xxxx	\N	2024-06-12	\N	2024-06-12	\N	\N	1	\N	\N	\N	\N	\N	\N	\N	\N	\N	\N
5	2	\N	Pak UTE	2024-06-04	Sertifikasi	resertifikasi	SPAM bandung	perbaikan saluran	Data kurang lengkap	2024-06-04 03:25:09	2024-06-04 08:18:00	dilengkapi data yang kurang	public/xE4Q3kp1nvgWnqkzGHN6NG3Ia2zTVynmP0lHdWJP.png	2024-06-04	public/wXX6BglYVzfzyYqfolLOtMMLBgRJW8Yw7eeNBI9U.png	2024-06-04	\N	public/MHk1PqAJ7zz0DIoCrGc5VliBhNMDwl0wrL1LjdxA.gif	1	ABC	JKL	DEF	MNO	GHI	PQRSTU	\N	\N	public/rkVBTxEEWzJXcTkLE0ko0x1RUv8J58MgY2seVeEs.jpg	public/KkO7dAEuEDYNNLylMgt7x6cj9VQTYq4C2Iyj4zvD.png
2	4	\N	Andri, Direktur Utama, 08217812621, andri@gmail.com	2024-06-06	Sertifikat Air Minum Aman	awal	SPAM Cimekar	- penyesuaian penulisan M1-M6\n- menambahkan identifikasi kendala pembiayaan	Juknis RPAM dan pedoman Audit tidak sesuai	2024-06-03 07:26:43	2024-06-04 08:20:22	\N	public/5S6j3bmnKA1My6D77BDE8kSH9q2623nRabdbrBvD.jpg	2024-06-14	public/UbYN3CMsGGgB00yjC6m9q8Vlmtvq1N9qq02hsjxT.jpg	2024-06-22	public/ZnwM6Y8kDMhas4bfWzZpsnBZNVtZg9Xh7lLqQfuP.pdf	public/tpvla7cmfFXCF1PzQ0hJRCfQqBpLaflHejucDdNb.pdf	1	\N	\N	\N	\N	\N	\N	\N	\N	\N	\N
4	5	\N	Jaja	2024-06-08	Sertifikat Air Minum Aman	awal	SPAM Cisela	Klorinasi masih digunakan intermiten	Terdapat perbedaan antara Juknis RPAM dan Pedoman Audit	2024-06-04 03:05:10	2024-06-05 04:30:42	\N	public/RoW920OeBS2ghseofWOBhAqM11ZCngq6QlUfs6hl.jpg	2024-06-13	public/7zkIDeImaAz8KRhoNE3wwb2z8hH3maZHM2pdZH6O.jpg	2024-06-21	public/PxKjOzqOE1vzbHlF7oECC26Oblv47uNYwhku25fd.pdf	public/l7XKT6pBqwX3Bwsqpj4NRx1k7RAcjxDWL6XoHqhA.pdf	36	tabel-tabel modul 3 sudah dilengkapi	tidak ada cadangan air baku	PDAM masih kebingungan dalam menentukan skala dampak	tidak tersedia air baku	Diskusi selanjutnya	perlu dilakukan pengkajian mengenai analisis faktor iklim/ketersediaan air baku jangka panjang	\N	\N	\N	\N
8	2	\N	Yuri	2024-06-05	Sertifikasi Perbaikan	resertifikasi	SPAM Tanpa nama	abc	def	2024-06-05 05:46:53	2024-06-05 05:46:53	ghi	public/DcZxFhb0ACJ1uBedVq1MBSukvOYZcCjcY8RDJK4Q.png	2024-06-05	public/6n9ZMnRV7R6NRL4mJnn4NOzlajLZPE86RkQbrRgE.png	2024-06-05	public/FVXfxszgCtwmAcENehqcUEBkdRHSo5q6IBYo8dvi.png	public/SfXkuI0Ylpuwqj7D2yBmyrFN3bQZ5Krb6OPCXMk0.png	1	jkl	KOR	JKT	PNJ	JPN	IND	public/Q3hJGvfXA63vIu6BbB9Mmt7sDIHhYflCoBgnpnWT.png	\N	public/sByPtbUmLejWQcvpRXx5IrCs3txp6CCjEPn6xqy8.png	\N
\.


--
-- Data for Name: rpam; Type: TABLE DATA; Schema: public; Owner: wsp
--

COPY public.rpam (id, name, created_at, updated_at, organization_id) FROM stdin;
\.


--
-- Data for Name: session_files; Type: TABLE DATA; Schema: public; Owner: wsp
--

COPY public.session_files (id, session_id, asset_id) FROM stdin;
267	300	1
268	301	3
269	302	4
270	303	5
271	304	6
272	305	7
273	306	8
274	307	9
275	308	10
276	309	11
277	310	12
278	310	13
279	311	14
280	312	15
281	313	16
282	314	17
283	315	18
284	316	19
285	317	20
286	318	21
287	319	22
288	320	23
\.


--
-- Data for Name: sessions; Type: TABLE DATA; Schema: public; Owner: wsp
--

COPY public.sessions (id, course_id, title, description, created_at, updated_at, sort, live) FROM stdin;
1	1	Sesi 1	<p>eta we lah</p>	2024-02-21 03:46:23	2024-02-21 03:46:23	0	[]
2	4	Modul 0: Pendahuluan	\N	2024-02-21 06:17:43	2024-02-21 06:17:43	0	[]
3	4	Modul 1: Pembentukan Tim RPAM	\N	2024-02-21 06:17:43	2024-02-21 06:17:43	1	[]
4	4	Modul 2: Gambaran SPAM	\N	2024-02-21 06:17:43	2024-02-21 06:17:43	2	[]
5	4	Modul 3: Identifikasi Bahaya & Kejadian Bahaya, dan Analisis Risiko	\N	2024-02-21 06:17:43	2024-02-21 06:17:43	3	[]
6	4	Modul 4: Tindakan Pengendalian & Kaji Ulang Risiko	\N	2024-02-21 06:17:43	2024-02-21 06:17:43	4	[]
7	4	Modul 5: Rencana Perbaikan	\N	2024-02-21 06:17:43	2024-02-21 06:17:43	5	[]
8	4	Modul 6: Monitoring Operasional	\N	2024-02-21 06:17:43	2024-02-21 06:17:43	6	[]
9	4	Modul 7: Verifikasi	\N	2024-02-21 06:17:43	2024-02-21 06:17:43	7	[]
10	4	Modul 8: Prosedur Manajemen	\N	2024-02-21 06:17:43	2024-02-21 06:17:43	8	[]
11	4	Modul 9: Program Pendukung	\N	2024-02-21 06:17:43	2024-02-21 06:17:43	9	[]
12	4	Modul 10&11: Pengkajian & Revisi	\N	2024-02-21 06:17:43	2024-02-21 06:17:43	10	[]
13	4	MPD 1: Kebijakan tentang RPAM	\N	2024-02-21 06:17:43	2024-02-21 06:17:43	11	[]
14	4	MPI 1: RPAM	\N	2024-02-21 06:17:43	2024-02-21 06:17:43	12	[]
15	4	MPI 2: Latihan Audit Internal dan Eksternal	\N	2024-02-21 06:17:43	2024-02-21 06:17:43	13	[]
16	4	MPI 3: Alur Teknis Audit Eksternal	\N	2024-02-21 06:17:43	2024-02-21 06:17:43	14	[]
17	4	MPI 4: Pemeriksaan Kelengkapan Dokumen RPAM	\N	2024-02-21 06:17:43	2024-02-21 06:17:43	15	[]
18	4	MPI 5: Pemeriksaan Kesesuaian Dokumen RPAM	\N	2024-02-21 06:17:43	2024-02-21 06:17:43	16	[]
19	4	MPI 6: Pemeriksaan Implementasi RPAM	\N	2024-02-21 06:17:43	2024-02-21 06:17:43	17	[]
20	4	Penjelasan Program Pelatihan	\N	2024-02-21 06:17:43	2024-02-21 06:17:43	18	[]
21	4	Building Learning Commitment	\N	2024-02-21 06:17:43	2024-02-21 06:17:43	19	[]
300	5	Modul 0: Pendahuluan	\N	2024-07-24 02:30:30	2024-07-24 02:30:30	0	["AluxCy9nSKA"]
301	5	Modul 1: Pembentukan Tim RPAM	\N	2024-07-24 02:30:30	2024-07-24 02:30:30	1	["AluxCy9nSKA"]
302	5	Modul 2: Gambaran SPAM	\N	2024-07-24 02:30:30	2024-07-24 02:30:30	2	["AluxCy9nSKA"]
303	5	Modul 3: Identifikasi Bahaya & Kejadian Bahaya, dan Analisis Risiko	\N	2024-07-24 02:30:30	2024-07-24 02:30:30	3	["AluxCy9nSKA"]
304	5	Modul 4: Tindakan Pengendalian & Kaji Ulang Risiko	\N	2024-07-24 02:30:30	2024-07-24 02:30:30	4	["AluxCy9nSKA"]
305	5	Modul 5: Rencana Perbaikan	\N	2024-07-24 02:30:30	2024-07-24 02:30:30	5	["L1iw6QBttIk"]
306	5	Modul 6: Monitoring Operasional	\N	2024-07-24 02:30:30	2024-07-24 02:30:30	6	["L1iw6QBttIk"]
307	5	Modul 7: Verifikasi	\N	2024-07-24 02:30:30	2024-07-24 02:30:30	7	["L1iw6QBttIk"]
308	5	Modul 8: Prosedur Manajemen	\N	2024-07-24 02:30:30	2024-07-24 02:30:30	8	["L1iw6QBttIk"]
309	5	Modul 9: Program Pendukung	\N	2024-07-24 02:30:30	2024-07-24 02:30:30	9	["L1iw6QBttIk"]
310	5	Modul 10 & 11: Pengkajian & Revisi	\N	2024-07-24 02:30:30	2024-07-24 02:30:30	10	["L1iw6QBttIk"]
311	5	Penjelasan Program Pelatihan	\N	2024-07-24 02:30:30	2024-07-24 02:30:30	11	["_YWzqB8u238"]
312	5	Building Learning Commitment	\N	2024-07-24 02:30:30	2024-07-24 02:30:30	12	["_YWzqB8u238"]
313	5	MPD 1: Kebijakan tentang RPAM	\N	2024-07-24 02:30:30	2024-07-24 02:30:30	13	["_YWzqB8u238"]
314	5	MPI 1: RPAM	\N	2024-07-24 02:30:30	2024-07-24 02:30:30	14	["_YWzqB8u238"]
315	5	MPI 2: Audit Internal dan Eksternal	\N	2024-07-24 02:30:30	2024-07-24 02:30:30	15	["_YWzqB8u238"]
316	5	MPI 3: Alur Teknis Audit Eksternal	\N	2024-07-24 02:30:30	2024-07-24 02:30:30	16	["l8eHbvKeANQ"]
317	5	MPI 4: Pemeriksaan Kelengkapan Dokumen RPAM	\N	2024-07-24 02:30:30	2024-07-24 02:30:30	17	["l8eHbvKeANQ"]
318	5	MPI 5: Pemeriksaan Kesesuaian Dokumen RPAM	\N	2024-07-24 02:30:30	2024-07-24 02:30:30	18	["l8eHbvKeANQ"]
319	5	MPI 6: Pemeriksaan Implementasi RPAM	\N	2024-07-24 02:30:30	2024-07-24 02:30:30	19	["l8eHbvKeANQ"]
320	5	Kunjungan Lapangan	\N	2024-07-24 02:30:30	2024-07-24 02:30:30	20	["WpebKb934mk","mgEoiYZJVWM"]
321	5	Hari Terakhir Pelatihan (Review & Evaluation)	\N	2024-07-24 02:30:30	2024-07-24 02:30:30	21	["wUA55BC-ZSE"]
\.


--
-- Data for Name: users; Type: TABLE DATA; Schema: public; Owner: wsp
--

COPY public.users (id, name, email, email_verified_at, password, remember_token, created_at, updated_at, organization_id, role) FROM stdin;
2	Widya Utami	widyautami@audit.trainalogika.com	\N	$2y$10$CC2ZUptbj9/Me9PL.mCCSunoKwb2NYZQdsaBOP0Ff/XV96FrJMi0q	\N	2024-02-21 04:33:39	2024-02-21 04:33:39	11	peserta
3	Nurlaila	nurlaila@audit.trainalogika.com	\N	$2y$10$Nx3UcIND4zyeAEgLFVf06eQtZet/dbgxEw7vCXPHuVM5uJmKfZa12	\N	2024-02-21 04:34:50	2024-02-21 04:34:50	11	peserta
4	Ikha Purwandhari	ikhapurwandhari@audit.trainalogika.com	\N	$2y$10$Z4A/43UFt.rnudS/joKQEegS5MtcSp8SF6mVHMC3ja3lxnXxuid.W	\N	2024-02-21 04:35:56	2024-02-21 04:35:56	11	peserta
5	Zainal Nampira	zainalnampira@audit.trainalogika.com	\N	$2y$10$4qrb.6Qs1MTK/Ayp.hSb9emwt81jiwbSltOmtCm9Zew8QoYAzMlWK	\N	2024-02-21 04:38:08	2024-02-21 04:38:08	12	peserta
6	Alowisius Trihartoyo Lema	alowisius@audit.trainalogika.com	\N	$2y$10$2cJCJCy05Ui6/NvF/8iLYe1/0mQT8.eF2EHs/gTXh5YEOJmWf9kJO	\N	2024-02-21 04:39:31	2024-02-21 04:39:31	13	peserta
8	Juliana Lestari	juliana@audit.trainalogika.com	\N	$2y$10$ti3GD9A4q6cWD5uH6MnE4eV/ZvmmAyyvLk7Ia5TeVIAiuXDzdikpW	\N	2024-02-21 04:42:57	2024-02-21 04:42:57	15	peserta
9	Damai Yanti	damaiyanti@audit.trainalogika.com	\N	$2y$10$G/9ot5rnogq33M0gdU0Xn.fEa.ErK7FTWhIB.260Ki4a2uSHLJTpa	\N	2024-02-21 04:44:14	2024-02-21 04:44:14	16	peserta
10	Zulfikli Lubis	zulfiklilubis@audit.trainalogika.com	\N	$2y$10$oOb9i.PtIx7PPXHIPtTi.Oiqw2X/XrbO6XQOhqv1btNrQYdFi2tFe	\N	2024-02-21 04:45:45	2024-02-21 04:45:45	13	peserta
11	Nanis Setiari	nanissetiari@audit.trainalogika.com	\N	$2y$10$Fc/weOa7G5tkv6QxT22MKeaU5q4TOgA2grFTB01nN/zhf8ofSO/0C	\N	2024-02-21 04:46:40	2024-02-21 04:46:40	13	peserta
12	Yustyarso	yustyarso@audit.trainalogika.com	\N	$2y$10$ml.CzrZCKgBrKctrnyU0luSjkO4r4PZuTU2NF2gnhVWU4ihzWcxx.	\N	2024-02-21 04:47:36	2024-02-21 04:47:36	17	peserta
13	Noveriansyah	noveriansyah@audit.trainalogika.com	\N	$2y$10$.kJJcjPS9bx.7T8Fdjrqnu50m/xUqxUHOEYsh3qtXnd8eQWvUKotq	\N	2024-02-21 04:48:24	2024-02-21 04:48:24	8	peserta
15	Laksita Ristiningsih	laksita@audit.trainalogika.com	\N	$2y$10$cpg53Bn7Yhfp/UeNlioMgupmj4vBL1CoA8oYkBwn/GAls5SUf8MKa	\N	2024-02-21 04:50:58	2024-02-21 04:50:58	2	peserta
14	Zakarias Widodo	zakarias@audit.trainalogika.com	\N	$2y$10$oxi94eoA489B/spFAx/VCulimkrWgj1TDmxi1or2NBdGA58fImZYy	\N	2024-02-21 04:50:02	2024-02-21 04:51:18	1	peserta
16	Made Putri Irmayani	madeputriirmayani@audit.trainalogika.com	\N	$2y$10$/aKAB7Z/kcxsKlk9Xduwu.e4QzR29zj3vw2e67A.25dqcEPA.t2wa	\N	2024-02-21 04:52:36	2024-02-21 04:52:36	5	peserta
17	Sigit Adhi Purwoko	sigitadhipurwoko@audit.trainalogika.com	\N	$2y$10$/tyQLJLc7wLqDcVIuXdE/.FskQxsq7pnVgc7iDg8Nwq22HjjjktGW	\N	2024-02-21 04:53:29	2024-02-21 04:53:29	3	peserta
18	Subagyo Ilham Wijaya	subagyoilhamwijaya@audit.trainalogika.com	\N	$2y$10$XrUl5YYVOX2pRJIntAe.jOitYshRiVe6tpwQKaWKHRZ5F.wBFI.FO	\N	2024-02-21 04:54:15	2024-02-21 04:54:15	4	peserta
19	Anggun Ansafa Wati	anggunansafawati@audit.trainalogika.com	\N	$2y$10$7Ghf4vnOUyDZqs.E0XKTIerLYDqgfttQN0SARhmDjD8ZqTYPN4aVS	\N	2024-02-21 04:55:06	2024-02-21 04:55:06	6	peserta
20	Riki Ginanjar	rikiginanjar@audit.trainalogika.com	\N	$2y$10$NdC3.tgL5cn2eZkOH0rbIu37s4g5G0PUGqG3wgpqoYThIPm1.VLz.	\N	2024-02-21 04:55:44	2024-02-21 04:55:44	7	peserta
21	Yovi Riskina	yoviriskina@audit.trainalogika.com	\N	$2y$10$D1ZTDIJiCJ.mBOiTFZClzOAY0qiVie5OPhPXQX/pr55LF404G6iAu	\N	2024-02-21 04:56:29	2024-02-21 04:56:29	9	peserta
22	Randy Riella Akbar	randyriellaakbar@audit.trainalogika.com	\N	$2y$10$TjdczKvaILNmEF0Dbnj5V.LXtJLG69l9G8ot4FM96KP1D1bHpmb02	\N	2024-02-21 04:57:26	2024-02-21 04:57:26	10	peserta
23	Rachmawati Sugihhartati Dj	rachmawati@audit.trainalogika.com	\N	$2y$10$eoWfK5BSGPhMh7mTjue/X.PbHr5Slo1SWbHkYjGfJf8LJNCVPSIvW	\N	2024-02-21 04:58:12	2024-02-21 04:58:12	18	peserta
24	Darryl Jackson	darryljackson@audit.trainalogika.com	\N	$2y$10$ZkXq8Ed8Yn5FTImoaKmRxOOvT5tRxWTZd82s1VemCi0aGqVXR5tZ2	\N	2024-02-21 04:59:25	2024-02-21 04:59:25	18	peserta
25	Yayat Kurniawan	yayatkurniawan@audit.trainalogika.com	\N	$2y$10$dqf/fL06vnOaZv5DDfG2Out7mRROLi29y.szZ4/ofByLDBltg/c6i	\N	2024-02-21 05:00:13	2024-02-21 05:00:13	18	peserta
26	Mila Dirgawati	miladirgawati@audit.trainalogika.com	\N	$2y$10$HFLGfNApL44HK/a5N39cmenM..VOZOkft.i.QcNLrAEnwnHOKEQ4.	\N	2024-02-21 05:00:56	2024-02-21 05:00:56	18	peserta
27	Iwan Juwana	iwanjuwana@audit.trainalogika.com	\N	$2y$10$EGaFu5zbXIfNHB9cDZVkdOMtvcE6QjsEkxrnm71cX5Vgy/boIbIEK	\N	2024-02-21 05:01:42	2024-02-21 05:01:42	18	peserta
28	M Rangga Sururi	ranggasururi@audit.trainalogika.com	\N	$2y$10$5wtTbybR2xMiaYo1iaB03OzRcGHRIqAl2A3iDYobX.kYqJLETYdD2	\N	2024-02-21 05:02:33	2024-02-21 05:02:33	18	peserta
29	Diki Surya Irawan	dikisuryairawan@audit.trainalogika.com	\N	$2y$10$L4POP9F/cWECpVObQwzqoODBDywL4yTdnC7cEZKGjie8oTxKHDiqG	\N	2024-02-21 05:03:37	2024-02-21 05:03:37	18	peserta
30	Tsanian Yuza	tsanianyuza@audit.trainalogika.com	\N	$2y$10$4pQLhi14UTgvHvFSeFEXvO9roa3YTZjvQyzcfORi.YAAaTvosoJ0e	\N	2024-02-21 05:04:25	2024-02-21 05:04:25	18	peserta
31	M Handy Mahendra	mhandymahendra@audit.trainalogika.com	\N	$2y$10$RIwKAHAgAFs3OyoRCl9DXOfMQZPffByv28oT8DgxsUdemjTKU/3D6	\N	2024-02-21 05:05:07	2024-02-21 05:05:07	18	peserta
32	Indah Deviyanti	indahdeviyanti@audit.trainalogika.com	\N	$2y$10$dv3JbTQC2ZPqnOeUMfjSXuXpBWpOSXedF4gKvTHuWwhu6xsleYnyS	\N	2024-02-21 05:05:47	2024-02-21 05:05:47	19	peserta
7	Filza Nursabrina	filza@audit.trainalogika.com	\N	$2y$10$UJBTw53VQgvZSwwK6Jtl/OYTfDUMbsWoxD4UEFMeMj8Z5MeHN7hpW	\N	2024-02-21 04:40:48	2024-04-17 07:00:55	14	peserta
37	Muhammad Handy	handymahendra46@gmail.com	\N	$2y$10$u0sd3K47JcfMDyYdm8yNfO.AP71xK2URnazlzZUa4jLgXngTKfXy.	\N	2024-06-04 03:39:20	2024-06-04 03:39:20	20	peserta
34	Annisa Agrima	agrima.project@gmail.com	\N	$2y$10$kY5pHNgmj6rukL823QYiSeuf8HN4.bhLmxKrbHfXY6AykEk7uDdBG	\N	2024-04-17 06:57:29	2024-04-17 06:57:29	18	fasilitator
35	Ibrahim K Ardhi	ibrahim31810@gmail.com	\N	$2y$10$GbYhEBin91P54qbdIlZzvuiPV9cb/OU4DbN3XXBVl6mFHBPwU1uqe	\N	2024-04-17 06:59:39	2024-04-17 06:59:39	18	fasilitator
38	Peserta	peserta@audit.trainalogika.com	\N	$2y$10$BOD2R2h2fzmh8Tj8Ck2Z9uX0RBDv4Bd0yljHW1MnUW6DFCAqvBr4e	\N	2024-07-24 02:25:40	2024-07-24 02:25:40	21	peserta
36	Yuza	tsanianyuza@gmail.com	\N	$2y$10$hMfrEt9qSIl6zhJXczAqau0TkbmzsQVfQomSl5jymN7p9/58oYdpm	\N	2024-05-27 03:12:48	2024-05-27 03:12:48	18	peserta
33	Pemantau	pemantau@audit.training.com	\N	$2y$10$iPlOmB0jGPx8i4R6nDWCZ.HVGp6A/xub4XMCyzEyJkoZe1A3uIeL6	\N	2024-03-28 08:05:39	2024-07-24 02:24:31	21	pemantau
1	Administrator	admin@audit.trainalogika.com	\N	$2y$10$Z1AnhYA2zKBrilWo/Vn7tuKF0jFxERH8QV7fYgV5HB9MK16zIRXSC	\N	2024-02-21 03:39:07	2024-07-24 02:27:54	\N	superadmin
\.


--
-- Name: assets_id_seq; Type: SEQUENCE SET; Schema: public; Owner: wsp
--

SELECT pg_catalog.setval('public.assets_id_seq', 25, true);


--
-- Name: audit01_id_seq; Type: SEQUENCE SET; Schema: public; Owner: wsp
--

SELECT pg_catalog.setval('public.audit01_id_seq', 6, true);


--
-- Name: audit02_id_seq; Type: SEQUENCE SET; Schema: public; Owner: wsp
--

SELECT pg_catalog.setval('public.audit02_id_seq', 6, true);


--
-- Name: audit03_id_seq; Type: SEQUENCE SET; Schema: public; Owner: wsp
--

SELECT pg_catalog.setval('public.audit03_id_seq', 6, true);


--
-- Name: audits_id_seq; Type: SEQUENCE SET; Schema: public; Owner: wsp
--

SELECT pg_catalog.setval('public.audits_id_seq', 6, true);


--
-- Name: courses_id_seq; Type: SEQUENCE SET; Schema: public; Owner: wsp
--

SELECT pg_catalog.setval('public.courses_id_seq', 5, true);


--
-- Name: discussions_id_seq; Type: SEQUENCE SET; Schema: public; Owner: wsp
--

SELECT pg_catalog.setval('public.discussions_id_seq', 1, false);


--
-- Name: failed_jobs_id_seq; Type: SEQUENCE SET; Schema: public; Owner: wsp
--

SELECT pg_catalog.setval('public.failed_jobs_id_seq', 1, false);


--
-- Name: menus_id_seq; Type: SEQUENCE SET; Schema: public; Owner: wsp
--

SELECT pg_catalog.setval('public.menus_id_seq', 179, true);


--
-- Name: migrations_id_seq; Type: SEQUENCE SET; Schema: public; Owner: wsp
--

SELECT pg_catalog.setval('public.migrations_id_seq', 63, true);


--
-- Name: organizations_id_seq; Type: SEQUENCE SET; Schema: public; Owner: wsp
--

SELECT pg_catalog.setval('public.organizations_id_seq', 21, true);


--
-- Name: personal_access_tokens_id_seq; Type: SEQUENCE SET; Schema: public; Owner: wsp
--

SELECT pg_catalog.setval('public.personal_access_tokens_id_seq', 190, true);


--
-- Name: questions_id_seq; Type: SEQUENCE SET; Schema: public; Owner: wsp
--

SELECT pg_catalog.setval('public.questions_id_seq', 1, false);


--
-- Name: quizzes_id_seq; Type: SEQUENCE SET; Schema: public; Owner: wsp
--

SELECT pg_catalog.setval('public.quizzes_id_seq', 1, false);


--
-- Name: reports_id_seq; Type: SEQUENCE SET; Schema: public; Owner: wsp
--

SELECT pg_catalog.setval('public.reports_id_seq', 8, true);


--
-- Name: rpam_id_seq; Type: SEQUENCE SET; Schema: public; Owner: wsp
--

SELECT pg_catalog.setval('public.rpam_id_seq', 1, false);


--
-- Name: session_files_id_seq; Type: SEQUENCE SET; Schema: public; Owner: wsp
--

SELECT pg_catalog.setval('public.session_files_id_seq', 288, true);


--
-- Name: sessions_id_seq; Type: SEQUENCE SET; Schema: public; Owner: wsp
--

SELECT pg_catalog.setval('public.sessions_id_seq', 321, true);


--
-- Name: users_id_seq; Type: SEQUENCE SET; Schema: public; Owner: wsp
--

SELECT pg_catalog.setval('public.users_id_seq', 38, true);


--
-- Name: assets assets_pkey; Type: CONSTRAINT; Schema: public; Owner: wsp
--

ALTER TABLE ONLY public.assets
    ADD CONSTRAINT assets_pkey PRIMARY KEY (id);


--
-- Name: audit01 audit01_pkey; Type: CONSTRAINT; Schema: public; Owner: wsp
--

ALTER TABLE ONLY public.audit01
    ADD CONSTRAINT audit01_pkey PRIMARY KEY (id);


--
-- Name: audit02 audit02_pkey; Type: CONSTRAINT; Schema: public; Owner: wsp
--

ALTER TABLE ONLY public.audit02
    ADD CONSTRAINT audit02_pkey PRIMARY KEY (id);


--
-- Name: audit03 audit03_pkey; Type: CONSTRAINT; Schema: public; Owner: wsp
--

ALTER TABLE ONLY public.audit03
    ADD CONSTRAINT audit03_pkey PRIMARY KEY (id);


--
-- Name: audits audits_pkey; Type: CONSTRAINT; Schema: public; Owner: wsp
--

ALTER TABLE ONLY public.audits
    ADD CONSTRAINT audits_pkey PRIMARY KEY (id);


--
-- Name: courses courses_pkey; Type: CONSTRAINT; Schema: public; Owner: wsp
--

ALTER TABLE ONLY public.courses
    ADD CONSTRAINT courses_pkey PRIMARY KEY (id);


--
-- Name: discussions discussions_pkey; Type: CONSTRAINT; Schema: public; Owner: wsp
--

ALTER TABLE ONLY public.discussions
    ADD CONSTRAINT discussions_pkey PRIMARY KEY (id);


--
-- Name: failed_jobs failed_jobs_pkey; Type: CONSTRAINT; Schema: public; Owner: wsp
--

ALTER TABLE ONLY public.failed_jobs
    ADD CONSTRAINT failed_jobs_pkey PRIMARY KEY (id);


--
-- Name: failed_jobs failed_jobs_uuid_unique; Type: CONSTRAINT; Schema: public; Owner: wsp
--

ALTER TABLE ONLY public.failed_jobs
    ADD CONSTRAINT failed_jobs_uuid_unique UNIQUE (uuid);


--
-- Name: menus menus_pkey; Type: CONSTRAINT; Schema: public; Owner: wsp
--

ALTER TABLE ONLY public.menus
    ADD CONSTRAINT menus_pkey PRIMARY KEY (id);


--
-- Name: migrations migrations_pkey; Type: CONSTRAINT; Schema: public; Owner: wsp
--

ALTER TABLE ONLY public.migrations
    ADD CONSTRAINT migrations_pkey PRIMARY KEY (id);


--
-- Name: organizations organizations_pkey; Type: CONSTRAINT; Schema: public; Owner: wsp
--

ALTER TABLE ONLY public.organizations
    ADD CONSTRAINT organizations_pkey PRIMARY KEY (id);


--
-- Name: password_resets password_resets_pkey; Type: CONSTRAINT; Schema: public; Owner: wsp
--

ALTER TABLE ONLY public.password_resets
    ADD CONSTRAINT password_resets_pkey PRIMARY KEY (email);


--
-- Name: personal_access_tokens personal_access_tokens_pkey; Type: CONSTRAINT; Schema: public; Owner: wsp
--

ALTER TABLE ONLY public.personal_access_tokens
    ADD CONSTRAINT personal_access_tokens_pkey PRIMARY KEY (id);


--
-- Name: personal_access_tokens personal_access_tokens_token_unique; Type: CONSTRAINT; Schema: public; Owner: wsp
--

ALTER TABLE ONLY public.personal_access_tokens
    ADD CONSTRAINT personal_access_tokens_token_unique UNIQUE (token);


--
-- Name: questions questions_pkey; Type: CONSTRAINT; Schema: public; Owner: wsp
--

ALTER TABLE ONLY public.questions
    ADD CONSTRAINT questions_pkey PRIMARY KEY (id);


--
-- Name: quizzes quizzes_pkey; Type: CONSTRAINT; Schema: public; Owner: wsp
--

ALTER TABLE ONLY public.quizzes
    ADD CONSTRAINT quizzes_pkey PRIMARY KEY (id);


--
-- Name: reports reports_pkey; Type: CONSTRAINT; Schema: public; Owner: wsp
--

ALTER TABLE ONLY public.reports
    ADD CONSTRAINT reports_pkey PRIMARY KEY (id);


--
-- Name: rpam rpam_pkey; Type: CONSTRAINT; Schema: public; Owner: wsp
--

ALTER TABLE ONLY public.rpam
    ADD CONSTRAINT rpam_pkey PRIMARY KEY (id);


--
-- Name: session_files session_files_pkey; Type: CONSTRAINT; Schema: public; Owner: wsp
--

ALTER TABLE ONLY public.session_files
    ADD CONSTRAINT session_files_pkey PRIMARY KEY (id);


--
-- Name: sessions sessions_pkey; Type: CONSTRAINT; Schema: public; Owner: wsp
--

ALTER TABLE ONLY public.sessions
    ADD CONSTRAINT sessions_pkey PRIMARY KEY (id);


--
-- Name: users users_email_unique; Type: CONSTRAINT; Schema: public; Owner: wsp
--

ALTER TABLE ONLY public.users
    ADD CONSTRAINT users_email_unique UNIQUE (email);


--
-- Name: users users_pkey; Type: CONSTRAINT; Schema: public; Owner: wsp
--

ALTER TABLE ONLY public.users
    ADD CONSTRAINT users_pkey PRIMARY KEY (id);


--
-- Name: audits_organization_id_index; Type: INDEX; Schema: public; Owner: wsp
--

CREATE INDEX audits_organization_id_index ON public.audits USING btree (organization_id);


--
-- Name: personal_access_tokens_tokenable_type_tokenable_id_index; Type: INDEX; Schema: public; Owner: wsp
--

CREATE INDEX personal_access_tokens_tokenable_type_tokenable_id_index ON public.personal_access_tokens USING btree (tokenable_type, tokenable_id);


--
-- Name: assets assets_user_id_foreign; Type: FK CONSTRAINT; Schema: public; Owner: wsp
--

ALTER TABLE ONLY public.assets
    ADD CONSTRAINT assets_user_id_foreign FOREIGN KEY (user_id) REFERENCES public.users(id) ON DELETE SET NULL;


--
-- Name: audit01 audit01_audit_id_foreign; Type: FK CONSTRAINT; Schema: public; Owner: wsp
--

ALTER TABLE ONLY public.audit01
    ADD CONSTRAINT audit01_audit_id_foreign FOREIGN KEY (audit_id) REFERENCES public.audits(id) ON DELETE CASCADE;


--
-- Name: audit02 audit02_audit_id_foreign; Type: FK CONSTRAINT; Schema: public; Owner: wsp
--

ALTER TABLE ONLY public.audit02
    ADD CONSTRAINT audit02_audit_id_foreign FOREIGN KEY (audit_id) REFERENCES public.audits(id) ON DELETE CASCADE;


--
-- Name: audit03 audit03_audit_id_foreign; Type: FK CONSTRAINT; Schema: public; Owner: wsp
--

ALTER TABLE ONLY public.audit03
    ADD CONSTRAINT audit03_audit_id_foreign FOREIGN KEY (audit_id) REFERENCES public.audits(id) ON DELETE CASCADE;


--
-- Name: course_user course_user_course_id_foreign; Type: FK CONSTRAINT; Schema: public; Owner: wsp
--

ALTER TABLE ONLY public.course_user
    ADD CONSTRAINT course_user_course_id_foreign FOREIGN KEY (course_id) REFERENCES public.courses(id) ON DELETE CASCADE;


--
-- Name: course_user course_user_user_id_foreign; Type: FK CONSTRAINT; Schema: public; Owner: wsp
--

ALTER TABLE ONLY public.course_user
    ADD CONSTRAINT course_user_user_id_foreign FOREIGN KEY (user_id) REFERENCES public.users(id) ON DELETE CASCADE;


--
-- Name: courses courses_instructor_id_foreign; Type: FK CONSTRAINT; Schema: public; Owner: wsp
--

ALTER TABLE ONLY public.courses
    ADD CONSTRAINT courses_instructor_id_foreign FOREIGN KEY (instructor_id) REFERENCES public.users(id) ON DELETE SET NULL;


--
-- Name: discussions discussions_course_id_foreign; Type: FK CONSTRAINT; Schema: public; Owner: wsp
--

ALTER TABLE ONLY public.discussions
    ADD CONSTRAINT discussions_course_id_foreign FOREIGN KEY (course_id) REFERENCES public.courses(id) ON DELETE CASCADE;


--
-- Name: discussions discussions_session_id_foreign; Type: FK CONSTRAINT; Schema: public; Owner: wsp
--

ALTER TABLE ONLY public.discussions
    ADD CONSTRAINT discussions_session_id_foreign FOREIGN KEY (session_id) REFERENCES public.sessions(id) ON DELETE CASCADE;


--
-- Name: discussions discussions_user_id_foreign; Type: FK CONSTRAINT; Schema: public; Owner: wsp
--

ALTER TABLE ONLY public.discussions
    ADD CONSTRAINT discussions_user_id_foreign FOREIGN KEY (user_id) REFERENCES public.users(id) ON DELETE CASCADE;


--
-- Name: menus menus_user_id_foreign; Type: FK CONSTRAINT; Schema: public; Owner: wsp
--

ALTER TABLE ONLY public.menus
    ADD CONSTRAINT menus_user_id_foreign FOREIGN KEY (user_id) REFERENCES public.users(id) ON DELETE CASCADE;


--
-- Name: questions questions_quiz_id_foreign; Type: FK CONSTRAINT; Schema: public; Owner: wsp
--

ALTER TABLE ONLY public.questions
    ADD CONSTRAINT questions_quiz_id_foreign FOREIGN KEY (quiz_id) REFERENCES public.quizzes(id) ON DELETE CASCADE;


--
-- Name: reports reports_audit_id_foreign; Type: FK CONSTRAINT; Schema: public; Owner: wsp
--

ALTER TABLE ONLY public.reports
    ADD CONSTRAINT reports_audit_id_foreign FOREIGN KEY (audit_id) REFERENCES public.audits(id) ON DELETE CASCADE;


--
-- Name: reports reports_user_id_foreign; Type: FK CONSTRAINT; Schema: public; Owner: wsp
--

ALTER TABLE ONLY public.reports
    ADD CONSTRAINT reports_user_id_foreign FOREIGN KEY (user_id) REFERENCES public.users(id) ON DELETE CASCADE;


--
-- Name: rpam rpam_organization_id_foreign; Type: FK CONSTRAINT; Schema: public; Owner: wsp
--

ALTER TABLE ONLY public.rpam
    ADD CONSTRAINT rpam_organization_id_foreign FOREIGN KEY (organization_id) REFERENCES public.organizations(id) ON DELETE CASCADE;


--
-- Name: session_files session_files_asset_id_foreign; Type: FK CONSTRAINT; Schema: public; Owner: wsp
--

ALTER TABLE ONLY public.session_files
    ADD CONSTRAINT session_files_asset_id_foreign FOREIGN KEY (asset_id) REFERENCES public.assets(id) ON DELETE CASCADE;


--
-- Name: session_files session_files_session_id_foreign; Type: FK CONSTRAINT; Schema: public; Owner: wsp
--

ALTER TABLE ONLY public.session_files
    ADD CONSTRAINT session_files_session_id_foreign FOREIGN KEY (session_id) REFERENCES public.sessions(id) ON DELETE CASCADE;


--
-- Name: sessions sessions_course_id_foreign; Type: FK CONSTRAINT; Schema: public; Owner: wsp
--

ALTER TABLE ONLY public.sessions
    ADD CONSTRAINT sessions_course_id_foreign FOREIGN KEY (course_id) REFERENCES public.courses(id) ON DELETE CASCADE;


--
-- Name: users users_organization_id_foreign; Type: FK CONSTRAINT; Schema: public; Owner: wsp
--

ALTER TABLE ONLY public.users
    ADD CONSTRAINT users_organization_id_foreign FOREIGN KEY (organization_id) REFERENCES public.organizations(id) ON DELETE CASCADE;


--
--

